000
CXUS54 KBMX 011010
CF6BHM
PRELIMINARY LOCAL CLIMATOLOGICAL DATA (WS FORM: F-6)
STATION: BIRMINGHAM
MONTH: MAY
YEAR: 2022
LATITUDE: 33 34 N
LONGITUDE: 86 45 W
TEMPERATURE IN F: :PCPN: SNOW: WIND :SUNSHINE: SKY :PK WND
================================================================================
1 2 3 4 5 6A 6B 7 8 9 10 11 12 13 14 15 16 17 18
12Z AVG MX 2MIN
DY MAX MIN AVG DEP HDD CDD WTR SNW DPTH SPD SPD DIR MIN PSBL S-S WX SPD DR
================================================================================
1 84 64 74 6 0 9 0.34 0.0 0 7.1 16 260 M M 6 13 29 170
2 82 64 73 5 0 8 0.00 0.0 0 5.5 15 190 M M 8 20 180
3 85 70 78 10 0 13 0.00 0.0 M 10.1 21 210 M M 8 29 210
4 88 69 79 11 0 14 0.00 0.0 0 5.7 15 280 M M 6 138 20 290
5 88 69 79 10 0 14 T 0.0 0 8.1 17 270 M M 9 3 25 190
6 80 66 73 4 0 8 0.01 0.0 0 15.4 33 240 M M 8 46 240
7 72 58 65 -4 0 0 0.00 0.0 0 9.9 18 320 M M 6 26 310
8 80 51 66 -4 0 1 0.00 0.0 0 4.0 9 120 M M 3 14 100
9 80 61 71 1 0 6 0.00 0.0 0 6.0 15 130 M M 1 23 110
10 85 62 74 4 0 9 0.00 0.0 0 3.1 12 130 M M 1 16 110
11 89 60 75 5 0 10 0.00 0.0 0 1.6 14 340 M M 2 18 320
12 89 68 79 9 0 14 0.00 0.0 0 4.5 13 100 M M 2 8 20 90
13 84 68 76 5 0 11 0.00 0.0 0 5.6 14 130 M M 4 17 160
14 87 65 76 5 0 11 0.04 0.0 0 3.0 21 260 M M 4 3 24 230
15 91 66 79 8 0 14 0.00 0.0 0 4.1 20 290 M M 5 24 290
16 88 63 76 4 0 11 0.00 0.0 0 5.9 16 350 M M 6 25 360
17 88 57 73 1 0 8 0.00 0.0 0 2.9 15 50 M M 2 22 50
18 92 58 75 3 0 10 0.00 0.0 M 6.3 20 180 M M 7 24 180
19 94 75 85 13 0 20 0.00 0.0 0 10.4 20 200 M M 6 26 200
20 93 73 83 10 0 18 0.00 0.0 0 12.7 22 190 M M 6 29 200
21 93 74 84 11 0 19 0.00 0.0 0 8.2 22 180 M M 5 3 27 180
22 90 70 80 7 0 15 0.02 0.0 0 6.7 17 170 M M 7 3 26 150
23 80 68 74 1 0 9 0.90 0.0 0 5.7 14 250 M M 9 18 17 280
24 84 68 76 2 0 11 0.58 0.0 0 4.7 33 170 M M 8 138 44 160
25 79 69 74 0 0 9 0.29 0.0 0 8.0 20 180 M M 9 13 27 180
26 75 66 71 -3 0 6 0.37 0.0 M 9.0 20 180 M M 8 1 25 150
27 81 60 71 -3 0 6 0.00 0.0 0 8.4 21 270 M M 5 24 260
28 82 58 70 -4 0 5 0.00 0.0 0 2.8 12 310 M M 2 15 320
29 87 62 75 0 0 10 0.00 0.0 0 3.7 14 190 M M 2 19 200
30 90 71 81 6 0 16 0.00 0.0 0 5.5 16 180 M M 2 20 190
31 90 71 81 6 0 16 0.00 0.0 0 3.8 12 140 M M 2 15 140
================================================================================
SM 2650 2024 0 331 2.55 0.0 198.4 M 159
================================================================================
AV 85.5 65.3 6.4 FASTST M M 5 MAX(MPH)
MISC ----> # 33 240 46 240
================================================================================
NOTES:
# LAST OF SEVERAL OCCURRENCES
COLUMN 17 PEAK WIND IN M.P.H.
PRELIMINARY LOCAL CLIMATOLOGICAL DATA (WS FORM: F-6) , PAGE 2
STATION: BIRMINGHAM
MONTH: MAY
YEAR: 2022
LATITUDE: 33 34 N
LONGITUDE: 86 45 W
[TEMPERATURE DATA] [PRECIPITATION DATA] SYMBOLS USED IN COLUMN 16
AVERAGE MONTHLY: 75.4 TOTAL FOR MONTH: 2.55 1 = FOG OR MIST
DPTR FM NORMAL: 3.9 DPTR FM NORMAL: -2.36 2 = FOG REDUCING VISIBILITY
HIGHEST: 94 ON 19 GRTST 24HR 0.92 ON 22-23 TO 1/4 MILE OR LESS
LOWEST: 51 ON 8 3 = THUNDER
SNOW, ICE PELLETS, HAIL 4 = ICE PELLETS
TOTAL MONTH: 0.0 INCH 5 = HAIL
GRTST 24HR 0.0 6 = FREEZING RAIN OR DRIZZLE
GRTST DEPTH: 0 7 = DUSTSTORM OR SANDSTORM:
VSBY 1/2 MILE OR LESS
8 = SMOKE OR HAZE
[NO. OF DAYS WITH] [WEATHER - DAYS WITH] 9 = BLOWING SNOW
X = TORNADO
MAX 32 OR BELOW: 0 0.01 INCH OR MORE: 8
MAX 90 OR ABOVE: 8 0.10 INCH OR MORE: 5
MIN 32 OR BELOW: 0 0.50 INCH OR MORE: 2
MIN 0 OR BELOW: 0 1.00 INCH OR MORE: 0
[HDD (BASE 65) ]
TOTAL THIS MO. 0 CLEAR (SCALE 0-3) 10
DPTR FM NORMAL -21 PTCLDY (SCALE 4-7) 16
TOTAL FM JUL 1 2148 CLOUDY (SCALE 8-10) 5
DPTR FM NORMAL -383
[CDD (BASE 65) ]
TOTAL THIS MO. 331
DPTR FM NORMAL 108 [PRESSURE DATA]
TOTAL FM JAN 1 429 HIGHEST SLP 30.28 ON 10
DPTR FM NORMAL 103 LOWEST SLP 29.70 ON 6
[REMARKS]
#FINAL-05-22#