000
CXUS55 KVEF 020948
CLMBIH
CLIMATE REPORT
NATIONAL WEATHER SERVICE LAS VEGAS, NV
148 AM PST TUE JAN 02 2024
...................................
...THE BISHOP CA CLIMATE SUMMARY FOR THE MONTH OF DECEMBER 2023...
CLIMATE NORMAL PERIOD: 1991 TO 2020
CLIMATE RECORD PERIOD: 1943 TO 2024
WEATHER OBSERVED NORMAL DEPART LAST YEAR`S
VALUE DATE(S) VALUE FROM VALUE DATE(S)
NORMAL
................................................................
TEMPERATURE (F)
RECORD
HIGH 78 12/11/1958
12/03/1958
LOW -8 12/22/1990
12/27/1988
HIGHEST 67 12/04 69 12/25
LOWEST 18 12/09 15 12/09
12/14
12/18
12/19
AVG. MAXIMUM 58.5 54.5 4.0 53.1
AVG. MINIMUM 24.7 22.1 2.6 23.4
MEAN 41.6 38.3 3.3 38.3
DAYS MAX >= 90 0 0.0 0.0 0
DAYS MAX <= 32 0 0.0 0.0 0
DAYS MIN <= 32 29 29.3 -0.3 30
DAYS MIN <= 0 0 0.0 0.0 0
PRECIPITATION (INCHES)
RECORD
MAXIMUM 5.79 1966
MINIMUM 0.00 2000
TOTALS 0.36 0.66 -0.30 2.56
DAILY AVG. 0.01 0.02 -0.01 0.08
DAYS >= .01 3 3.1 -0.1 8
DAYS >= .10 2 1.3 0.7 5
DAYS >= .50 0 0.3 -0.3 3
DAYS >= 1.00 0 0.2 -0.2 0
GREATEST
24 HR. TOTAL 0.33 12/20 TO 12/21
SNOWFALL (INCHES)
RECORDS
TOTAL 13.2 1967
24 HR TOTAL 6.7
TOTALS 0.0 MM MM MM
SINCE 7/1 0.0
SNOWDEPTH AVG. 0
DAYS >= TRACE 0
DAYS >= 1.0 0
GREATEST
SNOW DEPTH 0
24 HR TOTAL MM
STORM TOTAL 0.0
DEGREE DAYS
HEATING TOTAL 715 827 -112 824
SINCE 7/1 1529 1684 -155 MM
COOLING TOTAL 0 0 0 0
SINCE 1/1 1021 1211 -190 MM
FREEZE DATES
RECORD
EARLIEST 09/11/1952
LATEST 06/16/1944
EARLIEST 10/27
LATEST 05/08
................................................................
WIND (MPH)
AVERAGE WIND SPEED 5.7
HIGHEST WIND SPEED/DIRECTION 30/160 DATE 12/29
HIGHEST GUST SPEED/DIRECTION 42/170 DATE 12/29
SKY COVER
POSSIBLE SUNSHINE (PERCENT) MM
AVERAGE SKY COVER 0.14
NUMBER OF DAYS FAIR 26
NUMBER OF DAYS PC 4
NUMBER OF DAYS CLOUDY 1
AVERAGE RH (PERCENT) 53
WEATHER CONDITIONS. NUMBER OF DAYS WITH
THUNDERSTORM 0 MIXED PRECIP 0
HEAVY RAIN 0 RAIN 1
LIGHT RAIN 4 FREEZING RAIN 0
LT FREEZING RAIN 0 HAIL 0
HEAVY SNOW 0 SNOW 0
LIGHT SNOW 0 SLEET 0
FOG 2 FOG W/VIS <= 1/4 MILE 0
HAZE 0
- INDICATES NEGATIVE NUMBERS.
R INDICATES RECORD WAS SET OR TIED.
MM INDICATES DATA IS MISSING.
T INDICATES TRACE AMOUNT.
$$