000
CXUS53 KGRR 011017
CF6BIV
PRELIMINARY LOCAL CLIMATOLOGICAL DATA (WS FORM: F-6)
STATION: HOLLAND
MONTH: APRIL
YEAR: 2020
LATITUDE: 42 49 N
LONGITUDE: 86 10 W
TEMPERATURE IN F: :PCPN: SNOW: WIND :SUNSHINE: SKY :PK WND
================================================================================
1 2 3 4 5 6A 6B 7 8 9 10 11 12 13 14 15 16 17 18
12Z AVG MX 2MIN
DY MAX MIN AVG DEP HDD CDD WTR SNW DPTH SPD SPD DIR MIN PSBL S-S WX SPD DR
================================================================================
1 48 35 42 -1 23 0 0.00 M M 5.4 12 280 M M 10 17 300
2 54 29 42 -1 23 0 0.00 M M 3.1 13 280 M M 2 12 18 290
3 64 33 49 5 16 0 0.00 M M 3.1 13 90 M M 2 16 100
4 53 37 45 1 20 0 0.09 M M 8.8 17 320 M M 10 1 26 300
5 54 33 44 0 21 0 0.00 M M 3.7 12 320 M M 1 16 300
6 60 31 46 1 19 0 0.00 M M 4.4 12 260 M M 4 17 260
7 72 50 61 16 4 0 0.32 M M 9.6 22 220 M M 6 138 34 320
8 60 44 52 6 13 0 0.29 M M 5.4 14 270 M M 8 12 22 300
9 46 37 42 -4 23 0 T M M 13.6 25 300 M M 4 39 270
10 40 34 37 -9 28 0 T M M 9.5 21 320 M M 8 8 36 330
11 59 30 45 -2 20 0 0.06 M M 7.1 18 220 M M 4 25 220
12 65 47 56 9 9 0 0.06 M M 9.4 21 170 M M 10 1 27 170
13 54 36 45 -2 20 0 0.09 M M 16.5 29 290 M M 6 18 46 280
14 38 30 34 -14 31 0 T M M 15.0 25 240 M M 5 1 36 280
15 36 27 32 -16 33 0 0.03 M M 7.2 18 290 M M 8 18 30 290
16 41 26 34 -15 31 0 T M M 9.4 23 250 M M 3 31 260
17 40 31 36 -13 29 0 0.07 M M 4.9 12 230 M M 7 18 16 200
18 54 31 43 -6 22 0 0.00 M M 17.3 33 230 M M 1 18 47 220
19 53 34 44 -6 21 0 0.00 M M 14.7 33 230 M M 2 48 220
20 58 34 46 -4 19 0 0.15 M M 13.0 32 270 M M 1 53 270
21 41 28 35 -15 30 0 T M M 12.5 25 310 M M 4 40 310
22 47 26 37 -14 28 0 0.09 M M 9.8 21 100 M M 8 1 27 90
23 52 37 45 -6 20 0 T M M 10.3 17 130 M M 8 18 23 140
24 52 37 45 -7 20 0 0.00 M M 4.2 12 110 M M 9 18 14 120
25 54 38 46 -6 19 0 T M M 7.2 14 50 M M 6 20 40
26 65 40 53 1 12 0 0.00 M M 8.3 18 320 M M 0 29 20
27 62 34 48 -5 17 0 0.16 M M 7.3 24 240 M M 5 1 34 260
28 71 43 57 4 8 0 0.97 M M 6.0 15 130 M M 3 1 22 120
29 60 43 52 -1 13 0 0.91 M M 10.3 23 170 M M 10 1 32 170
30 52 42 47 -7 18 0 0.04 M M 7.9 21 340 M M 9 18 32 360
================================================================================
SM 1605 1057 610 0 3.33 M 264.9 M 164
================================================================================
AV 53.5 35.2 8.8 FASTST M M 5 MAX(MPH)
MISC ----> # 33 230 # 53 270
================================================================================
NOTES:
# LAST OF SEVERAL OCCURRENCES
COLUMN 17 PEAK WIND IN M.P.H.
PRELIMINARY LOCAL CLIMATOLOGICAL DATA (WS FORM: F-6) , PAGE 2
STATION: HOLLAND
MONTH: APRIL
YEAR: 2020
LATITUDE: 42 49 N
LONGITUDE: 86 10 W
[TEMPERATURE DATA] [PRECIPITATION DATA] SYMBOLS USED IN COLUMN 16
AVERAGE MONTHLY: 44.4 TOTAL FOR MONTH: 3.33 1 = FOG OR MIST
DPTR FM NORMAL: -3.9 DPTR FM NORMAL: 0.08 2 = FOG REDUCING VISIBILITY
HIGHEST: 72 ON 7 GRTST 24HR 0.97 ON 28-28 TO 1/4 MILE OR LESS
LOWEST: 26 ON 22,16 3 = THUNDER
SNOW, ICE PELLETS, HAIL 4 = ICE PELLETS
TOTAL MONTH: M 5 = HAIL
GRTST 24HR M ON M 6 = FREEZING RAIN OR DRIZZLE
GRTST DEPTH: M ON M 7 = DUSTSTORM OR SANDSTORM:
VSBY 1/2 MILE OR LESS
8 = SMOKE OR HAZE
[NO. OF DAYS WITH] [WEATHER - DAYS WITH] 9 = BLOWING SNOW
X = TORNADO
MAX 32 OR BELOW: 0 0.01 INCH OR MORE: 14
MAX 90 OR ABOVE: 0 0.10 INCH OR MORE: 6
MIN 32 OR BELOW: 10 0.50 INCH OR MORE: 2
MIN 0 OR BELOW: 0 1.00 INCH OR MORE: 0
[HDD (BASE 65) ]
TOTAL THIS MO. 610 CLEAR (SCALE 0-3) 7
DPTR FM NORMAL 105 PTCLDY (SCALE 4-7) 16
TOTAL FM JUL 1 5725 CLOUDY (SCALE 8-10) 7
DPTR FM NORMAL -154
[CDD (BASE 65) ]
TOTAL THIS MO. 0
DPTR FM NORMAL -4 [PRESSURE DATA]
TOTAL FM JAN 1 0 HIGHEST SLP 30.31 ON 16
DPTR FM NORMAL -4 LOWEST SLP 29.28 ON 13
[REMARKS]
#FINAL-04-20#