000
CXUS55 KPSR 011005
CF6BLH
PRELIMINARY LOCAL CLIMATOLOGICAL DATA (WS FORM: F-6)
STATION: BLYTHE CA
MONTH: NOVEMBER
YEAR: 2022
LATITUDE: 33 37 N
LONGITUDE: 114 43 W
TEMPERATURE IN F: :PCPN: SNOW: WIND :SUNSHINE: SKY :PK WND
================================================================================
1 2 3 4 5 6A 6B 7 8 9 10 11 12 13 14 15 16 17 18
12Z AVG MX 2MIN
DY MAX MIN AVG DEP HDD CDD WTR SNW DPTH SPD SPD DIR MIN PSBL S-S WX SPD DR
================================================================================
1 81 56 69 0 0 4 0.00 M M 8.1 20 230 M M 0 27 230
2 77 59 68 -1 0 3 0.00 M M 12.9 30 240 M M 0 36 240
3 67 50 59 -9 6 0 0.00 M M 12.0 25 320 M M 3 36 280
4 70 47 59 -9 6 0 0.00 M M 5.1 15 330 M M 0 20 350
5 74 44 59 -9 6 0 0.00 M M 4.1 8 240 M M 0 M M
6 78 46 62 -5 3 0 0.00 M M 4.6 15 190 M M 0 18 190
7 79 57 68 1 0 3 0.00 M M 9.8 20 200 M M 0 26 210
8 79 56 68 2 0 3 0.00 M M 15.0 30 180 M M 2 8 39 170
9 71 52 62 -4 3 0 T M M 11.9 24 250 M M 3 31 240
10 70 48 59 -6 6 0 0.00 M M 9.8 21 340 M M 0 26 330
11 69 47 58 -7 7 0 0.00 M M 10.8 24 350 M M 0 33 360
12 69 41 55 -9 10 0 0.00 M M 2.5 8 340 M M 0 11 260
13 69 40 55 -9 10 0 0.00 M M 9.0 26 330 M M 0 8 32 340
14 69 44 57 -7 8 0 0.00 M M 8.0 16 340 M M 0 22 360
15 71 42 57 -6 8 0 0.00 M M 10.6 30 350 M M 0 8 39 350
16 69 51 60 -3 5 0 0.00 M M 19.6 35 350 M M 0 8 46 360
17 71 41 56 -6 9 0 0.00 M M 5.8 15 340 M M 0 18 350
18 71 38 55 -7 10 0 0.00 M M 8.2 23 350 M M 0 31 340
19 70 52 61 0 4 0 0.00 M M 14.3 23 350 M M 0 29 350
20 72 46 59 -2 6 0 0.00 M M 6.1 17 360 M M 0 23 360
21 72 43 58 -2 7 0 0.00 M M 4.6 9 360 M M 0 13 10
22 73 41 57 -3 8 0 0.00 M M 5.5 14 360 M M 0 18 10
23 73 39 56 -4 9 0 0.00 M M 5.4 15 320 M M 0 18 320
24 72 56 64 5 1 0 0.00 M M 19.8 36 10 M M 1 8 47 10
25 71 44 58 -1 7 0 0.00 M M 5.1 13 340 M M 0 18 340
26 69 36 53 -5 12 0 0.00 M M 2.9 10 340 M M 0 11 350
27 70 41 56 -2 9 0 0.00 M M 3.8 10 60 M M 0 8 12 70
28 73 43 58 0 7 0 0.00 M M 8.0 21 230 M M 0 8 27 230
29 68 42 55 -2 10 0 0.00 M M 4.4 12 340 M M 0 15 350
30 68 41 55 -2 10 0 0.00 M M 2.2 8 350 M M 0 9 330
================================================================================
SM 2155 1383 187 13 T M 249.9 M 9
================================================================================
AV 71.8 46.1 8.3 FASTST M M 0 MAX(MPH)
MISC ----> 36 10 47 10
================================================================================
NOTES:
# LAST OF SEVERAL OCCURRENCES
COLUMN 17 PEAK WIND IN M.P.H.
PRELIMINARY LOCAL CLIMATOLOGICAL DATA (WS FORM: F-6) , PAGE 2
STATION: BLYTHE CA
MONTH: NOVEMBER
YEAR: 2022
LATITUDE: 33 37 N
LONGITUDE: 114 43 W
[TEMPERATURE DATA] [PRECIPITATION DATA] SYMBOLS USED IN COLUMN 16
AVERAGE MONTHLY: 59.0 TOTAL FOR MONTH: T 1 = FOG OR MIST
DPTR FM NORMAL: -3.9 DPTR FM NORMAL: -0.21 2 = FOG REDUCING VISIBILITY
HIGHEST: 81 ON 1 GRTST 24HR T ON 7- 7 TO 1/4 MILE OR LESS
LOWEST: 36 ON 26 3 = THUNDER
SNOW, ICE PELLETS, HAIL 4 = ICE PELLETS
TOTAL MONTH: M 5 = HAIL
GRTST 24HR M ON M 6 = FREEZING RAIN OR DRIZZLE
GRTST DEPTH: M ON M 7 = DUSTSTORM OR SANDSTORM:
VSBY 1/2 MILE OR LESS
8 = SMOKE OR HAZE
[NO. OF DAYS WITH] [WEATHER - DAYS WITH] 9 = BLOWING SNOW
X = TORNADO
MAX 32 OR BELOW: 0 0.01 INCH OR MORE: 0
MAX 90 OR ABOVE: 0 0.10 INCH OR MORE: 0
MIN 32 OR BELOW: 0 0.50 INCH OR MORE: 0
MIN 0 OR BELOW: 0 1.00 INCH OR MORE: 0
[HDD (BASE 65) ]
TOTAL THIS MO. 187 CLEAR (SCALE 0-3) 29
DPTR FM NORMAL 71 PTCLDY (SCALE 4-7) 1
TOTAL FM JUL 1 189 CLOUDY (SCALE 8-10) 0
DPTR FM NORMAL 66
[CDD (BASE 65) ]
TOTAL THIS MO. 13
DPTR FM NORMAL -41 [PRESSURE DATA]
TOTAL FM JAN 1 4891 HIGHEST SLP M ON M
DPTR FM NORMAL 430 LOWEST SLP 29.70 ON 28
[REMARKS]
#FINAL-11-22#