000
CXUS55 KSEW 020028
CF6BLI
PRELIMINARY LOCAL CLIMATOLOGICAL DATA (WS FORM: F-6)
STATION: BELLINGHAM WA AIRPORT
MONTH: MARCH
YEAR: 2020
LATITUDE: 48 47 N
LONGITUDE: 122 32 W
TEMPERATURE IN F: :PCPN: SNOW: WIND :SUNSHINE: SKY :PK WND
================================================================================
1 2 3 4 5 6A 6B 7 8 9 10 11 12 13 14 15 16 17 18
12Z AVG MX 2MIN
DY MAX MIN AVG DEP HDD CDD WTR SNW DPTH SPD SPD DIR MIN PSBL S-S WX SPD DR
================================================================================
1 44 36 40 -2 25 0 0.04 0.0 0 6.1 13 180 M M 9 17 180
2 48 39 44 2 21 0 0.59 0.0 0 10.2 18 170 M M 10 1 26 170
3 49 45 47 5 18 0 0.06 0.0 0 8.8 23 170 M M 9 18 35 170
4 49 38 44 2 21 0 0.00 0.0 0 5.4 14 170 M M 2 20 240
5 52 39 46 3 19 0 0.27 0.0 0 7.2 22 170 M M 8 1 30 190
6 49 36 43 0 22 0 T 0.0 0 3.0 9 170 M M 8 14 200
7 46 34 40 -3 25 0 0.08 0.0 0 2.3 13 180 M M 8 1 19 170
8 47 29 38 -5 27 0 0.03 0.0 0 2.0 9 310 M M 5 1 12 150
9 49 26 38 -5 27 0 0.00 0.0 0 5.5 23 200 M M 1 8 28 210
10 50 34 42 -1 23 0 0.18 0.0 0 10.4 21 170 M M 10 27 180
11 50 40 45 1 20 0 0.05 0.0 0 7.5 18 290 M M 4 1 28 280
12 48 34 41 -3 24 0 0.00 0.0 0 2.8 10 290 M M 6 14 290
13 42 32 37 -7 28 0 0.00 0.0 0 20.8 39 40 M M 9 57 30
14 36 28 32 -12 33 0 0.00 0.0 0 27.7 40 40 M M 4 60 30
15 47 29 38 -6 27 0 0.00 0.0 0 23.8 37 30 M M 0 51 30
16 58 31 45 1 20 0 0.00 0.0 0 8.8 21 20 M M 0 27 10
17 54 27 41 -3 24 0 0.00 0.0 0 2.9 10 320 M M 0 18 14 310
18 54 27 41 -4 24 0 0.00 0.0 0 3.7 10 180 M M 0 18 14 170
19 58 30 44 -1 21 0 0.00 0.0 0 1.5 8 290 M M 0 1 11 200
20 58 32 45 0 20 0 0.00 0.0 0 2.2 8 300 M M 3 128 11 280
21 55 31 43 -2 22 0 0.00 0.0 0 3.1 9 290 M M 1 1 13 170
22 52 32 42 -3 23 0 0.00 0.0 0 5.5 14 180 M M 2 20 190
23 52 35 44 -1 21 0 0.28 0.0 0 7.5 18 160 M M 8 13 25 160
24 48 33 41 -5 24 0 0.09 0.0 0 3.5 13 170 M M 7 1 17 170
25 51 36 44 -2 21 0 0.01 0.0 0 4.8 13 300 M M 5 1 17 290
26 47 42 45 -1 20 0 0.04 0.0 0 9.0 16 170 M M 9 1 22 180
27 50 43 47 1 18 0 0.07 0.0 0 9.3 17 170 M M 9 23 160
28 53 47 50 4 15 0 0.36 0.0 0 13.1 24 160 M M 10 1 34 140
29 54 45 50 4 15 0 0.40 0.0 0 10.6 29 160 M M 6 1 40 160
30 52 41 47 1 18 0 0.15 0.0 0 9.6 33 160 M M 8 44 170
31 49 39 44 -2 21 0 0.26 0.0 0 7.7 16 180 M M 4 1 22 190
================================================================================
SM 1551 1090 687 0 2.96 0.0 246.3 M 165
================================================================================
AV 50.0 35.2 7.9 FASTST M M 5 MAX(MPH)
MISC ----> # 40 40 # 60 30
================================================================================
NOTES:
# LAST OF SEVERAL OCCURRENCES
COLUMN 17 PEAK WIND IN M.P.H.
PRELIMINARY LOCAL CLIMATOLOGICAL DATA (WS FORM: F-6) , PAGE 2
STATION: BELLINGHAM WA AIRPORT
MONTH: MARCH
YEAR: 2020
LATITUDE: 48 47 N
LONGITUDE: 122 32 W
[TEMPERATURE DATA] [PRECIPITATION DATA] SYMBOLS USED IN COLUMN 16
AVERAGE MONTHLY: 42.6 TOTAL FOR MONTH: 2.96 1 = FOG OR MIST
DPTR FM NORMAL: -1.6 DPTR FM NORMAL: -0.26 2 = FOG REDUCING VISIBILITY
HIGHEST: 58 ON 20,19 GRTST 24HR 0.59 ON 2- 2 TO 1/4 MILE OR LESS
LOWEST: 26 ON 9 3 = THUNDER
SNOW, ICE PELLETS, HAIL 4 = ICE PELLETS
TOTAL MONTH: 0.0 INCH 5 = HAIL
GRTST 24HR 0.0 6 = FREEZING RAIN OR DRIZZLE
GRTST DEPTH: 0 7 = DUSTSTORM OR SANDSTORM:
VSBY 1/2 MILE OR LESS
8 = SMOKE OR HAZE
[NO. OF DAYS WITH] [WEATHER - DAYS WITH] 9 = BLOWING SNOW
X = TORNADO
MAX 32 OR BELOW: 0 0.01 INCH OR MORE: 17
MAX 90 OR ABOVE: 0 0.10 INCH OR MORE: 8
MIN 32 OR BELOW: 12 0.50 INCH OR MORE: 1
MIN 0 OR BELOW: 0 1.00 INCH OR MORE: 0
[HDD (BASE 65) ]
TOTAL THIS MO. 687 CLEAR (SCALE 0-3) 10
DPTR FM NORMAL 44 PTCLDY (SCALE 4-7) 13
TOTAL FM JUL 1 4065 CLOUDY (SCALE 8-10) 8
DPTR FM NORMAL -449
[CDD (BASE 65) ]
TOTAL THIS MO. 0
DPTR FM NORMAL 0 [PRESSURE DATA]
TOTAL FM JAN 1 0 HIGHEST SLP 30.43 ON 1
DPTR FM NORMAL 0 LOWEST SLP 29.52 ON 30
[REMARKS]
CORRECTED404
#FINAL-03-20#