000
CXUS53 KILX 012300
CF6BMI
PRELIMINARY LOCAL CLIMATOLOGICAL DATA (WS FORM: F-6)
STATION: BLOOMINGTON IL AIRPORT
MONTH: MARCH
YEAR: 2020
LATITUDE: 40 28 N
LONGITUDE: 88 56 W
TEMPERATURE IN F: :PCPN: SNOW: WIND :SUNSHINE: SKY :PK WND
================================================================================
1 2 3 4 5 6A 6B 7 8 9 10 11 12 13 14 15 16 17 18
12Z AVG MX 2MIN
DY MAX MIN AVG DEP HDD CDD WTR SNW DPTH SPD SPD DIR MIN PSBL S-S WX SPD DR
================================================================================
1 59 31 45 M 20 0 T M M 16.5 22 200 M M 2 M M
2 52 34 43 M 22 0 0.15 M M 8.5 17 230 M M 4 30 230
3 52 29 41 M 24 0 T M M 12.5 30 290 M M 3 41 280
4 51 32 42 M 23 0 T M M 9.8 20 320 M M 2 M M
5 55 31 43 M 22 0 T M M 19.8 30 290 M M 3 41 280
6 44 23 34 M 31 0 T M M 16.2 27 340 M M 5 38 320
7 53 21 37 M 28 0 0.00 M M 13.5 20 180 M M 0 M M
8 65 34 50 M 15 0 0.00 M M 20.2 29 200 M M 1 37 200
9 57 47 52 M 13 0 0.64 M M 24.5 36 190 M M 7 1 46 190
10 50 38 44 M 21 0 0.05 M M 10.1 21 300 M M 10 1 30 310
11 45 37 41 M 24 0 T M M 7.2 14 190 M M 10 1 M M
12 55 38 47 M 18 0 T M M 12.4 22 320 M M 8 12 37 320
13 50 32 41 M 24 0 0.00 M M 14.6 24 310 M M 2 37 310
14 41 28 35 M 30 0 0.39 M M 12.5 18 40 M M 10 1 M M
15 42 27 35 M 30 0 0.00 M M 7.9 14 40 M M 3 M M
16 39 32 36 M 29 0 0.02 M M 7.1 12 140 M M 10 1 M M
17 48 36 42 M 23 0 0.00 M M 8.1 14 340 M M 3 1 18 350
18 47 39 43 M 22 0 0.34 M M 8.8 15 100 M M 8 12 M M
19 65 42 54 M 11 0 0.53 M M 15.7 23 180 M M 8 12 31 200
20 62 32 47 M 18 0 T M M 17.4 27 320 M M 10 36 320
21 35 25 30 M 35 0 0.00 M M 9.9 16 50 M M 6 M M
22 32 23 28 M 37 0 0.09 M M 10.7 18 110 M M 7 1 M M
23 40 31 36 M 29 0 T M M 5.8 12 330 M M 10 12 M M
24 43 33 38 M 27 0 0.00 M M 10.1 16 100 M M 8 12 M M
25 57 29 43 M 22 0 0.00 M M 10.2 20 190 M M 6 12 M M
26 57 43 50 M 15 0 0.01 M M 11.5 20 50 M M 7 1 M M
27 56 40 48 M 17 0 0.11 M M 14.4 20 70 M M 9 12 M M
28 69 51 60 M 5 0 0.07 M M 13.9 29 190 M M 8 123 39 190
29 60 43 52 M 13 0 T M M 25.7 38 250 M M 7 51 260
30 61 37 49 M 16 0 0.00 M M 14.0 21 320 M M 0 25 300
31 43 35 39 M 26 0 0.00 M M 9.4 13 360 M M 7 M M
================================================================================
SM 1585 1053 690 0 2.40 M 398.9 M 184
================================================================================
AV 51.1 34.0 12.9 FASTST M M 6 MAX(MPH)
MISC ----> # 38 250 # 51 260
================================================================================
NOTES:
# LAST OF SEVERAL OCCURRENCES
COLUMN 17 PEAK WIND IN M.P.H.
PRELIMINARY LOCAL CLIMATOLOGICAL DATA (WS FORM: F-6) , PAGE 2
STATION: BLOOMINGTON IL AIRPORT
MONTH: MARCH
YEAR: 2020
LATITUDE: 40 28 N
LONGITUDE: 88 56 W
[TEMPERATURE DATA] [PRECIPITATION DATA] SYMBOLS USED IN COLUMN 16
AVERAGE MONTHLY: 42.6 TOTAL FOR MONTH: 2.40 1 = FOG OR MIST
DPTR FM NORMAL: M DPTR FM NORMAL: M 2 = FOG REDUCING VISIBILITY
HIGHEST: 69 ON 28 GRTST 24HR 0.64 ON 9- 9 TO 1/4 MILE OR LESS
LOWEST: 21 ON 7 3 = THUNDER
SNOW, ICE PELLETS, HAIL 4 = ICE PELLETS
TOTAL MONTH: M 5 = HAIL
GRTST 24HR M ON M 6 = FREEZING RAIN OR DRIZZLE
GRTST DEPTH: M ON M 7 = DUSTSTORM OR SANDSTORM:
VSBY 1/2 MILE OR LESS
8 = SMOKE OR HAZE
[NO. OF DAYS WITH] [WEATHER - DAYS WITH] 9 = BLOWING SNOW
X = TORNADO
MAX 32 OR BELOW: 1 0.01 INCH OR MORE: 11
MAX 90 OR ABOVE: 0 0.10 INCH OR MORE: 6
MIN 32 OR BELOW: 15 0.50 INCH OR MORE: 2
MIN 0 OR BELOW: 0 1.00 INCH OR MORE: 0
[HDD (BASE 65) ]
TOTAL THIS MO. 690 CLEAR (SCALE 0-3) 8
DPTR FM NORMAL M PTCLDY (SCALE 4-7) 13
TOTAL FM JUL 1 4979 CLOUDY (SCALE 8-10) 10
DPTR FM NORMAL M
[CDD (BASE 65) ]
TOTAL THIS MO. 0
DPTR FM NORMAL M [PRESSURE DATA]
TOTAL FM JAN 1 0 HIGHEST SLP M ON M
DPTR FM NORMAL M LOWEST SLP M ON M
[REMARKS]
#FINAL-03-20#