000
CXUS56 KBOI 011002
CF6BNO
PRELIMINARY LOCAL CLIMATOLOGICAL DATA (WS FORM: F-6)
STATION: BURNS OR
MONTH: MARCH
YEAR: 2023
LATITUDE: 43 34 N
LONGITUDE: 118 57 W
TEMPERATURE IN F: :PCPN: SNOW: WIND :SUNSHINE: SKY :PK WND
================================================================================
1 2 3 4 5 6A 6B 7 8 9 10 11 12 13 14 15 16 17 18
12Z AVG MX 2MIN
DY MAX MIN AVG DEP HDD CDD WTR SNW DPTH SPD SPD DIR MIN PSBL S-S WX SPD DR
================================================================================
1 35 6 21 -14 44 0 0.00 M M 7.9 17 360 M M 1 23 360
2 40 7 24 -11 41 0 0.00 M M 5.4 21 300 M M 8 28 300
3 36 11 24 -12 41 0 T M M 7.2 15 250 M M 7 19 290
4 33 8 21 -15 44 0 0.16 M M 5.8 20 280 M M 8 128 25 280
5 34 0 17 -19 48 0 0.13 M M 7.2 22 270 M M 5 128 28 250
6 33 -3 15 -21 50 0 T M M 4.6 12 60 M M 3 128 13 80
7 31 6 19 -18 46 0 0.13 M M 4.0 15 90 M M 8 128 18 90
8 34 5 20 -17 45 0 0.14 M M 7.1 21 310 M M 8 128 26 310
9 33 5 19 -18 46 0 0.53 M M 12.4 22 120 M M 9 12 29 120
10 37 25 31 -7 34 0 0.16 M M 15.9 36 250 M M 9 1 47 280
11 39 15 27 -11 38 0 0.00 M M 4.9 13 60 M M M 14 60
12 39 16 28 -10 37 0 0.21 M M 4.2 10 50 M M 9 18 13 80
13 44 33 39 1 26 0 0.10 M M 9.7 23 310 M M 9 1 34 210
14 35 32 34 -5 31 0 0.74 M M 9.6 22 300 M M 10 1 29 300
15 36 16 26 -13 39 0 T M M 7.9 26 310 M M 3 1 36 310
16 37 11 24 -15 41 0 0.00 M M 7.9 14 60 M M 0 19 70
17 38 13 26 -13 39 0 0.00 M M 8.9 16 70 M M 0 21 70
18 40 17 29 -11 36 0 0.00 M M 7.9 16 80 M M 0 21 70
19 39 23 31 -9 34 0 0.17 M M 7.1 14 90 M M 5 1 18 80
20 36 22 29 -11 36 0 0.20 M M 9.6 23 260 M M 10 18 31 270
21 40 13 27 -13 38 0 0.00 M M 6.5 17 80 M M 4 128 23 80
22 45 21 33 -7 32 0 0.00 M M 5.5 10 320 M M 1 11 300
23 41 22 32 -8 33 0 0.05 M M 9.2 35 290 M M 8 1 45 280
24 34 14 24 -16 41 0 T M M 11.5 28 310 M M 3 8 38 310
25 33 13 23 -18 42 0 0.10 M M 7.4 18 330 M M 6 128 25 330
26 37 8 23 -18 42 0 0.00 M M 6.8 16 320 M M 3 20 320
27 40 7 24 -17 41 0 0.09 M M 8.4 24 180 M M 3 1 30 180
28 35 26 31 -10 34 0 0.43 M M 16.2 25 70 M M 10 1 31 70
29 37 20 29 -12 36 0 T M M 6.2 12 220 M M 5 18 14 230
30 40 22 31 -10 34 0 0.00 M M 7.8 15 260 M M 9 20 260
31 44 32 38 -3 27 0 T M M 5.3 14 270 M M 9 18 260
================================================================================
SM 1155 466 1196 0 3.34 M 246.0 M 173
================================================================================
AV 37.3 15.0 7.9 FASTST M M 6 MAX(MPH)
MISC ----> 36 250 47 280
================================================================================
NOTES:
# LAST OF SEVERAL OCCURRENCES
COLUMN 17 PEAK WIND IN M.P.H.
PRELIMINARY LOCAL CLIMATOLOGICAL DATA (WS FORM: F-6) , PAGE 2
STATION: BURNS OR
MONTH: MARCH
YEAR: 2023
LATITUDE: 43 34 N
LONGITUDE: 118 57 W
[TEMPERATURE DATA] [PRECIPITATION DATA] SYMBOLS USED IN COLUMN 16
AVERAGE MONTHLY: 26.1 TOTAL FOR MONTH: 3.34 1 = FOG OR MIST
DPTR FM NORMAL: -12.6 DPTR FM NORMAL: 2.38 2 = FOG REDUCING VISIBILITY
HIGHEST: 45 ON 22 GRTST 24HR 0.76 ON 13-14 TO 1/4 MILE OR LESS
LOWEST: -3 ON 6 3 = THUNDER
SNOW, ICE PELLETS, HAIL 4 = ICE PELLETS
TOTAL MONTH: M 5 = HAIL
GRTST 24HR M ON M 6 = FREEZING RAIN OR DRIZZLE
GRTST DEPTH: M ON M 7 = DUSTSTORM OR SANDSTORM:
VSBY 1/2 MILE OR LESS
8 = SMOKE OR HAZE
[NO. OF DAYS WITH] [WEATHER - DAYS WITH] 9 = BLOWING SNOW
X = TORNADO
MAX 32 OR BELOW: 1 0.01 INCH OR MORE: 15
MAX 90 OR ABOVE: 0 0.10 INCH OR MORE: 13
MIN 32 OR BELOW: 30 0.50 INCH OR MORE: 2
MIN 0 OR BELOW: 2 1.00 INCH OR MORE: 0
[HDD (BASE 65) ]
TOTAL THIS MO. 1196 CLEAR (SCALE 0-3) 8
DPTR FM NORMAL 381 PTCLDY (SCALE 4-7) 12
TOTAL FM JUL 1 6951 CLOUDY (SCALE 8-10) 11
DPTR FM NORMAL 942
[CDD (BASE 65) ]
TOTAL THIS MO. 0
DPTR FM NORMAL 0 [PRESSURE DATA]
TOTAL FM JAN 1 0 HIGHEST SLP 30.39 ON 27
DPTR FM NORMAL 0 LOWEST SLP 29.30 ON 10
[REMARKS]
#FINAL-03-23#