000
CXUS53 KDVN 010827
CLMBRL
CLIMATE REPORT
NATIONAL WEATHER SERVICE QUAD CITIES IA IL
327 AM CDT SUN OCT 01 2023
...................................
...THE BURLINGTON IA CLIMATE SUMMARY FOR THE MONTH OF SEPTEMBER 2023...
CLIMATE NORMAL PERIOD 1991 TO 2020
CLIMATE RECORD PERIOD 1897 TO 2023
WEATHER OBSERVED NORMAL DEPART LAST YEAR`S
VALUE DATE(S) VALUE FROM VALUE
NORMAL
..............................................................
TEMPERATURE (F)
RECORD
HIGH 103 09/01/1913
09/05/1899
LOW 23 09/30/1899
HIGHEST 92 09/04 83 9
LOWEST 50 09/15 50 0
AVG. MAXIMUM 79.5 77.5 2.0
AVG. MINIMUM 57.7 55.8 1.9
MEAN 68.6 66.7 1.9
DAYS MAX >= 90 3
DAYS MAX <= 32 0
DAYS MIN <= 32 0
DAYS MIN <= 0 0
PRECIPITATION (INCHES)
TOTALS 1.67R 3.53 -1.86
DAILY AVG. 0.06 0.12 -0.06
DAYS >= .01 5
DAYS >= .10 4
DAYS >= .50 2
DAYS >= 1.00 0
GREATEST
24 HR. TOTAL 0.72 09/16 TO 09/16
DEGREE DAYS
HEATING TOTAL 10 77 -67
SINCE 7/1 11 85 -74
COOLING TOTAL 124 127 -3
SINCE 1/1 995 1063 -68
..............................................................
WIND (MPH)
AVERAGE WIND SPEED 5.8
HIGHEST WIND SPEED/DIRECTION 20/170 DATE 09/05
20/140 09/20
HIGHEST GUST SPEED/DIRECTION 39/280 DATE 09/16
SKY COVER
POSSIBLE SUNSHINE (PERCENT) MM
AVERAGE SKY COVER 0.28
NUMBER OF DAYS FAIR 22
NUMBER OF DAYS PC 5
NUMBER OF DAYS CLOUDY 3
AVERAGE RH (PERCENT) 74
WEATHER CONDITIONS. NUMBER OF DAYS WITH
THUNDERSTORM 4 HAIL 0
SLEET 0 FOG 13
FOG W/VIS <= 1/4 MILE 4 HAZE 10
- INDICATES NEGATIVE NUMBERS.
R INDICATES RECORD WAS SET OR TIED.
MM INDICATES DATA IS MISSING.
T INDICATES TRACE AMOUNT.
$$