000
CXUS55 KMSO 010900
CF6BTM
PRELIMINARY LOCAL CLIMATOLOGICAL DATA (WS FORM: F-6)
STATION: BUTTE MT
MONTH: MARCH
YEAR: 2020
LATITUDE: 45 57 N
LONGITUDE: 112 30 W
TEMPERATURE IN F: :PCPN: SNOW: WIND :SUNSHINE: SKY :PK WND
================================================================================
1 2 3 4 5 6A 6B 7 8 9 10 11 12 13 14 15 16 17 18
12Z AVG MX 2MIN
DY MAX MIN AVG DEP HDD CDD WTR SNW DPTH SPD SPD DIR MIN PSBL S-S WX SPD DR
================================================================================
1 35 17 26 0 39 0 T M M 4.8 13 270 M M 5 8 19 270
2 38 17 28 2 37 0 0.00 M M 7.0 21 290 M M 7 30 300
3 47 31 39 12 26 0 0.00 M M 11.6 31 290 M M 4 43 290
4 43 25 34 7 31 0 0.00 M M 13.9 30 270 M M 3 50 280
5 53 13 33 5 32 0 0.00 M M 2.8 16 180 M M 0 18 170
6 59 24 42 14 23 0 0.00 M M 5.9 21 190 M M 0 26 180
7 51 28 40 12 25 0 0.11 M M 5.4 17 310 M M 5 1 21 310
8 41 24 33 4 32 0 T M M 5.6 15 270 M M 8 1 20 270
9 36 27 32 3 33 0 0.03 M M 4.6 14 310 M M 10 1 16 330
10 43 20 32 2 33 0 0.00 M M 7.8 20 250 M M 1 26 260
11 49 26 38 8 27 0 T M M 12.8 25 320 M M 7 18 33 280
12 38 15 27 -3 38 0 0.02 M M 5.2 15 320 M M 3 18 20 330
13 31 17 24 -7 41 0 T M M 8.4 23 170 M M 7 29 150
14 22 8 15 -16 50 0 0.01 M M 6.3 20 300 M M 9 18 25 290
15 27 8 18 -13 47 0 0.03 M M 3.3 12 160 M M 6 1 13 160
16 36 11 24 -8 41 0 0.00 M M 3.8 20 160 M M 4 26 160
17 47 16 32 0 33 0 T M M 5.0 20 160 M M 6 128 25 150
18 38 25 32 0 33 0 0.02 M M 3.7 16 170 M M 10 128 19 170
19 31 24 28 -5 37 0 0.00 M M 7.4 20 170 M M 10 1 24 170
20 46 21 34 1 31 0 0.00 M M 6.0 17 180 M M 3 19 170
21 47 19 33 0 32 0 0.00 M M 3.1 14 320 M M 5 18 300
22 49 26 38 4 27 0 T M M 4.7 17 310 M M 2 23 330
23 49 26 38 4 27 0 T M M 5.0 21 230 M M 6 1 28 220
24 40 15 28 -6 37 0 0.06 M M 3.8 16 320 M M 8 128 20 330
25 37 21 29 -5 36 0 0.03 M M 4.1 18 320 M M 7 1 23 320
26 38 21 30 -5 35 0 0.00 M M 7.3 18 310 M M 6 25 300
27 38 24 31 -4 34 0 0.00 M M 5.8 15 310 M M 10 22 310
28 45 27 36 1 29 0 0.00 M M 7.1 18 310 M M 8 24 310
29 50 20 35 0 30 0 0.00 M M 5.7 21 180 M M 3 26 180
30 50 26 38 2 27 0 0.05 M M 7.3 23 260 M M 5 1 35 250
31 39 24 32 -4 33 0 0.12 M M 4.6 24 290 M M 8 12 34 280
================================================================================
SM 1293 646 1036 0 0.48 M 189.8 M 176
================================================================================
AV 41.7 20.8 6.1 FASTST M M 6 MAX(MPH)
MISC ----> 31 290 50 280
================================================================================
NOTES:
# LAST OF SEVERAL OCCURRENCES
COLUMN 17 PEAK WIND IN M.P.H.
PRELIMINARY LOCAL CLIMATOLOGICAL DATA (WS FORM: F-6) , PAGE 2
STATION: BUTTE MT
MONTH: MARCH
YEAR: 2020
LATITUDE: 45 57 N
LONGITUDE: 112 30 W
[TEMPERATURE DATA] [PRECIPITATION DATA] SYMBOLS USED IN COLUMN 16
AVERAGE MONTHLY: 31.3 TOTAL FOR MONTH: 0.48 1 = FOG OR MIST
DPTR FM NORMAL: -0.1 DPTR FM NORMAL: -0.28 2 = FOG REDUCING VISIBILITY
HIGHEST: 59 ON 6 GRTST 24HR 0.17 ON 30-31 TO 1/4 MILE OR LESS
LOWEST: 8 ON 15,14 3 = THUNDER
SNOW, ICE PELLETS, HAIL 4 = ICE PELLETS
TOTAL MONTH: M 5 = HAIL
GRTST 24HR M ON M 6 = FREEZING RAIN OR DRIZZLE
GRTST DEPTH: M ON M 7 = DUSTSTORM OR SANDSTORM:
VSBY 1/2 MILE OR LESS
8 = SMOKE OR HAZE
[NO. OF DAYS WITH] [WEATHER - DAYS WITH] 9 = BLOWING SNOW
X = TORNADO
MAX 32 OR BELOW: 4 0.01 INCH OR MORE: 10
MAX 90 OR ABOVE: 0 0.10 INCH OR MORE: 2
MIN 32 OR BELOW: 31 0.50 INCH OR MORE: 0
MIN 0 OR BELOW: 0 1.00 INCH OR MORE: 0
[HDD (BASE 65) ]
TOTAL THIS MO. 1036 CLEAR (SCALE 0-3) 7
DPTR FM NORMAL -6 PTCLDY (SCALE 4-7) 18
TOTAL FM JUL 1 7451 CLOUDY (SCALE 8-10) 6
DPTR FM NORMAL -160
[CDD (BASE 65) ]
TOTAL THIS MO. 0
DPTR FM NORMAL 0 [PRESSURE DATA]
TOTAL FM JAN 1 0 HIGHEST SLP M ON M
DPTR FM NORMAL 0 LOWEST SLP 29.57 ON 7
[REMARKS]
#FINAL-03-20#