000
CXUS55 KMSO 010900
CF6BTM
PRELIMINARY LOCAL CLIMATOLOGICAL DATA (WS FORM: F-6)
STATION: BUTTE MT
MONTH: JULY
YEAR: 2023
LATITUDE: 45 57 N
LONGITUDE: 112 30 W
TEMPERATURE IN F: :PCPN: SNOW: WIND :SUNSHINE: SKY :PK WND
================================================================================
1 2 3 4 5 6A 6B 7 8 9 10 11 12 13 14 15 16 17 18
12Z AVG MX 2MIN
DY MAX MIN AVG DEP HDD CDD WTR SNW DPTH SPD SPD DIR MIN PSBL S-S WX SPD DR
================================================================================
1 81 47 64 4 1 0 0.20 M M 5.3 31 330 M M 2 3 43 330
2 82 43 63 3 2 0 0.00 M M 5.5 20 300 M M 0 32 270
3 76 45 61 0 4 0 0.00 M M 7.7 23 330 M M 1 36 10
4 68 45 57 -4 8 0 0.00 M M 5.9 29 20 M M 4 3 38 10
5 74 41 58 -3 7 0 0.00 M M 3.2 16 330 M M 1 23 330
6 73 46 60 -2 5 0 0.07 M M 4.9 20 90 M M 4 3 31 150
7 75 39 57 -5 8 0 T M M 6.4 24 190 M M 2 3 30 190
8 81 44 63 1 2 0 0.00 M M 3.4 18 20 M M 1 3 22 70
9 83 47 65 3 0 0 T M M 4.2 16 150 M M 2 3 20 120
10 84 52 68 5 0 3 0.31 M M 6.3 32 270 M M 5 3 48 260
11 79 50 65 2 0 0 0.00 M M 8.6 23 300 M M 2 33 290
12 80 41 61 -2 4 0 0.00 M M 5.0 16 310 M M 0 22 320
13 74 45 60 -4 5 0 0.05 M M 4.2 15 330 M M 4 3 21 340
14 80 42 61 -3 4 0 0.00 M M 5.0 15 330 M M 0 20 20
15 83 43 63 -1 2 0 0.00 M M 5.2 15 330 M M 0 18 23 330
16 89 45 67 3 0 2 0.00 M M 4.1 13 290 M M 0 18 280
17 83 50 67 3 0 2 T M M 8.2 23 270 M M 2 35 260
18 81 43 62 -3 3 0 0.00 M M 6.3 16 300 M M 0 23 270
19 84 41 63 -2 2 0 0.00 M M 4.9 18 120 M M 0 24 110
20 88 50 69 4 0 4 0.01 M M 6.6 24 150 M M 1 3 35 240
21 89 45 67 2 0 2 0.00 M M 4.9 14 340 M M 0 21 300
22 92 48 70 5 0 5 0.00 M M 4.7 16 340 M M 0 29 230
23 92 48 70 5 0 5 T M M 4.9 38 190 M M 0 3 48 190
24 89 50 70 5 0 5 0.00 M M 8.5 29 180 M M 1 42 170
25 85 46 66 1 0 1 0.00 M M 7.4 18 240 M M 1 30 290
26 83 45 64 -1 1 0 0.00 M M 6.1 18 320 M M 1 27 300
27 81 45 63 -2 2 0 T M M 5.6 36 280 M M 1 38 50 270
28 80 48 64 -1 1 0 0.02 M M 6.6 22 120 M M 2 3 30 140
29 87 47 67 2 0 2 0.00 M M 5.0 29 200 M M 0 40 250
30 87 52 70 5 0 5 0.00 M M 5.8 29 200 M M 1 39 150
31 91 41 66 1 0 1 0.00 M M 6.7 25 150 M M 0 30 150
================================================================================
SM 2554 1414 61 37 0.66 M 177.1 M 38
================================================================================
AV 82.4 45.6 5.7 FASTST M M 1 MAX(MPH)
MISC ----> 38 190 50 270
================================================================================
NOTES:
# LAST OF SEVERAL OCCURRENCES
COLUMN 17 PEAK WIND IN M.P.H.
PRELIMINARY LOCAL CLIMATOLOGICAL DATA (WS FORM: F-6) , PAGE 2
STATION: BUTTE MT
MONTH: JULY
YEAR: 2023
LATITUDE: 45 57 N
LONGITUDE: 112 30 W
[TEMPERATURE DATA] [PRECIPITATION DATA] SYMBOLS USED IN COLUMN 16
AVERAGE MONTHLY: 64.0 TOTAL FOR MONTH: 0.66 1 = FOG OR MIST
DPTR FM NORMAL: 0.4 DPTR FM NORMAL: -0.54 2 = FOG REDUCING VISIBILITY
HIGHEST: 92 ON 23,22 GRTST 24HR 0.31 ON 10-10 TO 1/4 MILE OR LESS
LOWEST: 39 ON 7 3 = THUNDER
SNOW, ICE PELLETS, HAIL 4 = ICE PELLETS
TOTAL MONTH: M 5 = HAIL
GRTST 24HR M ON M 6 = FREEZING RAIN OR DRIZZLE
GRTST DEPTH: M ON M 7 = DUSTSTORM OR SANDSTORM:
VSBY 1/2 MILE OR LESS
8 = SMOKE OR HAZE
[NO. OF DAYS WITH] [WEATHER - DAYS WITH] 9 = BLOWING SNOW
X = TORNADO
MAX 32 OR BELOW: 0 0.01 INCH OR MORE: 6
MAX 90 OR ABOVE: 3 0.10 INCH OR MORE: 2
MIN 32 OR BELOW: 0 0.50 INCH OR MORE: 0
MIN 0 OR BELOW: 0 1.00 INCH OR MORE: 0
[HDD (BASE 65) ]
TOTAL THIS MO. 61 CLEAR (SCALE 0-3) 27
DPTR FM NORMAL -30 PTCLDY (SCALE 4-7) 4
TOTAL FM JUL 1 61 CLOUDY (SCALE 8-10) 0
DPTR FM NORMAL -33
[CDD (BASE 65) ]
TOTAL THIS MO. 37
DPTR FM NORMAL -11 [PRESSURE DATA]
TOTAL FM JAN 1 37 HIGHEST SLP M ON M
DPTR FM NORMAL -17 LOWEST SLP 29.78 ON 10
[REMARKS]
#FINAL-07-23#