000
CXUS54 KTSA 010850
CF6BVO
PRELIMINARY LOCAL CLIMATOLOGICAL DATA (WS FORM: F-6)
STATION: BARTLESVILLE OKLAHOMA
MONTH: APRIL
YEAR: 2023
LATITUDE: 36 45 N
LONGITUDE: 96 0 W
TEMPERATURE IN F: :PCPN: SNOW: WIND :SUNSHINE: SKY :PK WND
================================================================================
1 2 3 4 5 6A 6B 7 8 9 10 11 12 13 14 15 16 17 18
12Z AVG MX 2MIN
DY MAX MIN AVG DEP HDD CDD WTR SNW DPTH SPD SPD DIR MIN PSBL S-S WX SPD DR
================================================================================
1 68 36 52 -2 13 0 0.00 0.0 M 4.4 15 290 M M 0 8 27 290
2 83 34 59 5 6 0 0.00 0.0 M 11.5 28 200 M M 1 18 40 200
3 89 54 72 18 0 7 0.00 0.0 M 9.6 20 210 M M 2 30 170
4 82 70 76 21 0 11 0.00 0.0 M 15.8 28 170 M M 4 41 180
5 75 34 55 0 10 0 0.03 0.0 M 4.4 16 180 M M 1 13 27 320
6 62 28 45 -10 20 0 0.00 0.0 M 6.4 16 50 M M 0 24 40
7 69 26 48 -8 17 0 0.00 0.0 M 3.1 15 70 M M 0 8 22 100
8 71 29 50 -6 15 0 0.00 0.0 M 2.5 14 70 M M 0 17 80
9 76 30 53 -3 12 0 0.00 0.0 M 4.9 17 160 M M 0 23 140
10 78 44 61 5 4 0 0.00 0.0 M 6.1 17 150 M M 2 3 26 170
11 79 41 60 3 5 0 0.00 0.0 M 7.0 20 160 M M 0 26 180
12 81 43 62 5 3 0 0.00 0.0 M 10.0 22 160 M M 0 36 210
13 80 43 62 5 3 0 0.00 0.0 M 7.7 21 160 M M 0 27 160
14 85 46 66 8 0 1 0.00 0.0 M 12.7 26 150 M M 1 36 160
15 72 40 56 -2 9 0 0.00 0.0 M 5.1 14 290 M M 7 8 33 290
16 69 36 53 -5 12 0 0.00 0.0 M 5.0 17 280 M M 0 32 280
17 81 29 55 -3 10 0 0.00 0.0 M 7.2 20 200 M M 0 34 170
18 85 54 70 11 0 5 0.00 0.0 M 14.2 30 160 M M 2 3 41 170
19 83 64 74 15 0 9 0.00 0.0 M 18.9 39 170 M M 5 3 69 160
20 79 46 63 4 2 0 0.00 0.0 M 8.1 29 180 M M 2 46 210
21 72 35 54 -6 11 0 0.00 0.0 M 2.3 14 30 M M 1 23 280
22 57 35 46 -14 19 0 0.00 0.0 M 4.5 21 10 M M 3 31 10
23 63 26 45 -15 20 0 0.00 0.0 M 2.6 14 30 M M 0 18 20 90
24 70 29 50 -10 15 0 0.02 0.0 M 6.7 24 160 M M 3 18 39 170
25 55 49 52 -9 13 0 0.33 0.0 M 5.7 16 160 M M 9 1 23 170
26 55 44 50 -11 15 0 0.26 0.0 M 5.8 18 80 M M 10 1 25 90
27 63 50 57 -4 8 0 0.28 0.0 M 1.8 9 40 M M 10 1 15 290
28 60 46 53 -9 12 0 0.31 0.0 M 1.2 8 350 M M 9 12 16 10
29 72 49 61 -1 4 0 0.00 0.0 M 6.7 20 10 M M 3 28 360
30 69 39 54 -8 11 0 0.00 0.0 M 3.5 17 360 M M 0 30 10
================================================================================
SM 2183 1229 269 33 1.23 0.0 205.4 M 75
================================================================================
AV 72.8 41.0 6.8 FASTST M M 3 MAX(MPH)
MISC ----> 39 170 69 160
================================================================================
NOTES:
# LAST OF SEVERAL OCCURRENCES
COLUMN 17 PEAK WIND IN M.P.H.
PRELIMINARY LOCAL CLIMATOLOGICAL DATA (WS FORM: F-6) , PAGE 2
STATION: BARTLESVILLE OKLAHOMA
MONTH: APRIL
YEAR: 2023
LATITUDE: 36 45 N
LONGITUDE: 96 0 W
[TEMPERATURE DATA] [PRECIPITATION DATA] SYMBOLS USED IN COLUMN 16
AVERAGE MONTHLY: 56.9 TOTAL FOR MONTH: 1.23 1 = FOG OR MIST
DPTR FM NORMAL: -1.2 DPTR FM NORMAL: -3.06 2 = FOG REDUCING VISIBILITY
HIGHEST: 89 ON 3 GRTST 24HR 0.53 ON 26-27 TO 1/4 MILE OR LESS
LOWEST: 26 ON 23, 7 3 = THUNDER
SNOW, ICE PELLETS, HAIL 4 = ICE PELLETS
TOTAL MONTH: 0.0 INCH 5 = HAIL
GRTST 24HR 0.0 6 = FREEZING RAIN OR DRIZZLE
GRTST DEPTH: M ON M 7 = DUSTSTORM OR SANDSTORM:
VSBY 1/2 MILE OR LESS
8 = SMOKE OR HAZE
[NO. OF DAYS WITH] [WEATHER - DAYS WITH] 9 = BLOWING SNOW
X = TORNADO
MAX 32 OR BELOW: 0 0.01 INCH OR MORE: 6
MAX 90 OR ABOVE: 0 0.10 INCH OR MORE: 4
MIN 32 OR BELOW: 7 0.50 INCH OR MORE: 0
MIN 0 OR BELOW: 0 1.00 INCH OR MORE: 0
[HDD (BASE 65) ]
TOTAL THIS MO. 269 CLEAR (SCALE 0-3) 22
DPTR FM NORMAL 29 PTCLDY (SCALE 4-7) 4
TOTAL FM JUL 1 3949 CLOUDY (SCALE 8-10) 4
DPTR FM NORMAL -117
[CDD (BASE 65) ]
TOTAL THIS MO. 33
DPTR FM NORMAL 1 [PRESSURE DATA]
TOTAL FM JAN 1 38 HIGHEST SLP 30.46 ON 6
DPTR FM NORMAL -2 LOWEST SLP 29.38 ON 4
[REMARKS]
#FINAL-04-23#