000
CXUS54 KLZK 011130
CF6BVX
PRELIMINARY LOCAL CLIMATOLOGICAL DATA (WS FORM: F-6)
STATION: Batesville Regional Airport
MONTH: JULY
YEAR: 2020
LATITUDE: 35 43 N
LONGITUDE: 91 39 W
TEMPERATURE IN F: :PCPN: SNOW: WIND :SUNSHINE: SKY :PK WND
================================================================================
1 2 3 4 5 6A 6B 7 8 9 10 11 12 13 14 15 16 17 18
12Z AVG MX 2MIN
DY MAX MIN AVG DEP HDD CDD WTR SNW DPTH SPD SPD DIR MIN PSBL S-S WX SPD DR
================================================================================
1 87 69 78 -2 0 13 0.51 M M 4.4 13 220 M M 5 138 M M
2 93 68 81 1 0 16 T M M 2.6 9 80 M M 3 13 M M
3 91 71 81 1 0 16 0.00 M M 2.5 7 99 M M 1 1 M M
4 90 71 81 1 0 16 0.26 M M 2.2 5 270 M M 4 13 M M
5 91 70 81 1 0 16 0.03 M M 4.2 9 100 M M 2 13 M M
6 91 68 80 0 0 15 0.00 M M 1.3 7 90 M M 1 M M
7 93 71 82 2 0 17 0.00 M M 3.5 8 120 M M 2 1 M M
8 90 72 81 1 0 16 0.00 M M 4.2 7 120 M M 2 1 M M
9 88 71 80 0 0 15 0.09 M M 3.0 7 250 M M 4 138 M M
10 90 69 80 -1 0 15 0.00 M M 3.6 7 270 M M 0 M M
11 95 70 83 2 0 18 0.00 M M 4.0 13 210 M M 2 1 M M
12 91 70 81 0 0 16 0.00 M M 6.4 14 290 M M 2 23 290
13 90 66 78 -3 0 13 0.00 M M 2.9 7 120 M M 1 M M
14 91 68 80 -1 0 15 0.00 M M 5.2 12 120 M M 2 1 M M
15 95 77 86 5 0 21 0.00 M M 6.0 13 160 M M 0 18 160
16 93 74 84 3 0 19 0.00 M M 4.1 12 110 M M 1 38 M M
17 94 73 84 3 0 19 0.00 M M 4.0 14 200 M M 1 18 200
18 94 72 83 2 0 18 0.00 M M 4.1 12 230 M M 1 17 220
19 96 74 85 4 0 20 0.00 M M 4.8 13 270 M M 1 16 210
20 98 76 87 6 0 22 0.00 M M 4.1 12 240 M M 1 3 M M
21 95 74 85 4 0 20 0.00 M M 5.0 13 230 M M 0 3 18 230
22 89 74 82 1 0 17 0.00 M M 5.3 12 210 M M 4 M M
23 92 73 83 2 0 18 0.00 M M 1.7 8 110 M M 0 3 M M
24 95 72 84 3 0 19 0.00 M M 5.8 14 120 M M 1 1 21 120
25 92 74 83 2 0 18 0.00 M M 4.7 8 150 M M 3 M M
26 93 72 83 2 0 18 0.00 M M 5.1 10 230 M M 1 16 230
27 93 74 84 3 0 19 0.00 M M 6.4 13 200 M M 1 18 220
28 94 74 84 3 0 19 0.00 M M 3.7 9 80 M M 2 M M
29 93 75 84 3 0 19 0.04 M M 5.2 12 240 M M 3 16 99
30 M M M M M M T M M 7.5 17 230 M M 8 3 22 230
31 86 70 78 -3 0 13 0.06 M M 6.6 14 220 M M 7 138 20 220
================================================================================
SM 2763 2152 0 516 0.99 M 134.1 M 66
================================================================================
AV 92.1 71.7 4.3 FASTST M M 2 MAX(MPH)
MISC ----> # 17 230 # 23 290
================================================================================
NOTES:
# LAST OF SEVERAL OCCURRENCES
COLUMN 17 PEAK WIND IN M.P.H.
PRELIMINARY LOCAL CLIMATOLOGICAL DATA (WS FORM: F-6) , PAGE 2
STATION: Batesville Regional Airport
MONTH: JULY
YEAR: 2020
LATITUDE: 35 43 N
LONGITUDE: 91 39 W
[TEMPERATURE DATA] [PRECIPITATION DATA] SYMBOLS USED IN COLUMN 16
AVERAGE MONTHLY: 81.9 TOTAL FOR MONTH: 0.99 1 = FOG OR MIST
DPTR FM NORMAL: 1.2 DPTR FM NORMAL: -2.63 2 = FOG REDUCING VISIBILITY
HIGHEST: 98 ON 20 GRTST 24HR 0.51 ON 1- 1 TO 1/4 MILE OR LESS
LOWEST: 66 ON 13 3 = THUNDER
SNOW, ICE PELLETS, HAIL 4 = ICE PELLETS
TOTAL MONTH: M 5 = HAIL
GRTST 24HR M ON M 6 = FREEZING RAIN OR DRIZZLE
GRTST DEPTH: M ON M 7 = DUSTSTORM OR SANDSTORM:
VSBY 1/2 MILE OR LESS
8 = SMOKE OR HAZE
[NO. OF DAYS WITH] [WEATHER - DAYS WITH] 9 = BLOWING SNOW
X = TORNADO
MAX 32 OR BELOW: 0 0.01 INCH OR MORE: 6
MAX 90 OR ABOVE: 26 0.10 INCH OR MORE: 2
MIN 32 OR BELOW: 0 0.50 INCH OR MORE: 1
MIN 0 OR BELOW: 0 1.00 INCH OR MORE: 0
[HDD (BASE 65) ]
TOTAL THIS MO. 0 CLEAR (SCALE 0-3) 23
DPTR FM NORMAL 0 PTCLDY (SCALE 4-7) 8
TOTAL FM JUL 1 0 CLOUDY (SCALE 8-10) 0
DPTR FM NORMAL 0
[CDD (BASE 65) ]
TOTAL THIS MO. 516
DPTR FM NORMAL 29 [PRESSURE DATA]
TOTAL FM JAN 1 1015 HIGHEST SLP 30.12 ON 17
DPTR FM NORMAL -3 LOWEST SLP 29.72 ON 31
[REMARKS]
#FINAL-07-20#