000
CXUS53 KLMK 010710
CF6BWG
PRELIMINARY LOCAL CLIMATOLOGICAL DATA (WS FORM: F-6)
STATION: BOWLING GREEN KY
MONTH: APRIL
YEAR: 2021
LATITUDE: 36 58 N
LONGITUDE: 86 26 W
TEMPERATURE IN F: :PCPN: SNOW: WIND :SUNSHINE: SKY :PK WND
================================================================================
1 2 3 4 5 6A 6B 7 8 9 10 11 12 13 14 15 16 17 18
12Z AVG MX 2MIN
DY MAX MIN AVG DEP HDD CDD WTR SNW DPTH SPD SPD DIR MIN PSBL S-S WX SPD DR
================================================================================
1 47 32 40 -13 25 0 0.00 0.0 0 6.1 15 320 M M 1 26 280
2 51 27 39 -15 26 0 0.00 0.0 0 3.2 14 80 M M 0 18 30
3 64 28 46 -8 19 0 0.00 0.0 0 2.7 13 240 M M 0 18 230
4 72 37 55 1 10 0 0.00 0.0 0 3.7 13 200 M M 0 21 200
5 77 41 59 5 6 0 0.00 0.0 0 3.6 15 230 M M 0 18 24 200
6 80 50 65 10 0 0 0.00 0.0 0 5.6 16 220 M M 4 22 240
7 82 56 69 14 0 4 0.00 0.0 0 8.1 21 170 M M 4 28 180
8 74 55 65 10 0 0 0.22 0.0 0 10.7 28 270 M M 8 1 38 260
9 83 52 68 12 0 3 0.00 0.0 0 10.3 21 180 M M 0 29 200
10 71 55 63 7 2 0 0.20 0.0 0 10.7 25 220 M M 5 1 36 220
11 71 52 62 6 3 0 0.00 0.0 0 13.4 26 250 M M 2 37 230
12 76 43 60 3 5 0 0.00 0.0 0 2.6 15 280 M M 0 24 280
13 71 50 61 4 4 0 T 0.0 0 4.1 13 50 M M 6 17 30
14 60 45 53 -4 12 0 0.00 0.0 0 4.9 14 40 M M 8 18 40
15 63 42 53 -5 12 0 0.00 0.0 0 4.6 13 20 M M 2 22 330
16 65 36 51 -7 14 0 0.00 0.0 0 1.2 10 40 M M 2 15 50
17 62 44 53 -5 12 0 0.01 0.0 0 2.5 9 310 M M 9 15 330
18 65 40 53 -5 12 0 0.06 0.0 0 2.5 17 290 M M 6 18 24 280
19 69 43 56 -3 9 0 0.00 0.0 0 4.1 16 210 M M 2 12 21 210
20 74 34 54 -5 11 0 0.09 0.1 0 7.0 20 300 M M 3 1 32 300
21 52 34 43 -16 22 0 0.02 0.1 0 5.4 16 280 M M 6 1 23 280
22 60 38 49 -11 16 0 0.00 0.0 0 3.9 14 260 M M 5 20 260
23 63 42 53 -7 12 0 0.00 0.0 0 6.1 16 180 M M 7 22 210
24 56 51 54 -6 11 0 1.23 0.0 0 7.0 15 50 M M 10 1 20 360
25 70 47 59 -1 6 0 0.00 0.0 0 2.7 9 310 M M 4 18 18 300
26 77 42 60 -1 5 0 0.00 0.0 0 5.5 16 220 M M 0 1 22 200
27 84 60 72 11 0 7 0.00 0.0 0 11.7 23 220 M M 0 31 210
28 75 67 71 10 0 6 0.25 0.0 0 7.6 15 220 M M 8 1 20 230
29 73 55 64 2 1 0 0.64 0.0 0 8.8 24 230 M M 6 1 34 230
30 76 51 64 2 1 0 0.00 0.0 0 5.2 15 310 M M 0 1 26 290
================================================================================
SM 2063 1349 256 20 2.72 0.2 175.5 M 108
================================================================================
AV 68.8 45.0 5.8 FASTST M M 4 MAX(MPH)
MISC ----> 28 270 38 260
================================================================================
NOTES:
# LAST OF SEVERAL OCCURRENCES
COLUMN 17 PEAK WIND IN M.P.H.
PRELIMINARY LOCAL CLIMATOLOGICAL DATA (WS FORM: F-6) , PAGE 2
STATION: BOWLING GREEN KY
MONTH: APRIL
YEAR: 2021
LATITUDE: 36 58 N
LONGITUDE: 86 26 W
[TEMPERATURE DATA] [PRECIPITATION DATA] SYMBOLS USED IN COLUMN 16
AVERAGE MONTHLY: 56.9 TOTAL FOR MONTH: 2.72 1 = FOG OR MIST
DPTR FM NORMAL: -0.8 DPTR FM NORMAL: -1.62 2 = FOG REDUCING VISIBILITY
HIGHEST: 84 ON 27 GRTST 24HR 1.23 ON 24-24 TO 1/4 MILE OR LESS
LOWEST: 27 ON 2 3 = THUNDER
SNOW, ICE PELLETS, HAIL 4 = ICE PELLETS
TOTAL MONTH: 0.2 INCH 5 = HAIL
GRTST 24HR 0.1 ON 20-20 6 = FREEZING RAIN OR DRIZZLE
GRTST DEPTH: 0 7 = DUSTSTORM OR SANDSTORM:
VSBY 1/2 MILE OR LESS
8 = SMOKE OR HAZE
[NO. OF DAYS WITH] [WEATHER - DAYS WITH] 9 = BLOWING SNOW
X = TORNADO
MAX 32 OR BELOW: 0 0.01 INCH OR MORE: 9
MAX 90 OR ABOVE: 0 0.10 INCH OR MORE: 5
MIN 32 OR BELOW: 3 0.50 INCH OR MORE: 2
MIN 0 OR BELOW: 0 1.00 INCH OR MORE: 1
[HDD (BASE 65) ]
TOTAL THIS MO. 256 CLEAR (SCALE 0-3) 15
DPTR FM NORMAL 5 PTCLDY (SCALE 4-7) 12
TOTAL FM JUL 1 3674 CLOUDY (SCALE 8-10) 3
DPTR FM NORMAL -295
[CDD (BASE 65) ]
TOTAL THIS MO. 20
DPTR FM NORMAL -11 [PRESSURE DATA]
TOTAL FM JAN 1 22 HIGHEST SLP M ON M
DPTR FM NORMAL -14 LOWEST SLP 29.50 ON 10
[REMARKS]
#FINAL-04-21#