000
CXUS55 KRIW 011010
CF6BYG
PRELIMINARY LOCAL CLIMATOLOGICAL DATA (WS FORM: F-6)
STATION: BUFFALO WY
MONTH: JUNE
YEAR: 2023
LATITUDE: 44 22 N
LONGITUDE: 106 43 W
TEMPERATURE IN F: :PCPN: SNOW: WIND :SUNSHINE: SKY :PK WND
================================================================================
1 2 3 4 5 6A 6B 7 8 9 10 11 12 13 14 15 16 17 18
12Z AVG MX 2MIN
DY MAX MIN AVG DEP HDD CDD WTR SNW DPTH SPD SPD DIR MIN PSBL S-S WX SPD DR
================================================================================
1 71 51 61 4 4 0 0.30 M M 5.9 17 150 M M 3 13 25 150
2 68 52 60 3 5 0 0.40 M M 8.8 18 330 M M 8 13 26 350
3 72 52 62 4 3 0 0.01 M M 4.5 28 180 M M 7 3 35 180
4 73 56 65 7 0 0 0.09 M M 8.0 20 180 M M 3 3 26 180
5 77 53 65 7 0 0 0.00 M M 11.1 24 170 M M 1 3 32 160
6 80 52 66 7 0 1 T M M 6.5 21 320 M M 2 3 28 310
7 77 57 67 8 0 2 0.30 M M 6.5 21 150 M M 4 13 29 150
8 77 55 66 7 0 1 0.46 M M 6.7 25 280 M M 2 3 33 290
9 75 53 64 4 1 0 0.13 M M 6.3 22 70 M M 3 3 30 40
10 62 54 58 -2 7 0 1.00 M M 6.7 18 340 M M 9 13 25 340
11 66 53 60 0 5 0 0.35 M M 10.5 22 160 M M 8 13 29 160
12 69 51 60 0 5 0 0.27 M M 7.6 18 130 M M 4 13 26 140
13 72 51 62 1 3 0 0.00 M M 5.4 14 190 M M 2 17 180
14 75 54 65 4 0 0 0.12 M M 9.2 21 350 M M 4 3 28 350
15 64 51 58 -4 7 0 0.60 M M 11.7 20 350 M M 10 13 28 20
16 58 44 51 -11 14 0 0.76 M M 9.1 16 310 M M 7 1 21 320
17 72 43 58 -4 7 0 T M M 5.8 14 340 M M 2 19 350
18 78 51 65 2 0 0 T M M 11.1 25 340 M M 3 40 350
19 82 52 67 4 0 2 0.01 M M 9.2 20 330 M M 4 31 340
20 67 51 59 -4 6 0 0.07 M M 9.6 28 340 M M 6 1 40 330
21 66 51 59 -5 6 0 0.02 M M 10.4 26 340 M M 8 39 340
22 63 49 56 -8 9 0 0.05 M M 8.0 28 340 M M 10 1 36 340
23 69 48 59 -5 6 0 0.15 M M 6.0 35 240 M M 5 13 47 240
24 62 50 56 -9 9 0 0.11 M M 13.1 38 320 M M 7 1 51 310
25 74 44 59 -6 6 0 0.00 M M 5.4 13 230 M M 1 19 230
26 75 53 64 -2 1 0 0.51 M M 8.5 23 220 M M 3 38 34 240
27 71 53 62 -4 3 0 0.12 M M 6.9 18 360 M M 4 13 23 10
28 75 52 64 -2 1 0 T M M 7.8 23 350 M M 3 3 28 350
29 71 54 63 -4 2 0 0.02 M M 4.5 14 270 M M 3 3 18 270
30 78 52 65 -2 0 0 0.00 M M 5.0 13 60 M M 1 17 40
================================================================================
SM 2139 1542 110 6 5.85 M 235.8 M 137
================================================================================
AV 71.3 51.4 7.9 FASTST M M 5 MAX(MPH)
MISC ----> 38 320 51 310
================================================================================
NOTES:
# LAST OF SEVERAL OCCURRENCES
COLUMN 17 PEAK WIND IN M.P.H.
PRELIMINARY LOCAL CLIMATOLOGICAL DATA (WS FORM: F-6) , PAGE 2
STATION: BUFFALO WY
MONTH: JUNE
YEAR: 2023
LATITUDE: 44 22 N
LONGITUDE: 106 43 W
[TEMPERATURE DATA] [PRECIPITATION DATA] SYMBOLS USED IN COLUMN 16
AVERAGE MONTHLY: 61.4 TOTAL FOR MONTH: 5.85 1 = FOG OR MIST
DPTR FM NORMAL: -0.5 DPTR FM NORMAL: 3.78 2 = FOG REDUCING VISIBILITY
HIGHEST: 82 ON 19 GRTST 24HR 1.09 ON 9-10 TO 1/4 MILE OR LESS
LOWEST: 43 ON 17 3 = THUNDER
SNOW, ICE PELLETS, HAIL 4 = ICE PELLETS
TOTAL MONTH: M 5 = HAIL
GRTST 24HR M ON M 6 = FREEZING RAIN OR DRIZZLE
GRTST DEPTH: M ON M 7 = DUSTSTORM OR SANDSTORM:
VSBY 1/2 MILE OR LESS
8 = SMOKE OR HAZE
[NO. OF DAYS WITH] [WEATHER - DAYS WITH] 9 = BLOWING SNOW
X = TORNADO
MAX 32 OR BELOW: 0 0.01 INCH OR MORE: 22
MAX 90 OR ABOVE: 0 0.10 INCH OR MORE: 15
MIN 32 OR BELOW: 0 0.50 INCH OR MORE: 4
MIN 0 OR BELOW: 0 1.00 INCH OR MORE: 1
[HDD (BASE 65) ]
TOTAL THIS MO. 110 CLEAR (SCALE 0-3) 9
DPTR FM NORMAL -40 PTCLDY (SCALE 4-7) 17
TOTAL FM JUL 1 7039 CLOUDY (SCALE 8-10) 4
DPTR FM NORMAL -247
[CDD (BASE 65) ]
TOTAL THIS MO. 6
DPTR FM NORMAL -51 [PRESSURE DATA]
TOTAL FM JAN 1 11 HIGHEST SLP 30.20 ON 16
DPTR FM NORMAL -53 LOWEST SLP 29.41 ON 18
[REMARKS]
#FINAL-06-23#