000
CXUS55 KRIW 011010
CF6BYG
PRELIMINARY LOCAL CLIMATOLOGICAL DATA (WS FORM: F-6)
STATION: BUFFALO WY
MONTH: JUNE
YEAR: 2022
LATITUDE: 44 22 N
LONGITUDE: 106 43 W
TEMPERATURE IN F: :PCPN: SNOW: WIND :SUNSHINE: SKY :PK WND
================================================================================
1 2 3 4 5 6A 6B 7 8 9 10 11 12 13 14 15 16 17 18
12Z AVG MX 2MIN
DY MAX MIN AVG DEP HDD CDD WTR SNW DPTH SPD SPD DIR MIN PSBL S-S WX SPD DR
================================================================================
1 61 37 49 -8 16 0 0.00 M M 5.4 12 150 M M 3 17 140
2 63 46 55 -2 10 0 0.01 M M 3.9 12 230 M M 8 16 210
3 70 46 58 0 7 0 0.06 M M 9.7 22 170 M M 4 3 28 340
4 73 46 60 2 5 0 0.01 M M 5.2 15 330 M M 2 3 21 330
5 70 50 60 2 5 0 0.15 M M 8.2 28 340 M M 6 13 42 320
6 67 48 58 -1 7 0 T M M 9.2 32 350 M M 4 3 41 350
7 65 45 55 -4 10 0 T M M 9.8 31 350 M M 4 40 350
8 72 42 57 -2 8 0 0.00 M M 5.8 15 170 M M 3 20 110
9 73 54 64 4 1 0 0.00 M M 6.5 16 350 M M 4 26 350
10 83 52 68 8 0 3 0.00 M M 6.6 16 330 M M 0 24 350
11 82 53 68 8 0 3 0.00 M M 10.7 38 330 M M 2 51 330
12 80 53 67 7 0 2 T M M 8.2 26 340 M M 5 3 35 340
13 72 53 63 2 2 0 0.07 M M 9.2 32 240 M M 7 43 240
14 66 42 54 -7 11 0 T M M 9.6 36 230 M M 5 3 49 230
15 76 38 57 -5 8 0 0.00 M M 8.6 30 360 M M 0 40 20
16 84 45 65 3 0 0 0.00 M M 11.8 22 170 M M 0 32 170
17 93 61 77 15 0 12 T M M 14.9 38 130 M M 0 3 54 130
18 92 63 78 15 0 13 0.00 M M 15.5 40 240 M M 0 51 230
19 79 55 67 4 0 2 T M M 14.4 45 210 M M 4 3 56 210
20 66 46 56 -7 9 0 0.02 M M 7.1 46 240 M M 6 61 240
21 71 41 56 -8 9 0 0.00 M M 5.3 15 360 M M 1 22 360
22 84 54 69 5 0 4 0.00 M M 7.1 16 180 M M 0 8 20 190
23 89 58 74 10 0 9 0.00 M M 8.1 17 240 M M 0 26 230
24 74 48 61 -4 4 0 0.44 M M 13.5 36 320 M M 5 13 56 320
25 64 45 55 -10 10 0 T M M 12.9 24 330 M M 7 33 340
26 75 44 60 -6 5 0 0.00 M M 8.5 20 130 M M 0 27 130
27 84 52 68 2 0 3 0.00 M M 6.7 14 90 M M 0 18 340
28 92 59 76 10 0 11 T M M 8.8 38 250 M M 0 3 58 260
29 93 63 78 11 0 13 T M M 14.8 41 270 M M 1 3 58 240
30 78 56 67 0 0 2 0.00 M M 9.4 21 340 M M 1 26 350
================================================================================
SM 2291 1495 127 77 0.76 M 275.4 M 82
================================================================================
AV 76.4 49.8 9.2 FASTST M M 3 MAX(MPH)
MISC ----> 46 240 61 240
================================================================================
NOTES:
# LAST OF SEVERAL OCCURRENCES
COLUMN 17 PEAK WIND IN M.P.H.
PRELIMINARY LOCAL CLIMATOLOGICAL DATA (WS FORM: F-6) , PAGE 2
STATION: BUFFALO WY
MONTH: JUNE
YEAR: 2022
LATITUDE: 44 22 N
LONGITUDE: 106 43 W
[TEMPERATURE DATA] [PRECIPITATION DATA] SYMBOLS USED IN COLUMN 16
AVERAGE MONTHLY: 63.1 TOTAL FOR MONTH: 0.76 1 = FOG OR MIST
DPTR FM NORMAL: 1.2 DPTR FM NORMAL: -1.31 2 = FOG REDUCING VISIBILITY
HIGHEST: 93 ON 29,17 GRTST 24HR 0.44 ON 24-24 TO 1/4 MILE OR LESS
LOWEST: 37 ON 1 3 = THUNDER
SNOW, ICE PELLETS, HAIL 4 = ICE PELLETS
TOTAL MONTH: M 5 = HAIL
GRTST 24HR M ON M 6 = FREEZING RAIN OR DRIZZLE
GRTST DEPTH: M ON M 7 = DUSTSTORM OR SANDSTORM:
VSBY 1/2 MILE OR LESS
8 = SMOKE OR HAZE
[NO. OF DAYS WITH] [WEATHER - DAYS WITH] 9 = BLOWING SNOW
X = TORNADO
MAX 32 OR BELOW: 0 0.01 INCH OR MORE: 7
MAX 90 OR ABOVE: 4 0.10 INCH OR MORE: 2
MIN 32 OR BELOW: 0 0.50 INCH OR MORE: 0
MIN 0 OR BELOW: 0 1.00 INCH OR MORE: 0
[HDD (BASE 65) ]
TOTAL THIS MO. 127 CLEAR (SCALE 0-3) 16
DPTR FM NORMAL -23 PTCLDY (SCALE 4-7) 14
TOTAL FM JUL 1 6786 CLOUDY (SCALE 8-10) 0
DPTR FM NORMAL -500
[CDD (BASE 65) ]
TOTAL THIS MO. 77
DPTR FM NORMAL 20 [PRESSURE DATA]
TOTAL FM JAN 1 79 HIGHEST SLP 30.44 ON 26
DPTR FM NORMAL 15 LOWEST SLP 29.52 ON 13
[REMARKS]
#FINAL-06-22#