000
CXUS55 KPIH 011359
CF6BYI
PRELIMINARY LOCAL CLIMATOLOGICAL DATA (WS FORM: F-6)
STATION: BURLEY
MONTH: JANUARY
YEAR: 2023
LATITUDE: 42 32 N
LONGITUDE: 113 46 W
TEMPERATURE IN F: :PCPN: SNOW: WIND :SUNSHINE: SKY :PK WND
================================================================================
1 2 3 4 5 6A 6B 7 8 9 10 11 12 13 14 15 16 17 18
12Z AVG MX 2MIN
DY MAX MIN AVG DEP HDD CDD WTR SNW DPTH SPD SPD DIR MIN PSBL S-S WX SPD DR
================================================================================
1 33 28 31 3 34 0 T M M 5.8 12 270 M M 10 1 16 290
2 33 26 30 2 35 0 T M M 6.4 12 260 M M 9 17 290
3 33 24 29 1 36 0 0.00 M M 7.8 16 210 M M 8 22 210
4 40 26 33 5 32 0 0.00 M M 7.1 15 50 M M 5 22 180
5 43 28 36 8 29 0 0.10 M M 6.3 15 60 M M 7 1 21 60
6 41 31 36 8 29 0 0.07 M M 7.9 17 240 M M 8 1 23 240
7 41 24 33 5 32 0 0.00 M M 4.6 10 50 M M 1 12 14 50
8 41 25 33 4 32 0 0.01 M M 8.8 31 250 M M 3 1 48 260
9 40 25 33 4 32 0 0.08 M M 8.3 24 200 M M 7 1 39 200
10 40 32 36 7 29 0 0.08 M M 6.1 16 60 M M 10 12 23 50
11 43 32 38 9 27 0 T M M 13.0 23 260 M M 3 1 33 260
12 48 31 40 11 25 0 0.00 M M 8.4 15 50 M M 5 21 180
13 47 31 39 10 26 0 T M M 9.3 17 180 M M 2 25 190
14 49 36 43 14 22 0 0.13 M M 9.4 21 200 M M 6 1 30 200
15 42 32 37 8 28 0 0.01 M M 6.5 17 270 M M 6 1 25 270
16 40 26 33 4 32 0 0.00 M M 7.5 17 60 M M 5 21 50
17 32 27 30 1 35 0 T M M 5.3 14 290 M M 10 1 21 280
18 36 19 28 -1 37 0 0.00 M M 9.4 18 200 M M 4 25 210
19 30 23 27 -2 38 0 M M M 7.9 22 200 M M 9 1 28 200
20 27 4 16 -13 49 0 M M M 6.9 13 280 M M 5 1 21 290
21 26 2 14 -16 51 0 0.00 M M 2.0 9 20 M M 0 13 40
22 23 12 18 -12 47 0 T M M 5.3 10 270 M M 10 1 15 270
23 26 16 21 -9 44 0 T M M 6.6 13 240 M M 8 20 280
24 27 6 17 -13 48 0 0.00 M M 3.8 10 250 M M 1 15 280
25 27 7 17 -13 48 0 T M M 2.1 10 250 M M 9 12 13 250
26 38 18 28 -2 37 0 0.00 M M 7.8 22 250 M M 7 1 30 250
27 40 33 37 7 28 0 T M M 16.2 28 260 M M 8 51 290
28 38 17 28 -2 37 0 0.01 M M 14.2 26 260 M M 7 1 38 250
29 17 1 9 -21 56 0 T M M 15.3 25 80 M M 9 1 34 80
30 14 -3 6 -24 59 0 0.00 M M 3.4 13 70 M M 3 17 50
31 17 -5 6 -24 59 0 0.00 M M 7.4 14 50 M M 6 1 18 50
================================================================================
SM 1072 634 1153 0 0.49 M 236.8 M 191
================================================================================
AV 34.6 20.5 7.6 FASTST M M 6 MAX(MPH)
MISC ----> 31 250 51 290
================================================================================
NOTES:
# LAST OF SEVERAL OCCURRENCES
COLUMN 17 PEAK WIND IN M.P.H.
19-20TH: PRECIP SUSPECT. MARKED AS MISSING.
PRELIMINARY LOCAL CLIMATOLOGICAL DATA (WS FORM: F-6) , PAGE 2
STATION: BURLEY
MONTH: JANUARY
YEAR: 2023
LATITUDE: 42 32 N
LONGITUDE: 113 46 W
[TEMPERATURE DATA] [PRECIPITATION DATA] SYMBOLS USED IN COLUMN 16
AVERAGE MONTHLY: 27.5 TOTAL FOR MONTH: 0.49 1 = FOG OR MIST
DPTR FM NORMAL: -1.7 DPTR FM NORMAL: -0.56 2 = FOG REDUCING VISIBILITY
HIGHEST: 49 ON 14 GRTST 24HR 0.27 ON 15-15 TO 1/4 MILE OR LESS
LOWEST: -5 ON 31 3 = THUNDER
SNOW, ICE PELLETS, HAIL 4 = ICE PELLETS
TOTAL MONTH: M 5 = HAIL
GRTST 24HR M ON M 6 = FREEZING RAIN OR DRIZZLE
GRTST DEPTH: M ON M 7 = DUSTSTORM OR SANDSTORM:
VSBY 1/2 MILE OR LESS
8 = SMOKE OR HAZE
[NO. OF DAYS WITH] [WEATHER - DAYS WITH] 9 = BLOWING SNOW
X = TORNADO
MAX 32 OR BELOW: 11 0.01 INCH OR MORE: 8
MAX 90 OR ABOVE: 0 0.10 INCH OR MORE: 2
MIN 32 OR BELOW: 29 0.50 INCH OR MORE: 0
MIN 0 OR BELOW: 2 1.00 INCH OR MORE: 0
[HDD (BASE 65) ]
TOTAL THIS MO. 1153 CLEAR (SCALE 0-3) 6
DPTR FM NORMAL 43 PTCLDY (SCALE 4-7) 17
TOTAL FM JUL 1 3867 CLOUDY (SCALE 8-10) 8
DPTR FM NORMAL 137
[CDD (BASE 65) ]
TOTAL THIS MO. 0
DPTR FM NORMAL 0 [PRESSURE DATA]
TOTAL FM JAN 1 0 HIGHEST SLP 30.65 ON 31
DPTR FM NORMAL 0 LOWEST SLP 29.47 ON 15
[REMARKS]
#FINAL-01-23#