000
CXUS55 KCAE 011400
CF6CAE
PRELIMINARY LOCAL CLIMATOLOGICAL DATA (WS FORM: F-6)
STATION: COLUMBIA METRO AIRPORT SC
MONTH: JUNE
YEAR: 2020
LATITUDE: 33 57 N
LONGITUDE: 81 7 W
TEMPERATURE IN F: :PCPN: SNOW: WIND :SUNSHINE: SKY :PK WND
================================================================================
1 2 3 4 5 6A 6B 7 8 9 10 11 12 13 14 15 16 17 18
12Z AVG MX 2MIN
DY MAX MIN AVG DEP HDD CDD WTR SNW DPTH SPD SPD DIR MIN PSBL S-S WX SPD DR
================================================================================
1 82 64 73 -3 0 8 0.00 0.0 0 4.5 13 30 M M 3 17 10
2 86 60 73 -3 0 8 0.00 0.0 0 5.2 15 260 M M 2 19 260
3 90 67 79 3 0 14 0.00 0.0 0 8.8 20 200 M M 5 23 190
4 89 70 80 3 0 15 0.05 0.0 0 6.7 24 180 M M 7 13 30 180
5 90 71 81 4 0 16 0.10 0.0 0 5.6 21 260 M M 6 18 26 260
6 89 72 81 4 0 16 0.00 0.0 0 5.3 10 260 M M 7 12 310
7 89 71 80 2 0 15 0.00 0.0 0 4.9 14 180 M M 7 17 220
8 87 71 79 1 0 14 0.00 0.0 0 4.1 12 180 M M 7 14 180
9 92 74 83 5 0 18 0.58 0.0 0 4.8 21 80 M M 8 138 32 90
10 90 71 81 3 0 16 0.21 0.0 0 6.7 21 250 M M 4 13 26 220
11 92 73 83 5 0 18 0.85 0.0 0 5.3 17 110 M M 6 13 20 110
12 88 74 81 2 0 16 T 0.0 0 6.9 16 20 M M 5 22 30
13 87 70 79 0 0 14 0.00 0.0 0 7.1 18 70 M M 5 23 80
14 85 66 76 -3 0 11 0.00 0.0 0 8.7 17 100 M M 2 22 70
15 71 62 67 -12 0 2 T 0.0 0 9.8 16 20 M M 9 25 20
16 67 61 64 -15 1 0 0.01 0.0 0 8.4 16 30 M M 9 18 21 20
17 72 61 67 -13 0 2 T 0.0 0 3.4 9 280 M M 9 11 320
18 80 63 72 -8 0 7 0.02 0.0 0 4.3 21 140 M M 7 30 140
19 86 65 76 -4 0 11 0.04 0.0 0 4.4 23 190 M M 6 13 30 10
20 90 65 78 -2 0 13 0.03 0.0 0 4.2 12 300 M M 3 13 16 300
21 94 67 81 1 0 16 0.00 0.0 0 3.8 12 130 M M 4 15 130
22 94 69 82 2 0 17 T 0.0 0 5.6 17 250 M M 5 3 21 240
23 90 71 81 0 0 16 0.36 0.0 0 7.6 30 290 M M 6 13 39 310
24 90 71 81 0 0 16 0.68 0.0 0 5.1 12 220 M M 5 13 15 240
25 88 69 79 -2 0 14 1.33 0.0 0 6.9 17 270 M M 7 1 22 270
26 90 71 81 0 0 16 0.51 0.0 0 4.5 41 270 M M 5 138 50 270
27 90 71 81 0 0 16 T 0.0 0 11.2 38 270 M M 6 8 49 280
28 93 71 82 1 0 17 0.01 0.0 0 9.9 30 310 M M 6 3 37 300
29 94 72 83 2 0 18 T 0.0 0 7.2 23 290 M M 5 29 300
30 92 72 82 1 0 17 T 0.0 0 4.9 14 300 M M 5 3 20 310
================================================================================
SM 2617 2055 1 397 4.78 0.0 185.8 M 171
================================================================================
AV 87.2 68.5 6.2 FASTST M M 6 MAX(MPH)
MISC ----> # 41 270 # 50 270
================================================================================
NOTES:
# LAST OF SEVERAL OCCURRENCES
COLUMN 17 PEAK WIND IN M.P.H.
PRELIMINARY LOCAL CLIMATOLOGICAL DATA (WS FORM: F-6) , PAGE 2
STATION: COLUMBIA METRO AIRPORT SC
MONTH: JUNE
YEAR: 2020
LATITUDE: 33 57 N
LONGITUDE: 81 7 W
[TEMPERATURE DATA] [PRECIPITATION DATA] SYMBOLS USED IN COLUMN 16
AVERAGE MONTHLY: 77.9 TOTAL FOR MONTH: 4.78 1 = FOG OR MIST
DPTR FM NORMAL: -1.2 DPTR FM NORMAL: 0.09 2 = FOG REDUCING VISIBILITY
HIGHEST: 94 ON 29,22 GRTST 24HR 1.33 ON 25-25 TO 1/4 MILE OR LESS
LOWEST: 60 ON 2 3 = THUNDER
SNOW, ICE PELLETS, HAIL 4 = ICE PELLETS
TOTAL MONTH: 0.0 INCH 5 = HAIL
GRTST 24HR 0.0 6 = FREEZING RAIN OR DRIZZLE
GRTST DEPTH: 0 7 = DUSTSTORM OR SANDSTORM:
VSBY 1/2 MILE OR LESS
8 = SMOKE OR HAZE
[NO. OF DAYS WITH] [WEATHER - DAYS WITH] 9 = BLOWING SNOW
X = TORNADO
MAX 32 OR BELOW: 0 0.01 INCH OR MORE: 14
MAX 90 OR ABOVE: 15 0.10 INCH OR MORE: 8
MIN 32 OR BELOW: 0 0.50 INCH OR MORE: 5
MIN 0 OR BELOW: 0 1.00 INCH OR MORE: 1
[HDD (BASE 65) ]
TOTAL THIS MO. 1 CLEAR (SCALE 0-3) 4
DPTR FM NORMAL 0 PTCLDY (SCALE 4-7) 23
TOTAL FM JUL 1 2017 CLOUDY (SCALE 8-10) 3
DPTR FM NORMAL -535
[CDD (BASE 65) ]
TOTAL THIS MO. 397
DPTR FM NORMAL -27 [PRESSURE DATA]
TOTAL FM JAN 1 766 HIGHEST SLP 30.25 ON 1
DPTR FM NORMAL 21 LOWEST SLP 29.80 ON 23
[REMARKS]
#FINAL-06-20#