000
CXUS55 KBOU 010813
CF6CCU
PRELIMINARY LOCAL CLIMATOLOGICAL DATA (WS FORM: F-6)
STATION: COPPER MTN/RED CLIFF
MONTH: APRIL
YEAR: 2020
LATITUDE: 39 28 N
LONGITUDE: 106 9 W
TEMPERATURE IN F: :PCPN: SNOW: WIND :SUNSHINE: SKY :PK WND
================================================================================
1 2 3 4 5 6A 6B 7 8 9 10 11 12 13 14 15 16 17 18
12Z AVG MX 2MIN
DY MAX MIN AVG DEP HDD CDD WTR SNW DPTH SPD SPD DIR MIN PSBL S-S WX SPD DR
================================================================================
1 39 30 35 M 30 0 M M M 15.8 25 180 M M 2 8 35 180
2 34 18 26 M 39 0 M M M 16.0 24 180 M M 8 8 37 180
3 27 14 21 M 44 0 M M M 13.0 20 240 M M 5 8 33 240
4 34 19 27 M 38 0 M M M 13.9 23 260 M M 7 8 35 270
5 37 28 33 M 32 0 M M M 12.1 18 250 M M 4 8 30 190
6 41 30 36 M 29 0 M M M 13.9 23 240 M M 1 8 35 240
7 41 28 35 M 30 0 M M M 19.5 35 260 M M 3 8 44 260
8 41 28 35 M 30 0 M M M 14.1 24 280 M M 0 8 31 260
9 46 34 40 M 25 0 M M M 8.0 16 110 M M 4 23 110
10 37 30 34 M 31 0 M M M 12.0 25 270 M M 7 238 30 270
11 37 27 32 M 33 0 M M M 14.5 23 270 M M 3 8 32 250
12 28 14 21 M 44 0 M M M 16.3 23 280 M M 10 37 290
13 18 5 12 M 53 0 M M M 16.1 21 290 M M 10 37 290
14 19 0 10 M 55 0 M M M 18.5 30 270 M M 8 8 37 270
15 27 12 20 M 45 0 M M M 14.0 21 260 M M 9 8 31 260
16 28 18 23 M 42 0 M M M 14.3 23 160 M M 10 39 260
17 32 12 22 M 43 0 M M M 12.8 22 250 M M 4 8 30 250
18 34 25 30 M 35 0 M M M 12.8 23 250 M M 7 8 35 250
19 34 23 29 M 36 0 M M M 10.4 22 290 M M 9 8 30 290
20 37 23 30 M 35 0 M M M 7.7 12 310 M M 7 8 21 300
21 39 28 34 M 31 0 M M M 5.5 14 300 M M 6 3 21 300
22 37 28 33 M 32 0 M M M 10.9 25 270 M M 7 36 270
23 34 27 31 M 34 0 M M M 13.7 30 270 M M 10 13 31 280
24 32 23 28 M 37 0 M M M 15.0 24 300 M M 9 36 300
25 37 25 31 M 34 0 M M M 13.0 21 270 M M 5 8 25 270
26 45 30 38 M 27 0 M M M 11.3 21 260 M M 4 25 260
27 46 32 39 M 26 0 M M M 13.4 29 270 M M 2 8 45 270
28 45 34 40 M 25 0 M M M 20.3 40 290 M M 4 50 290
29 54 34 44 M 21 0 M M M 11.4 17 290 M M 0 25 290
30 54 41 48 M 17 0 0.00 0.0 0 14.4 25 260 M M 3 37 250
================================================================================
SM 1094 720 1033 0 0.00 0.0 404.6 M 168
================================================================================
AV 36.5 24.0 13.5 FASTST M M 6 MAX(MPH)
MISC ----> # 40 290 # 50 290
================================================================================
NOTES:
# LAST OF SEVERAL OCCURRENCES
COLUMN 17 PEAK WIND IN M.P.H.
PRELIMINARY LOCAL CLIMATOLOGICAL DATA (WS FORM: F-6) , PAGE 2
STATION: COPPER MTN/RED CLIFF
MONTH: APRIL
YEAR: 2020
LATITUDE: 39 28 N
LONGITUDE: 106 9 W
[TEMPERATURE DATA] [PRECIPITATION DATA] SYMBOLS USED IN COLUMN 16
AVERAGE MONTHLY: 30.2 TOTAL FOR MONTH: 0.00 1 = FOG OR MIST
DPTR FM NORMAL: M DPTR FM NORMAL: M 2 = FOG REDUCING VISIBILITY
HIGHEST: 54 ON 30,29 GRTST 24HR 0.00 ON 30-30 TO 1/4 MILE OR LESS
LOWEST: 0 ON 14 3 = THUNDER
SNOW, ICE PELLETS, HAIL 4 = ICE PELLETS
TOTAL MONTH: 0.0 INCH 5 = HAIL
GRTST 24HR 0.0 6 = FREEZING RAIN OR DRIZZLE
GRTST DEPTH: 0 7 = DUSTSTORM OR SANDSTORM:
VSBY 1/2 MILE OR LESS
8 = SMOKE OR HAZE
[NO. OF DAYS WITH] [WEATHER - DAYS WITH] 9 = BLOWING SNOW
X = TORNADO
MAX 32 OR BELOW: 8 0.01 INCH OR MORE: 0
MAX 90 OR ABOVE: 0 0.10 INCH OR MORE: 0
MIN 32 OR BELOW: 26 0.50 INCH OR MORE: 0
MIN 0 OR BELOW: 1 1.00 INCH OR MORE: 0
[HDD (BASE 65) ]
TOTAL THIS MO. 1033 CLEAR (SCALE 0-3) 7
DPTR FM NORMAL M PTCLDY (SCALE 4-7) 16
TOTAL FM JUL 1 9273 CLOUDY (SCALE 8-10) 7
DPTR FM NORMAL M
[CDD (BASE 65) ]
TOTAL THIS MO. 0
DPTR FM NORMAL M [PRESSURE DATA]
TOTAL FM JAN 1 0 HIGHEST SLP M ON M
DPTR FM NORMAL M LOWEST SLP M ON M
[REMARKS]
#FINAL-04-20#