000
CXUS53 KARX 181946
CF6CCY
PRELIMINARY LOCAL CLIMATOLOGICAL DATA (WS FORM: F-6)
STATION: CHARLES_CITY IA
MONTH: JANUARY
YEAR: 2024
LATITUDE: 43 4 N
LONGITUDE: 92 37 W
TEMPERATURE IN F: :PCPN: SNOW: WIND :SUNSHINE: SKY :PK WND
================================================================================
1 2 3 4 5 6A 6B 7 8 9 10 11 12 13 14 15 16 17 18
12Z AVG MX 2MIN
DY MAX MIN AVG DEP HDD CDD WTR SNW DPTH SPD SPD DIR MIN PSBL S-S WX SPD DR
================================================================================
1 25 19 22 5 43 0 0.00 0.0 M 8.1 12 220 M M 7 17 240
2 36 19 28 11 37 0 0.00 0.0 M 10.0 15 330 M M 8 1 22 330
3 32 27 30 13 35 0 0.00 0.0 M 9.5 14 340 M M 10 20 320
4 28 21 25 8 40 0 0.00 0.0 M 3.7 8 210 M M 9 13 260
5 36 21 29 12 36 0 0.00 0.0 0 8.3 16 170 M M 3 22 180
6 30 25 28 11 37 0 M M 0 3.6 8 120 M M 10 1 M M
7 28 19 24 7 41 0 M M 0 7.3 15 290 M M 9 1 20 290
8 34 21 28 11 37 0 M M 0 13.4 20 90 M M 9 25 130
9 30 25 28 11 37 0 M M M 19.9 28 340 M M 10 1 35 10
10 25 19 22 5 43 0 M M M 9.1 15 180 M M 10 1 21 300
11 23 12 18 1 47 0 M M M 8.6 15 10 M M 7 1 18 320
12 18 12 15 -2 50 0 M M M 22.6 32 340 M M 10 1 45 330
13 12 -11 1 -15 64 0 M M M 23.2 30 320 M M 10 1 38 320
14 -4 -13 -8 -24 73 0 M M M 15.0 27 310 M M 8 18 37 300
15 1 -13 -6 -22 71 0 0.00 0.0 M 12.7 17 280 M M 2 23 270
16 5 -9 -2 -18 67 0 0.00 0.0 M 14.3 23 250 M M 0 28 270
17 14 -2 6 -11 59 0 0.00 0.0 M 8.0 14 250 M M 4 17 290
18 12 3 8 -9 57 0 M M M 9.2 18 330 M M 7 25 330
19 5 -6 0 -17 65 0 M M M 12.3 17 320 M M 4 1 24 320
20 5 -13 -4 -21 69 0 0.00 0.0 M 6.8 12 320 M M 0 M M
21 19 -6 7 -10 58 0 0.00 0.0 M 16.3 24 170 M M 3 29 170
22 32 21 27 10 38 0 0.00 0.0 M 11.7 21 170 M M 6 29 170
23 34 30 32 15 33 0 0.00 0.0 M 7.0 10 80 M M 10 12 M M
24 36 32 34 17 31 0 0.00 0.0 M 4.9 8 130 M M 10 12 M M
25 36 32 34 17 31 0 0.10 0.0 M 2.8 6 50 M M 10 12 M M
26 37 34 36 19 29 0 0.36 0.0 M 5.4 8 320 M M 10 12 M M
27 36 30 33 16 32 0 0.00 0.0 M 6.8 13 330 M M 10 12 18 330
28 32 30 31 14 34 0 0.00 0.0 M 7.6 14 340 M M 10 12 20 340
29 46 27 37 20 28 0 0.00 0.0 M 9.9 16 320 M M 5 12 25 320
30 37 34 36 18 29 0 0.00 0.0 M 11.5 18 340 M M 10 27 320
31 54 30 42 24 23 0 0.00 0.0 M 10.3 14 220 M M 5 12 20 220
================================================================================
SM 794 470 1374 0 0.46 0.0 319.8 M 226
================================================================================
AV 25.6 15.2 10.3 FASTST M M 7 MAX(MPH)
MISC ----> 32 340 45 330
================================================================================
NOTES:
# LAST OF SEVERAL OCCURRENCES
COLUMN 17 PEAK WIND IN M.P.H.
PRELIMINARY LOCAL CLIMATOLOGICAL DATA (WS FORM: F-6) , PAGE 2
STATION: CHARLES_CITY IA
MONTH: JANUARY
YEAR: 2024
LATITUDE: 43 4 N
LONGITUDE: 92 37 W
[TEMPERATURE DATA] [PRECIPITATION DATA] SYMBOLS USED IN COLUMN 16
AVERAGE MONTHLY: 20.4 TOTAL FOR MONTH: 0.46 1 = FOG OR MIST
DPTR FM NORMAL: 3.5 DPTR FM NORMAL: -0.41 2 = FOG REDUCING VISIBILITY
HIGHEST: 54 ON 31 GRTST 24HR 0.36 ON 26-26 TO 1/4 MILE OR LESS
LOWEST: -13 ON 20,15 3 = THUNDER
SNOW, ICE PELLETS, HAIL 4 = ICE PELLETS
TOTAL MONTH: 0.0 INCH 5 = HAIL
GRTST 24HR 0.0 6 = FREEZING RAIN OR DRIZZLE
GRTST DEPTH: 0 7 = DUSTSTORM OR SANDSTORM:
VSBY 1/2 MILE OR LESS
8 = SMOKE OR HAZE
[NO. OF DAYS WITH] [WEATHER - DAYS WITH] 9 = BLOWING SNOW
X = TORNADO
MAX 32 OR BELOW: 20 0.01 INCH OR MORE: 2
MAX 90 OR ABOVE: 0 0.10 INCH OR MORE: 1
MIN 32 OR BELOW: 29 0.50 INCH OR MORE: 0
MIN 0 OR BELOW: 8 1.00 INCH OR MORE: 0
[HDD (BASE 65) ]
TOTAL THIS MO. 1374 CLEAR (SCALE 0-3) 3
DPTR FM NORMAL -118 PTCLDY (SCALE 4-7) 11
TOTAL FM JUL 1 3655 CLOUDY (SCALE 8-10) 17
DPTR FM NORMAL -771
[CDD (BASE 65) ]
TOTAL THIS MO. 0
DPTR FM NORMAL 0 [PRESSURE DATA]
TOTAL FM JAN 1 0 HIGHEST SLP M ON M
DPTR FM NORMAL 0 LOWEST SLP M ON M
[REMARKS]
#FINAL-01-24#