000
CXUS53 KARX 011000
CF6CCY
PRELIMINARY LOCAL CLIMATOLOGICAL DATA (WS FORM: F-6)
STATION: CHARLES_CITY IA
MONTH: JANUARY
YEAR: 2021
LATITUDE: 43 4 N
LONGITUDE: 92 37 W
TEMPERATURE IN F: :PCPN: SNOW: WIND :SUNSHINE: SKY :PK WND
================================================================================
1 2 3 4 5 6A 6B 7 8 9 10 11 12 13 14 15 16 17 18
12Z AVG MX 2MIN
DY MAX MIN AVG DEP HDD CDD WTR SNW DPTH SPD SPD DIR MIN PSBL S-S WX SPD DR
================================================================================
1 23 12 18 1 47 0 M M M 8.4 13 350 M M 4 1 M M
2 23 5 14 -3 51 0 M M M 4.8 7 170 M M 6 12 M M
3 23 12 18 1 47 0 M M M 8.0 15 180 M M 7 12 M M
4 36 21 29 12 36 0 M M M 10.2 14 180 M M 6 12 18 300
5 32 14 23 6 42 0 M M M 4.0 9 300 M M 4 12 M M
6 32 23 28 11 37 0 0.00 0.0 M 9.6 13 90 M M 9 1 M M
7 32 23 28 11 37 0 0.00 0.0 M 6.4 10 100 M M 10 12 16 140
8 28 23 26 9 39 0 0.00 0.0 M 7.0 9 350 M M 10 1 13 360
9 23 18 21 4 44 0 0.00 0.0 M 5.4 8 300 M M 10 1 12 40
10 27 18 23 6 42 0 0.00 0.0 M 8.5 12 300 M M 10 1 16 330
11 36 19 28 11 37 0 0.00 0.0 M 11.1 18 210 M M 2 25 210
12 39 19 29 12 36 0 0.00 0.0 M 6.9 12 200 M M 0 1 M M
13 41 28 35 19 30 0 0.00 0.0 M 6.4 10 180 M M 3 1 M M
14 34 27 31 15 34 0 0.12 M M 9.2 15 290 M M 9 1 21 290
15 34 32 33 17 32 0 M M M 12.7 16 30 M M 10 1 22 50
16 34 23 29 13 36 0 M M M 15.3 22 330 M M 10 1 30 330
17 25 16 21 4 44 0 M M M 8.7 14 310 M M 8 1 20 310
18 25 16 21 4 44 0 M M M 8.3 14 310 M M 7 1 M M
19 34 5 20 3 45 0 M M M 12.6 28 300 M M 9 1 38 300
20 37 1 19 2 46 0 0.00 0.0 M 14.5 23 200 M M 1 30 200
21 34 10 22 5 43 0 0.00 0.0 M 19.3 27 300 M M 3 39 300
22 14 3 9 -8 56 0 0.00 0.0 M 8.8 20 320 M M 0 27 330
23 21 3 12 -5 53 0 M M M 9.6 15 120 M M 7 M M
24 23 9 16 -1 49 0 M M M 7.5 14 360 M M 5 1 16 350
25 19 9 14 -3 51 0 M M M 13.9 20 50 M M 5 25 50
26 19 9 14 -3 51 0 M M M 13.6 22 20 M M 6 8 28 20
27 19 5 12 -5 53 0 0.00 0.0 M 6.7 9 20 M M 5 M M
28 19 -2 9 -8 56 0 0.00 0.0 M 7.4 13 140 M M 2 M M
29 25 14 20 3 45 0 0.00 0.0 M 14.6 22 120 M M 8 1 28 120
30 30 25 28 10 37 0 M M M 19.1 22 110 M M 10 1 30 110
31 30 28 29 11 36 0 M M M 11.8 16 360 M M 9 1 20 360
================================================================================
SM 871 468 1336 0 0.12 0.0 310.2 M 195
================================================================================
AV 28.1 15.1 10.0 FASTST M M 6 MAX(MPH)
MISC ----> 28 300 39 300
================================================================================
NOTES:
# LAST OF SEVERAL OCCURRENCES
COLUMN 17 PEAK WIND IN M.P.H.
PRELIMINARY LOCAL CLIMATOLOGICAL DATA (WS FORM: F-6) , PAGE 2
STATION: CHARLES_CITY IA
MONTH: JANUARY
YEAR: 2021
LATITUDE: 43 4 N
LONGITUDE: 92 37 W
[TEMPERATURE DATA] [PRECIPITATION DATA] SYMBOLS USED IN COLUMN 16
AVERAGE MONTHLY: 21.6 TOTAL FOR MONTH: 0.12 1 = FOG OR MIST
DPTR FM NORMAL: 4.7 DPTR FM NORMAL: -0.75 2 = FOG REDUCING VISIBILITY
HIGHEST: 41 ON 13 GRTST 24HR 0.33 ON 14-15 TO 1/4 MILE OR LESS
LOWEST: -2 ON 28 3 = THUNDER
SNOW, ICE PELLETS, HAIL 4 = ICE PELLETS
TOTAL MONTH: 0.0 INCH 5 = HAIL
GRTST 24HR 0.0 6 = FREEZING RAIN OR DRIZZLE
GRTST DEPTH: M ON M 7 = DUSTSTORM OR SANDSTORM:
VSBY 1/2 MILE OR LESS
8 = SMOKE OR HAZE
[NO. OF DAYS WITH] [WEATHER - DAYS WITH] 9 = BLOWING SNOW
X = TORNADO
MAX 32 OR BELOW: 21 0.01 INCH OR MORE: 1
MAX 90 OR ABOVE: 0 0.10 INCH OR MORE: 1
MIN 32 OR BELOW: 31 0.50 INCH OR MORE: 0
MIN 0 OR BELOW: 1 1.00 INCH OR MORE: 0
[HDD (BASE 65) ]
TOTAL THIS MO. 1336 CLEAR (SCALE 0-3) 7
DPTR FM NORMAL -156 PTCLDY (SCALE 4-7) 12
TOTAL FM JUL 1 4124 CLOUDY (SCALE 8-10) 12
DPTR FM NORMAL -302
[CDD (BASE 65) ]
TOTAL THIS MO. 0
DPTR FM NORMAL 0 [PRESSURE DATA]
TOTAL FM JAN 1 0 HIGHEST SLP M ON M
DPTR FM NORMAL 0 LOWEST SLP M ON M
[REMARKS]
#FINAL-01-21#