000
CXUS55 KEAX 010736
CF6CDJ
PRELIMINARY LOCAL CLIMATOLOGICAL DATA (WS FORM: F-6)
STATION: CHILLICOTHE
MONTH: MARCH
YEAR: 2020
LATITUDE: 39 49 N
LONGITUDE: 93 35 W
TEMPERATURE IN F: :PCPN: SNOW: WIND :SUNSHINE: SKY :PK WND
================================================================================
1 2 3 4 5 6A 6B 7 8 9 10 11 12 13 14 15 16 17 18
12Z AVG MX 2MIN
DY MAX MIN AVG DEP HDD CDD WTR SNW DPTH SPD SPD DIR MIN PSBL S-S WX SPD DR
================================================================================
1 66 45 56 20 9 0 0.00 M M 8.1 17 200 M M 0 27 350
2 52 32 42 5 23 0 0.00 M M 3.7 14 360 M M 0 26 10
3 59 31 45 8 20 0 0.00 M M 5.9 17 310 M M 0 28 310
4 58 35 47 9 18 0 0.00 M M 4.3 14 310 M M 0 25 300
5 57 35 46 8 19 0 0.00 M M 12.2 26 310 M M 0 44 310
6 52 28 40 2 25 0 0.00 M M 4.7 14 320 M M 0 23 320
7 65 34 50 11 15 0 0.00 M M 10.2 22 190 M M 0 32 180
8 70 46 58 19 7 0 0.00 M M 15.9 30 190 M M 0 46 220
9 58 36 47 7 18 0 1.53 M M 8.8 21 200 M M 0 33 200
10 44 33 39 -1 26 0 0.00 M M 4.9 15 310 M M 0 22 310
11 62 33 48 7 17 0 0.00 M M 3.6 10 180 M M 0 14 170
12 65 42 54 13 11 0 0.03 M M 7.7 20 330 M M 0 35 300
13 46 31 39 -3 26 0 0.01 M M 3.1 15 60 M M 0 22 60
14 42 33 38 -4 27 0 0.50 M M 9.4 16 50 M M 0 27 50
15 38 32 35 -7 30 0 0.00 M M 6.1 12 90 M M 0 17 40
16 44 35 40 -3 25 0 0.30 M M 1.3 6 200 M M 0 8 50
17 48 40 44 1 21 0 0.00 M M 5.3 13 130 M M 0 19 120
18 55 44 50 6 15 0 0.66 M M 3.7 12 150 M M 0 16 140
19 70 48 59 15 6 0 1.18 M M 9.1 18 190 M M 0 33 350
20 48 29 39 -5 26 0 0.00 M M 9.8 20 350 M M 0 38 350
21 45 24 35 -10 30 0 0.00 M M 3.7 13 110 M M 0 19 110
22 38 33 36 -9 29 0 0.22 M M 6.9 13 120 M M 0 20 120
23 50 36 43 -3 22 0 0.00 M M 3.1 10 120 M M 0 15 120
24 54 39 47 1 18 0 0.00 M M 5.8 12 150 M M 0 18 110
25 63 43 53 7 12 0 0.00 M M 7.5 16 150 M M 0 24 170
26 58 47 53 6 12 0 0.00 M M 6.3 13 60 M M 0 19 100
27 56 49 53 6 12 0 0.00 M M 5.3 13 100 M M 0 21 100
28 75 46 61 13 4 0 0.01 M M 11.5 31 190 M M 0 51 210
29 65 40 53 5 12 0 0.00 M M 10.2 23 300 M M 0 40 280
30 67 33 50 2 15 0 0.00 M M 3.1 9 50 M M 0 13 60
31 66 38 52 3 13 0 0.00 M M 4.4 13 10 M M 0 21 360
================================================================================
SM 1736 1150 563 0 4.44 M 205.6 M 0
================================================================================
AV 56.0 37.1 6.6 FASTST M M 0 MAX(MPH)
MISC ----> 31 190 51 210
================================================================================
NOTES:
# LAST OF SEVERAL OCCURRENCES
COLUMN 17 PEAK WIND IN M.P.H.
PRELIMINARY LOCAL CLIMATOLOGICAL DATA (WS FORM: F-6) , PAGE 2
STATION: CHILLICOTHE
MONTH: MARCH
YEAR: 2020
LATITUDE: 39 49 N
LONGITUDE: 93 35 W
[TEMPERATURE DATA] [PRECIPITATION DATA] SYMBOLS USED IN COLUMN 16
AVERAGE MONTHLY: 46.5 TOTAL FOR MONTH: 4.44 1 = FOG OR MIST
DPTR FM NORMAL: 3.8 DPTR FM NORMAL: 1.74 2 = FOG REDUCING VISIBILITY
HIGHEST: 75 ON 28 GRTST 24HR 1.53 ON 9- 9 TO 1/4 MILE OR LESS
LOWEST: 24 ON 21 3 = THUNDER
SNOW, ICE PELLETS, HAIL 4 = ICE PELLETS
TOTAL MONTH: M 5 = HAIL
GRTST 24HR M ON M 6 = FREEZING RAIN OR DRIZZLE
GRTST DEPTH: M ON M 7 = DUSTSTORM OR SANDSTORM:
VSBY 1/2 MILE OR LESS
8 = SMOKE OR HAZE
[NO. OF DAYS WITH] [WEATHER - DAYS WITH] 9 = BLOWING SNOW
X = TORNADO
MAX 32 OR BELOW: 0 0.01 INCH OR MORE: 9
MAX 90 OR ABOVE: 0 0.10 INCH OR MORE: 6
MIN 32 OR BELOW: 7 0.50 INCH OR MORE: 4
MIN 0 OR BELOW: 0 1.00 INCH OR MORE: 2
[HDD (BASE 65) ]
TOTAL THIS MO. 563 CLEAR (SCALE 0-3) 31
DPTR FM NORMAL -131 PTCLDY (SCALE 4-7) 0
TOTAL FM JUL 1 4729 CLOUDY (SCALE 8-10) 0
DPTR FM NORMAL -292
[CDD (BASE 65) ]
TOTAL THIS MO. 0
DPTR FM NORMAL -2 [PRESSURE DATA]
TOTAL FM JAN 1 0 HIGHEST SLP M ON M
DPTR FM NORMAL -2 LOWEST SLP 29.37 ON 28
[REMARKS]
#FINAL-03-20#