000
CXUS55 KCYS 011821 CCA
CF6CDR
PRELIMINARY LOCAL CLIMATOLOGICAL DATA (WS FORM: F-6)...CORRECTED
STATION: CHADRON NEBRASKA AIRPORT
MONTH: NOVEMBER
YEAR: 2022
LATITUDE: 42 50 N
LONGITUDE: 103 6 W
TEMPERATURE IN F: :PCPN: SNOW: WIND :SUNSHINE: SKY :PK WND
================================================================================
1 2 3 4 5 6A 6B 7 8 9 10 11 12 13 14 15 16 17 18
12Z AVG MX 2MIN
DY MAX MIN AVG DEP HDD CDD WTR SNW DPTH SPD SPD DIR MIN PSBL S-S WX SPD DR
================================================================================
1 77 25 51 10 14 0 0.00 M M 8.6 23 190 M M 0 8 30 200
2 76 38 57 16 8 0 0.00 M M 9.4 25 240 M M 0 39 250
3 43 28 36 -4 29 0 0.14 M M 8.5 24 40 M M 6 1 31 30
4 47 14 31 -9 34 0 T M M 6.5 15 270 M M 1 1 19 270
5 62 23 43 3 22 0 0.01 M M 12.7 36 320 M M 2 53 310
6 47 23 35 -4 30 0 0.00 M M 8.8 23 300 M M 3 32 310
7 47 35 41 2 24 0 0.00 M M 14.8 44 170 M M 8 8 64 170
8 54 21 38 0 27 0 0.00 M M M M M M M 0 M M
9 23 18 21 -17 44 0 T M M 11.0 17 20 M M 5 16 22 10
10 25 13 19 -19 46 0 T M M 14.3 26 290 M M 3 1 37 270
11 36 5 21 -16 44 0 0.00 M M 8.0 16 300 M M 0 24 300
12 43 0 22 -15 43 0 0.00 M M 3.5 9 240 M M 0 12 230
13 36 7 22 -14 43 0 0.00 M M 5.7 16 300 M M 2 22 320
14 39 14 27 -9 38 0 0.09 M M 10.5 24 290 M M 6 1 36 300
15 33 3 18 -18 47 0 T M M 7.0 24 310 M M 9 18 36 300
16 37 1 19 -16 46 0 0.00 M M 11.5 31 300 M M 5 41 300
17 31 8 20 -15 45 0 T M M 17.0 36 300 M M 4 1 51 300
18 30 6 18 -16 47 0 0.00 M M 15.5 24 280 M M 2 33 270
19 39 10 25 -9 40 0 0.00 M M 12.3 26 300 M M 2 38 300
20 54 13 34 0 31 0 0.00 M M 10.9 24 290 M M 0 34 280
21 55 16 36 3 29 0 0.00 M M 7.1 15 260 M M 0 19 260
22 58 20 39 6 26 0 0.00 M M 5.0 13 230 M M 0 16 280
23 57 20 39 7 26 0 0.00 M M 12.0 25 280 M M 4 33 280
24 48 21 35 3 30 0 0.00 M M 10.1 21 310 M M 3 29 300
25 65 23 44 12 21 0 0.00 M M 8.1 15 270 M M 0 17 270
26 57 22 40 9 25 0 0.00 M M 10.5 26 40 M M 3 35 40
27 50 15 33 2 32 0 0.00 M M 8.3 20 230 M M 2 25 230
28 38 13 26 -4 39 0 0.00 M M 6.6 16 60 M M 5 18 21 60
29 22 7 15 -15 50 0 0.00 M M 9.5 28 290 M M 4 38 280
30 33 -2 16 -14 49 0 0.00 M M 9.3 28 210 M M 0 38 210
================================================================================
SM 1362 460 1029 0 0.24 M 282.9 M 79
================================================================================
AV 45.4 15.3 9.8 FASTST M M 3 MAX(MPH)
MISC ----> 44 170 64 170
================================================================================
NOTES:
# LAST OF SEVERAL OCCURRENCES
COLUMN 17 PEAK WIND IN M.P.H.
PRELIMINARY LOCAL CLIMATOLOGICAL DATA (WS FORM: F-6) , PAGE 2
STATION: CHADRON NEBRASKA AIRPORT
MONTH: NOVEMBER
YEAR: 2022
LATITUDE: 42 50 N
LONGITUDE: 103 6 W
[TEMPERATURE DATA] [PRECIPITATION DATA] SYMBOLS USED IN COLUMN 16
AVERAGE MONTHLY: 30.4 TOTAL FOR MONTH: 0.24 1 = FOG OR MIST
DPTR FM NORMAL: -5.0 DPTR FM NORMAL: -0.16 2 = FOG REDUCING VISIBILITY
HIGHEST: 77 ON 1 GRTST 24HR 0.14 ON 3- 3 TO 1/4 MILE OR LESS
LOWEST: -2 ON 30 3 = THUNDER
SNOW, ICE PELLETS, HAIL 4 = ICE PELLETS
TOTAL MONTH: M 5 = HAIL
GRTST 24HR M ON M 6 = FREEZING RAIN OR DRIZZLE
GRTST DEPTH: M ON M 7 = DUSTSTORM OR SANDSTORM:
VSBY 1/2 MILE OR LESS
8 = SMOKE OR HAZE
[NO. OF DAYS WITH] [WEATHER - DAYS WITH] 9 = BLOWING SNOW
X = TORNADO
MAX 32 OR BELOW: 5 0.01 INCH OR MORE: 3
MAX 90 OR ABOVE: 0 0.10 INCH OR MORE: 1
MIN 32 OR BELOW: 28 0.50 INCH OR MORE: 0
MIN 0 OR BELOW: 2 1.00 INCH OR MORE: 0
[HDD (BASE 65) ]
TOTAL THIS MO. 1029 CLEAR (SCALE 0-3) 18
DPTR FM NORMAL 141 PTCLDY (SCALE 4-7) 10
TOTAL FM JUL 1 1568 CLOUDY (SCALE 8-10) 2
DPTR FM NORMAL -12
[CDD (BASE 65) ]
TOTAL THIS MO. 0
DPTR FM NORMAL 0 [PRESSURE DATA]
TOTAL FM JAN 1 1119 HIGHEST SLP 30.65 ON 17
DPTR FM NORMAL 311 LOWEST SLP 29.62 ON 28
[REMARKS]
NOVEMBER 8...MISSING WIND DATA.
MONTHLY MEAN TEMPERATURE 30.4 DEGREES TIED 1993 AND 1978 FOR 9TH
COLDEST NOVEMBER
#FINAL-11-22#