000
CXUS55 KGJT 010910
CF6CEZ
PRELIMINARY LOCAL CLIMATOLOGICAL DATA (WS FORM: F-6)
STATION: CORTEZ CO
MONTH: MAY
YEAR: 2021
LATITUDE: 37 17 N
LONGITUDE: 108 38 W
TEMPERATURE IN F: :PCPN: SNOW: WIND :SUNSHINE: SKY :PK WND
================================================================================
1 2 3 4 5 6A 6B 7 8 9 10 11 12 13 14 15 16 17 18
12Z AVG MX 2MIN
DY MAX MIN AVG DEP HDD CDD WTR SNW DPTH SPD SPD DIR MIN PSBL S-S WX SPD DR
================================================================================
1 82 34 58 7 7 0 0.00 M M 7.7 22 300 M M 0 29 300
2 78 39 59 7 6 0 0.00 M M 11.5 30 280 M M 2 42 280
3 61 35 48 -4 17 0 0.12 M M 7.8 25 310 M M 4 1 35 10
4 71 30 51 -1 14 0 0.00 M M 6.7 22 300 M M 3 32 270
5 78 31 55 3 10 0 0.00 M M 5.9 21 300 M M 0 35 290
6 84 27 56 3 9 0 0.00 M M 5.9 21 280 M M 0 30 270
7 84 37 61 8 4 0 0.00 M M 10.2 25 210 M M 1 36 220
8 75 42 59 6 6 0 T M M 9.1 33 280 M M 3 8 49 290
9 71 29 50 -4 15 0 0.00 M M 8.1 28 290 M M 1 39 280
10 72 35 54 0 11 0 0.00 M M 8.8 28 250 M M 3 55 300
11 68 30 49 -5 16 0 0.00 M M 6.9 21 300 M M 0 28 270
12 74 29 52 -3 13 0 0.00 M M 6.5 20 270 M M 0 30 270
13 82 31 57 2 8 0 0.00 M M 7.5 21 270 M M 0 28 290
14 83 32 58 3 7 0 0.00 M M 6.8 22 280 M M 0 32 300
15 82 36 59 3 6 0 0.00 M M 7.0 29 170 M M 0 45 190
16 81 38 60 4 5 0 0.00 M M 7.9 24 210 M M 0 40 190
17 71 44 58 2 7 0 0.00 M M 4.8 18 130 M M 3 25 40
18 77 45 61 4 4 0 T M M 7.3 26 80 M M 6 38 340
19 82 37 60 3 5 0 0.00 M M 8.2 20 290 M M 1 38 28 280
20 84 55 70 13 0 5 T M M 17.8 32 190 M M 0 44 200
21 68 51 60 2 5 0 0.10 M M 18.0 36 220 M M 7 3 54 240
22 81 50 66 8 0 1 0.00 M M 18.8 36 210 M M 4 8 50 200
23 67 35 51 -7 14 0 0.00 M M 7.4 20 200 M M 0 27 210
24 71 28 50 -8 15 0 0.00 M M 7.6 21 290 M M 0 29 300
25 78 32 55 -4 10 0 0.00 M M 5.8 21 290 M M 0 26 290
26 76 39 58 -1 7 0 0.00 M M 5.8 17 210 M M 0 22 280
27 83 35 59 0 6 0 0.00 M M 5.7 16 170 M M 0 22 120
28 85 36 61 1 4 0 0.00 M M 4.9 17 280 M M 0 25 290
29 85 35 60 0 5 0 0.00 M M 6.5 21 220 M M 0 27 220
30 85 39 62 2 3 0 0.00 M M 5.2 30 350 M M 0 43 350
31 78 42 60 -1 5 0 T M M 6.7 25 130 M M 1 3 32 130
================================================================================
SM 2397 1138 244 6 0.22 M 254.8 M 39
================================================================================
AV 77.3 36.7 8.2 FASTST M M 1 MAX(MPH)
MISC ----> # 36 220 55 300
================================================================================
NOTES:
# LAST OF SEVERAL OCCURRENCES
COLUMN 17 PEAK WIND IN M.P.H.
PRELIMINARY LOCAL CLIMATOLOGICAL DATA (WS FORM: F-6) , PAGE 2
STATION: CORTEZ CO
MONTH: MAY
YEAR: 2021
LATITUDE: 37 17 N
LONGITUDE: 108 38 W
[TEMPERATURE DATA] [PRECIPITATION DATA] SYMBOLS USED IN COLUMN 16
AVERAGE MONTHLY: 57.0 TOTAL FOR MONTH: 0.22 1 = FOG OR MIST
DPTR FM NORMAL: 1.1 DPTR FM NORMAL: -0.52 2 = FOG REDUCING VISIBILITY
HIGHEST: 85 ON 30,29 GRTST 24HR 0.12 ON 3- 3 TO 1/4 MILE OR LESS
LOWEST: 27 ON 6 3 = THUNDER
SNOW, ICE PELLETS, HAIL 4 = ICE PELLETS
TOTAL MONTH: M 5 = HAIL
GRTST 24HR M ON M 6 = FREEZING RAIN OR DRIZZLE
GRTST DEPTH: M ON M 7 = DUSTSTORM OR SANDSTORM:
VSBY 1/2 MILE OR LESS
8 = SMOKE OR HAZE
[NO. OF DAYS WITH] [WEATHER - DAYS WITH] 9 = BLOWING SNOW
X = TORNADO
MAX 32 OR BELOW: 0 0.01 INCH OR MORE: 2
MAX 90 OR ABOVE: 0 0.10 INCH OR MORE: 2
MIN 32 OR BELOW: 10 0.50 INCH OR MORE: 0
MIN 0 OR BELOW: 0 1.00 INCH OR MORE: 0
[HDD (BASE 65) ]
TOTAL THIS MO. 244 CLEAR (SCALE 0-3) 27
DPTR FM NORMAL -45 PTCLDY (SCALE 4-7) 4
TOTAL FM JUL 1 6217 CLOUDY (SCALE 8-10) 0
DPTR FM NORMAL -29
[CDD (BASE 65) ]
TOTAL THIS MO. 6
DPTR FM NORMAL -1 [PRESSURE DATA]
TOTAL FM JAN 1 6 HIGHEST SLP M ON M
DPTR FM NORMAL -1 LOWEST SLP 29.39 ON 2
[REMARKS]
#FINAL-05-21#