514
CXUS55 KPAH 010700
CF6CGI
PRELIMINARY LOCAL CLIMATOLOGICAL DATA (WS FORM: F-6)
STATION: CAPE GIRARDEAU MO
MONTH: AUGUST
YEAR: 2020
LATITUDE: 37 13 N
LONGITUDE: 89 35 W
TEMPERATURE IN F: :PCPN: SNOW: WIND :SUNSHINE: SKY :PK WND
================================================================================
1 2 3 4 5 6A 6B 7 8 9 10 11 12 13 14 15 16 17 18
12Z AVG MX 2MIN
DY MAX MIN AVG DEP HDD CDD WTR SNW DPTH SPD SPD DIR MIN PSBL S-S WX SPD DR
================================================================================
1 75 62 69 -9 0 4 1.29 M M 7.1 18 340 M M 7 1 25 340
2 84 62 73 -5 0 8 0.19 M M 3.6 15 280 M M 3 13 19 290
3 85 66 76 -2 0 11 0.09 M M 3.4 30 330 M M 6 123 42 330
4 79 59 69 -9 0 4 0.00 M M 6.6 15 340 M M 2 20 350
5 80 56 68 -10 0 3 0.00 M M 3.9 12 50 M M 3 1 16 50
6 82 55 69 -9 0 4 0.00 M M 3.9 13 80 M M 0 16 60
7 86 61 74 -4 0 9 0.00 M M 2.8 9 70 M M 0 1 13 90
8 89 64 77 -1 0 12 0.02 M M 2.8 9 180 M M 2 1 13 180
9 89 74 82 4 0 17 M M M 5.6 21 180 M M 4 13 29 170
10 91 71 81 3 0 16 M M M 7.4 35 360 M M 3 13 50 350
11 83 69 76 -2 0 11 M M M 4.0 15 150 M M 5 22 130
12 86 73 80 2 0 15 M M M 2.9 13 140 M M 6 1 19 130
13 87 72 80 2 0 15 0.00 M M 3.4 13 130 M M 6 1 16 110
14 88 68 78 0 0 13 0.31 M M 3.5 25 340 M M 5 123 35 330
15 91 65 78 0 0 13 0.00 M M 1.9 8 350 M M 3 12 13 340
16 85 63 74 -3 0 9 0.00 M M 8.5 17 360 M M 1 1 24 350
17 86 59 73 -4 0 8 0.00 M M 3.7 13 230 M M 0 12 19 210
18 84 64 74 -3 0 9 0.00 M M 6.9 17 340 M M 3 24 340
19 82 59 71 -6 0 6 0.00 M M 7.1 16 50 M M 1 27 40
20 85 58 72 -5 0 7 0.00 M M 4.4 13 70 M M 1 18 40
21 86 60 73 -4 0 8 0.00 M M 3.1 18 150 M M 2 1 26 150
22 88 62 75 -2 0 10 0.00 M M 2.6 9 130 M M 3 12 11 270
23 90 62 76 0 0 11 0.00 M M 2.2 9 150 M M 2 12 12 140
24 92 66 79 3 0 14 0.00 M M 2.2 9 210 M M 0 1 12 200
25 92 65 79 3 0 14 0.00 M M 2.4 9 70 M M 1 128 14 30
26 87 69 78 2 0 13 0.25 M M 5.6 21 170 M M 4 138 29 160
27 86 74 80 4 0 15 0.04 M M 5.9 17 100 M M 2 23 100
28 82 72 77 2 0 12 0.35 M M 7.9 20 130 M M 5 1 32 130
29 89 69 79 4 0 14 0.09 M M 5.2 15 350 M M 2 12 21 340
30 78 68 73 -2 0 8 0.36 M M 3.3 9 40 M M 8 18 13 40
31 86 65 76 1 0 11 0.86 M M 3.7 21 300 M M 7 123 32 320
================================================================================
SM 2653 2012 0 324 3.85 M 137.5 M 97
================================================================================
AV 85.6 64.9 4.4 FASTST M M 3 MAX(MPH)
MISC ----> 35 360 50 350
================================================================================
NOTES:
# LAST OF SEVERAL OCCURRENCES
COLUMN 17 PEAK WIND IN M.P.H.
PRELIMINARY LOCAL CLIMATOLOGICAL DATA (WS FORM: F-6) , PAGE 2
STATION: CAPE GIRARDEAU MO
MONTH: AUGUST
YEAR: 2020
LATITUDE: 37 13 N
LONGITUDE: 89 35 W
[TEMPERATURE DATA] [PRECIPITATION DATA] SYMBOLS USED IN COLUMN 16
AVERAGE MONTHLY: 75.2 TOTAL FOR MONTH: 3.85 1 = FOG OR MIST
DPTR FM NORMAL: -1.8 DPTR FM NORMAL: 0.83 2 = FOG REDUCING VISIBILITY
HIGHEST: 92 ON 25,24 GRTST 24HR 1.78 ON 31- 1 TO 1/4 MILE OR LESS
LOWEST: 55 ON 6 3 = THUNDER
SNOW, ICE PELLETS, HAIL 4 = ICE PELLETS
TOTAL MONTH: M 5 = HAIL
GRTST 24HR M ON M 6 = FREEZING RAIN OR DRIZZLE
GRTST DEPTH: M ON M 7 = DUSTSTORM OR SANDSTORM:
VSBY 1/2 MILE OR LESS
8 = SMOKE OR HAZE
[NO. OF DAYS WITH] [WEATHER - DAYS WITH] 9 = BLOWING SNOW
X = TORNADO
MAX 32 OR BELOW: 0 0.01 INCH OR MORE: 11
MAX 90 OR ABOVE: 5 0.10 INCH OR MORE: 7
MIN 32 OR BELOW: 0 0.50 INCH OR MORE: 2
MIN 0 OR BELOW: 0 1.00 INCH OR MORE: 1
[HDD (BASE 65) ]
TOTAL THIS MO. 0 CLEAR (SCALE 0-3) 17
DPTR FM NORMAL -1 PTCLDY (SCALE 4-7) 14
TOTAL FM JUL 1 0 CLOUDY (SCALE 8-10) 0
DPTR FM NORMAL 0
[CDD (BASE 65) ]
TOTAL THIS MO. 324
DPTR FM NORMAL -50 [PRESSURE DATA]
TOTAL FM JAN 1 1307 HIGHEST SLP M ON M
DPTR FM NORMAL 47 LOWEST SLP 29.62 ON 28
[REMARKS]
#FINAL-08-20#