000
CXUS53 KPAH 010730
CF6CGI
PRELIMINARY LOCAL CLIMATOLOGICAL DATA (WS FORM: F-6)
STATION: CAPE GIRARDEAU MO
MONTH: OCTOBER
YEAR: 2023
LATITUDE: 37 13 N
LONGITUDE: 89 35 W
TEMPERATURE IN F: :PCPN: SNOW: WIND :SUNSHINE: SKY :PK WND
================================================================================
1 2 3 4 5 6A 6B 7 8 9 10 11 12 13 14 15 16 17 18
12Z AVG MX 2MIN
DY MAX MIN AVG DEP HDD CDD WTR SNW DPTH SPD SPD DIR MIN PSBL S-S WX SPD DR
================================================================================
1 88 53 71 7 0 6 0.00 M M 2.7 13 110 M M 1 128 19 90
2 89 53 71 7 0 6 0.00 M M 2.7 13 90 M M 1 12 18 110
3 88 59 74 10 0 9 0.00 M M 4.2 10 190 M M 2 18 16 200
4 85 58 72 9 0 7 0.26 M M 5.5 21 250 M M 3 18 30 250
5 71 60 66 3 0 1 0.73 M M 3.3 15 220 M M 9 12 21 210
6 75 47 61 -1 4 0 0.00 M M 6.9 22 330 M M 2 12 28 300
7 66 39 53 -9 12 0 0.00 M M 4.8 15 330 M M 1 23 310
8 70 36 53 -9 12 0 0.00 M M 6.0 18 220 M M 0 12 28 200
9 75 44 60 -1 5 0 0.00 M M 2.7 14 330 M M 1 19 330
10 72 36 54 -7 11 0 0.00 M M 2.5 10 270 M M 0 128 15 260
11 78 48 63 2 2 0 0.00 M M 5.9 14 180 M M 2 19 180
12 80 51 66 6 0 1 0.00 M M 7.0 18 150 M M 2 1 26 130
13 77 55 66 6 0 1 0.08 M M 9.7 21 180 M M 7 18 30 200
14 62 50 56 -3 9 0 0.00 M M 10.6 21 330 M M 7 30 330
15 62 44 53 -6 12 0 T M M 10.5 25 350 M M 8 36 340
16 66 40 53 -6 12 0 0.00 M M 6.6 22 340 M M 1 1 33 340
17 70 35 53 -5 12 0 0.00 M M 2.4 13 230 M M 2 128 18 230
18 74 44 59 1 6 0 0.00 M M 7.2 20 190 M M 1 8 29 200
19 76 50 63 5 2 0 0.02 M M 7.5 22 280 M M 5 31 280
20 75 43 59 2 6 0 0.00 M M 5.8 18 320 M M 1 12 28 320
21 85 40 63 6 2 0 0.00 M M 7.4 22 290 M M 1 12 33 310
22 70 42 56 0 9 0 0.00 M M 5.5 14 50 M M 0 18 50
23 78 43 61 5 4 0 0.00 M M 6.0 13 170 M M 0 17 170
24 77 57 67 11 0 2 0.00 M M 7.3 16 150 M M 1 24 160
25 82 66 74 19 0 9 T M M 12.4 24 220 M M 3 8 33 220
26 83 64 74 19 0 9 T M M 11.6 24 190 M M 5 8 35 180
27 82 60 71 17 0 6 0.10 M M 10.0 20 230 M M 6 18 26 330
28 60 47 54 0 11 0 1.75 M M 10.0 18 360 M M 10 1 25 350
29 51 43 47 -7 18 0 0.76 M M 8.9 18 350 M M 10 1 24 360
30 48 30 39 -14 26 0 0.04 M M 11.9 22 340 M M 3 1 31 350
31 48 25 37 -16 28 0 0.00 M M 7.8 22 330 M M 0 29 340
================================================================================
SM 2263 1462 203 57 3.74 M 213.3 M 95
================================================================================
AV 73.0 47.2 6.9 FASTST M M 3 MAX(MPH)
MISC ----> 25 350 36 340
================================================================================
NOTES:
# LAST OF SEVERAL OCCURRENCES
COLUMN 17 PEAK WIND IN M.P.H.
PRELIMINARY LOCAL CLIMATOLOGICAL DATA (WS FORM: F-6) , PAGE 2
STATION: CAPE GIRARDEAU MO
MONTH: OCTOBER
YEAR: 2023
LATITUDE: 37 13 N
LONGITUDE: 89 35 W
[TEMPERATURE DATA] [PRECIPITATION DATA] SYMBOLS USED IN COLUMN 16
AVERAGE MONTHLY: 60.1 TOTAL FOR MONTH: 3.74 1 = FOG OR MIST
DPTR FM NORMAL: 1.5 DPTR FM NORMAL: 0.17 2 = FOG REDUCING VISIBILITY
HIGHEST: 89 ON 2 GRTST 24HR 2.24 ON 28-29 TO 1/4 MILE OR LESS
LOWEST: 25 ON 31 3 = THUNDER
SNOW, ICE PELLETS, HAIL 4 = ICE PELLETS
TOTAL MONTH: M 5 = HAIL
GRTST 24HR M ON M 6 = FREEZING RAIN OR DRIZZLE
GRTST DEPTH: M ON M 7 = DUSTSTORM OR SANDSTORM:
VSBY 1/2 MILE OR LESS
8 = SMOKE OR HAZE
[NO. OF DAYS WITH] [WEATHER - DAYS WITH] 9 = BLOWING SNOW
X = TORNADO
MAX 32 OR BELOW: 0 0.01 INCH OR MORE: 8
MAX 90 OR ABOVE: 0 0.10 INCH OR MORE: 5
MIN 32 OR BELOW: 2 0.50 INCH OR MORE: 3
MIN 0 OR BELOW: 0 1.00 INCH OR MORE: 1
[HDD (BASE 65) ]
TOTAL THIS MO. 203 CLEAR (SCALE 0-3) 22
DPTR FM NORMAL -35 PTCLDY (SCALE 4-7) 6
TOTAL FM JUL 1 204 CLOUDY (SCALE 8-10) 3
DPTR FM NORMAL -72
[CDD (BASE 65) ]
TOTAL THIS MO. 57
DPTR FM NORMAL 18 [PRESSURE DATA]
TOTAL FM JAN 1 1553 HIGHEST SLP M ON M
DPTR FM NORMAL -10 LOWEST SLP 29.72 ON 11
[REMARKS]
#FINAL-10-23#