000
CXUS53 KPAH 011352
CLMCGI
CLIMATE REPORT
NATIONAL WEATHER SERVICE PADUCAH KY
852 AM CDT MON MAY 01 2023
...................................
...THE CAPE GIRARDEAU MO CLIMATE SUMMARY FOR THE MONTH OF APRIL 2023...
CLIMATE NORMAL PERIOD 1991 TO 2020
CLIMATE RECORD PERIOD 1960 TO 2023
WEATHER OBSERVED NORMAL DEPART LAST YEAR`S
VALUE DATE(S) VALUE FROM VALUE
NORMAL
..............................................................
TEMPERATURE (F)
RECORD
HIGH 91 04/27/1989
LOW 18 04/08/2007
HIGHEST 84 04/04 80
LOWEST 35 04/02 32
AVG. MAXIMUM 70.7 69.0 1.7 66.6
AVG. MINIMUM 45.8 46.8 -1.0 46.1
MEAN 58.3 57.9 0.3 56.3
DAYS MAX >= 90 0 0.0 0.0 0
DAYS MAX <= 32 0 0.0 0.0 0
DAYS MIN <= 32 0 2.2 -2.2 2
DAYS MIN <= 0 0 0.0 0.0 0
PRECIPITATION (INCHES)
RECORD
MAXIMUM 20.51 2011
MINIMUM 1.27 1971
TOTALS 4.44 5.18 -0.74 6.79
DAILY AVG. 0.15 0.17 -0.02 0.23
DAYS >= .01 6 11.0 -5.0 14
DAYS >= .10 5 7.7 -2.7 11
DAYS >= .50 4 3.3 0.7 8
DAYS >= 1.00 2 1.7 0.3 2
GREATEST
24 HR. TOTAL 2.03 04/20 TO 04/21
DEGREE DAYS
HEATING TOTAL 211 242 -31 286
SINCE 7/1 3703 4113 -410 MM
COOLING TOTAL 17 29 -12 34
SINCE 1/1 18 33 -15 MM
..............................................................
WIND (MPH)
AVERAGE WIND SPEED 8.7
HIGHEST WIND SPEED/DIRECTION 40/280 DATE 04/01
HIGHEST GUST SPEED/DIRECTION 55/260 DATE 04/05
SKY COVER
POSSIBLE SUNSHINE (PERCENT) MM
AVERAGE SKY COVER 0.28
NUMBER OF DAYS FAIR 18
NUMBER OF DAYS PC 9
NUMBER OF DAYS CLOUDY 3
AVERAGE RH (PERCENT) 63
WEATHER CONDITIONS. NUMBER OF DAYS WITH
THUNDERSTORM 3 MIXED PRECIP 0
HEAVY RAIN 5 RAIN 5
LIGHT RAIN 8 FREEZING RAIN 0
LT FREEZING RAIN 0 HAIL 0
HEAVY SNOW 0 SNOW 0
LIGHT SNOW 0 SLEET 0
FOG 10 FOG W/VIS <= 1/4 MILE 0
HAZE 6
- INDICATES NEGATIVE NUMBERS.
R INDICATES RECORD WAS SET OR TIED.
MM INDICATES DATA IS MISSING.
T INDICATES TRACE AMOUNT.
$$