000
CXUS55 KDVN 011000
CF6CID
PRELIMINARY LOCAL CLIMATOLOGICAL DATA (WS FORM: F-6)
STATION: CEDAR RAPIDS IA
MONTH: MARCH
YEAR: 2023
LATITUDE: 41 52 N
LONGITUDE: 91 42 W
TEMPERATURE IN F: :PCPN: SNOW: WIND :SUNSHINE: SKY :PK WND
================================================================================
1 2 3 4 5 6A 6B 7 8 9 10 11 12 13 14 15 16 17 18
12Z AVG MX 2MIN
DY MAX MIN AVG DEP HDD CDD WTR SNW DPTH SPD SPD DIR MIN PSBL S-S WX SPD DR
================================================================================
1 55 31 43 13 22 0 0.00 M M 13.3 30 270 M M 4 128 38 280
2 41 29 35 5 30 0 0.00 M M 8.1 22 330 M M 6 29 330
3 47 28 38 7 27 0 0.00 M M 9.3 17 10 M M 1 1 23 340
4 47 25 36 5 29 0 T M M 4.3 15 340 M M 4 18 17 340
5 48 25 37 5 28 0 0.05 M M 13.4 29 100 M M 5 13 36 100
6 45 36 41 9 24 0 0.00 M M 14.3 24 330 M M 8 1 31 330
7 47 31 39 7 26 0 0.00 M M 13.5 24 80 M M 5 32 100
8 42 34 38 5 27 0 0.00 M M 14.5 22 80 M M 8 30 80
9 38 31 35 2 30 0 0.33 M M 13.2 22 90 M M 10 12 30 100
10 32 22 27 -7 38 0 0.00 M M 9.6 17 350 M M 8 1 21 340
11 34 28 31 -3 34 0 0.08 M M 11.5 22 100 M M 10 12 27 100
12 33 25 29 -6 36 0 T M M 16.1 29 290 M M 9 128 36 290
13 30 25 28 -7 37 0 0.00 M M 16.1 29 280 M M 10 35 280
14 35 8 22 -14 43 0 0.00 M M 6.4 13 150 M M 2 1 18 150
15 54 30 42 6 23 0 0.00 M M 15.2 23 150 M M 1 34 180
16 46 27 37 0 28 0 0.09 M M 16.7 36 320 M M 9 1 48 320
17 27 9 18 -19 47 0 T M M 24.6 36 310 M M 6 47 320
18 24 8 16 -22 49 0 T M M 20.6 26 300 M M 6 18 36 310
19 39 7 23 -15 42 0 0.00 M M 12.4 21 220 M M 0 27 220
20 56 27 42 4 23 0 0.00 M M 13.7 24 230 M M 1 32 240
21 58 36 47 8 18 0 0.00 M M 12.7 23 180 M M 5 34 160
22 54 37 46 7 19 0 T M M 8.7 21 10 M M 9 12 27 10
23 45 27 36 -4 29 0 T M M 11.1 22 360 M M 6 1 27 360
24 51 26 39 -1 26 0 0.00 M M 11.5 18 50 M M 2 1 25 80
25 54 32 43 2 22 0 0.02 M M 11.6 21 300 M M 6 1 29 330
26 45 28 37 -4 28 0 T M M 12.3 23 350 M M 8 1 28 340
27 53 22 38 -3 27 0 0.00 M M 6.4 13 10 M M 1 16 340
28 49 30 40 -2 25 0 0.00 M M 9.5 20 270 M M 2 24 270
29 42 27 35 -7 30 0 0.00 M M 10.0 22 340 M M 2 27 350
30 64 28 46 3 19 0 0.01 M M 16.1 24 120 M M 6 3 33 160
31 72 34 53 10 12 0 0.22 M M 16.8 47 250 M M 7 13 69 250
================================================================================
SM 1407 813 898 0 0.80 M 393.5 M 167
================================================================================
AV 45.4 26.2 12.7 FASTST M M 5 MAX(MPH)
MISC ----> 47 250 69 250
================================================================================
NOTES:
# LAST OF SEVERAL OCCURRENCES
COLUMN 17 PEAK WIND IN M.P.H.
PRELIMINARY LOCAL CLIMATOLOGICAL DATA (WS FORM: F-6) , PAGE 2
STATION: CEDAR RAPIDS IA
MONTH: MARCH
YEAR: 2023
LATITUDE: 41 52 N
LONGITUDE: 91 42 W
[TEMPERATURE DATA] [PRECIPITATION DATA] SYMBOLS USED IN COLUMN 16
AVERAGE MONTHLY: 35.8 TOTAL FOR MONTH: 0.80 1 = FOG OR MIST
DPTR FM NORMAL: -0.7 DPTR FM NORMAL: -1.19 2 = FOG REDUCING VISIBILITY
HIGHEST: 72 ON 31 GRTST 24HR 0.33 ON 9- 9 TO 1/4 MILE OR LESS
LOWEST: 7 ON 19 3 = THUNDER
SNOW, ICE PELLETS, HAIL 4 = ICE PELLETS
TOTAL MONTH: M 5 = HAIL
GRTST 24HR M ON M 6 = FREEZING RAIN OR DRIZZLE
GRTST DEPTH: M ON M 7 = DUSTSTORM OR SANDSTORM:
VSBY 1/2 MILE OR LESS
8 = SMOKE OR HAZE
[NO. OF DAYS WITH] [WEATHER - DAYS WITH] 9 = BLOWING SNOW
X = TORNADO
MAX 32 OR BELOW: 4 0.01 INCH OR MORE: 7
MAX 90 OR ABOVE: 0 0.10 INCH OR MORE: 2
MIN 32 OR BELOW: 26 0.50 INCH OR MORE: 0
MIN 0 OR BELOW: 0 1.00 INCH OR MORE: 0
[HDD (BASE 65) ]
TOTAL THIS MO. 898 CLEAR (SCALE 0-3) 9
DPTR FM NORMAL 15 PTCLDY (SCALE 4-7) 15
TOTAL FM JUL 1 5800 CLOUDY (SCALE 8-10) 7
DPTR FM NORMAL -310
[CDD (BASE 65) ]
TOTAL THIS MO. 0
DPTR FM NORMAL -1 [PRESSURE DATA]
TOTAL FM JAN 1 0 HIGHEST SLP 30.44 ON 14
DPTR FM NORMAL -1 LOWEST SLP 29.15 ON 31
[REMARKS]
#FINAL-03-23#