000
CXUS55 KDVN 041116
CF6CID
PRELIMINARY LOCAL CLIMATOLOGICAL DATA (WS FORM: F-6)
STATION: CEDAR RAPIDS IA
MONTH: SEPTEMBER
YEAR: 2021
LATITUDE: 41 52 N
LONGITUDE: 91 42 W
TEMPERATURE IN F: :PCPN: SNOW: WIND :SUNSHINE: SKY :PK WND
================================================================================
1 2 3 4 5 6A 6B 7 8 9 10 11 12 13 14 15 16 17 18
12Z AVG MX 2MIN
DY MAX MIN AVG DEP HDD CDD WTR SNW DPTH SPD SPD DIR MIN PSBL S-S WX SPD DR
================================================================================
1 80 59 70 2 0 5 0.00 M M 9.1 16 70 M M 2 21 70
2 75 52 64 -4 1 0 0.00 M M 9.4 16 130 M M 0 22 130
3 67 60 64 -4 1 0 1.27 M M 8.9 17 140 M M 8 1 26 140
4 72 56 64 -3 1 0 0.00 M M 7.0 16 330 M M 6 12 21 350
5 81 53 67 0 0 2 0.00 M M 7.9 16 260 M M 2 23 250
6 83 55 69 2 0 4 0.00 M M 3.5 10 190 M M 1 15 190
7 84 56 70 4 0 5 0.00 M M 12.4 24 330 M M 0 33 340
8 77 51 64 -2 1 0 0.00 M M 11.4 26 320 M M 1 36 330
9 77 48 63 -3 2 0 0.00 M M 4.8 13 330 M M 1 19 320
10 81 48 65 -1 0 0 0.00 M M 6.6 16 150 M M 0 1 24 130
11 87 55 71 6 0 6 0.00 M M 5.5 14 180 M M 0 1 19 180
12 82 65 74 9 0 9 0.00 M M 7.9 18 280 M M 3 25 270
13 85 62 74 10 0 9 0.00 M M 7.6 16 160 M M 0 1 25 160
14 74 55 65 1 0 0 T M M 9.5 20 310 M M 1 25 320
15 78 48 63 -1 2 0 0.00 M M 4.3 10 120 M M 1 12 15 170
16 83 50 67 4 0 2 0.00 M M 10.1 18 190 M M 0 28 190
17 82 54 68 5 0 3 T M M 9.8 18 10 M M 1 3 25 320
18 82 55 69 6 0 4 0.00 M M 5.5 13 90 M M 0 8 17 100
19 89 59 74 12 0 9 0.00 M M 8.4 17 170 M M 0 1 26 160
20 85 59 72 10 0 7 0.31 M M 13.1 26 310 M M 6 13 36 340
21 71 51 61 0 4 0 0.00 M M 11.1 22 340 M M 2 34 340
22 69 45 57 -4 8 0 0.00 M M 8.1 17 360 M M 1 25 360
23 72 41 57 -4 8 0 0.00 M M 5.1 14 310 M M 0 27 30
24 76 45 61 1 4 0 T M M 10.7 28 310 M M 2 37 330
25 73 38 56 -4 9 0 0.00 M M 9.6 22 250 M M 0 29 280
26 88 51 70 11 0 5 0.00 M M 11.1 20 200 M M 0 28 220
27 89 54 72 13 0 7 0.00 M M 6.4 13 260 M M 0 8 19 230
28 84 52 68 10 0 3 0.00 M M 9.4 16 130 M M 0 22 120
29 88 53 71 13 0 6 0.00 M M 7.1 17 130 M M 0 24 140
30 86 59 73 15 0 8 0.00 M M 6.1 15 210 M M 0 1 20 160
================================================================================
SM 2400 1589 41 94 1.58 M 247.4 M 38
================================================================================
AV 80.0 53.0 8.2 FASTST M M 1 MAX(MPH)
MISC ----> 28 310 37 330
================================================================================
NOTES:
# LAST OF SEVERAL OCCURRENCES
COLUMN 17 PEAK WIND IN M.P.H.
PRELIMINARY LOCAL CLIMATOLOGICAL DATA (WS FORM: F-6) , PAGE 2
STATION: CEDAR RAPIDS IA
MONTH: SEPTEMBER
YEAR: 2021
LATITUDE: 41 52 N
LONGITUDE: 91 42 W
[TEMPERATURE DATA] [PRECIPITATION DATA] SYMBOLS USED IN COLUMN 16
AVERAGE MONTHLY: 66.5 TOTAL FOR MONTH: 1.58 1 = FOG OR MIST
DPTR FM NORMAL: 3.2 DPTR FM NORMAL: -1.82 2 = FOG REDUCING VISIBILITY
HIGHEST: 89 ON 27,19 GRTST 24HR 1.27 ON 3- 3 TO 1/4 MILE OR LESS
LOWEST: 38 ON 25 3 = THUNDER
SNOW, ICE PELLETS, HAIL 4 = ICE PELLETS
TOTAL MONTH: M 5 = HAIL
GRTST 24HR M ON M 6 = FREEZING RAIN OR DRIZZLE
GRTST DEPTH: M ON M 7 = DUSTSTORM OR SANDSTORM:
VSBY 1/2 MILE OR LESS
8 = SMOKE OR HAZE
[NO. OF DAYS WITH] [WEATHER - DAYS WITH] 9 = BLOWING SNOW
X = TORNADO
MAX 32 OR BELOW: 0 0.01 INCH OR MORE: 2
MAX 90 OR ABOVE: 0 0.10 INCH OR MORE: 2
MIN 32 OR BELOW: 0 0.50 INCH OR MORE: 1
MIN 0 OR BELOW: 0 1.00 INCH OR MORE: 1
[HDD (BASE 65) ]
TOTAL THIS MO. 41 CLEAR (SCALE 0-3) 27
DPTR FM NORMAL -87 PTCLDY (SCALE 4-7) 2
TOTAL FM JUL 1 41 CLOUDY (SCALE 8-10) 1
DPTR FM NORMAL -106
[CDD (BASE 65) ]
TOTAL THIS MO. 94
DPTR FM NORMAL 17 [PRESSURE DATA]
TOTAL FM JAN 1 946 HIGHEST SLP 30.28 ON 22
DPTR FM NORMAL 200 LOWEST SLP 29.67 ON 20
[REMARKS]
#FINAL-09-21#
#FINAL-09-21#