000
CXUS51 KRLX 011826
CLSCKB
CLIMATE REPORT
NATIONAL WEATHER SERVICE CHARLESTON WV
126 PM EST WED MAR 01 2023
...................................
...THE CLARKSBURG WV CLIMATE SUMMARY FOR THE SEASON, FROM
12/1/2022 TO 2/28/2023...
CLIMATE NORMAL PERIOD: 1991 TO 2020
CLIMATE RECORD PERIOD: 1922 TO 2023
WEATHER OBSERVED NORMAL DEPART LAST YEAR`S
VALUE DATE(S) VALUE FROM VALUE
NORMAL
..............................................................
TEMPERATURE (F)
RECORD
HIGH 79 02/20/2018
LOW -24 01/19/1994
HIGHEST 77 02/09 70
LOWEST 1 12/23 0
12/24
AVG. MAXIMUM 51.7 44.9 6.8 46.3
AVG. MINIMUM 32.9 26.7 6.2 25.5
MEAN 42.3 35.8 6.5 35.9
DAYS MAX <= 32 4 21.3 -17.3 16
DAYS MAX >= 80 0 0
DAYS MIN <= 32 48 68.0 -20.0 70
DAYS MIN <= 0 0 1.6 -1.6 1
DAYS MIN <= 10 2 MM
PRECIPITATION (INCHES)
RECORD
MAXIMUM 18.75 1978-1979
MINIMUM 4.81 1976-1977
TOTALS 8.52 9.82 -1.30 10.84
DAILY AVG. 0.09 0.11 -0.02 0.12
DAYS >= .01 42 42.9 -0.9 41
DAYS >= .10 23 22.6 0.4 23
DAYS >= .50 6 6.3 -0.3 7
DAYS >= 1.00 0 1.0 -1.0 2
GREATEST
24 HR. TOTAL 1.19 02/16 TO 02/17 1.79
DEGREE DAYS
HEATING TOTAL 2034 2626 -592 2600
SINCE 7/1 2953 3569 -616 3517
COOLING TOTAL 4 1 3 0
SINCE 1/1 4 0 4 0
..............................................................
WIND (MPH)
AVERAGE WIND SPEED 6.4
HIGHEST WIND SPEED/DIRECTION 33/250 DATE 12/23
HIGHEST GUST SPEED/DIRECTION 54/250 DATE 12/23
SKY COVER
AVERAGE SKY COVER 0.60
NUMBER OF DAYS FAIR 22
NUMBER OF DAYS PC 31
NUMBER OF DAYS CLOUDY 37
AVERAGE RH (PERCENT) 62
WEATHER CONDITIONS. NUMBER OF DAYS WITH
THUNDERSTORM 3 MIXED PRECIP 0
HEAVY RAIN 10 RAIN 20
LIGHT RAIN 46 FREEZING RAIN 0
LT FREEZING RAIN 0 HAIL 0
HEAVY SNOW 0 SNOW 3
LIGHT SNOW 21 SLEET 0
FOG 27 FOG W/VIS <= 1/4 MILE 3
HAZE 15
- INDICATES NEGATIVE NUMBERS.
R INDICATES RECORD WAS SET OR TIED.
MM INDICATES DATA IS MISSING.
T INDICATES TRACE AMOUNT.
$$