890
CXUS51 KCLE 051859
CLSCLE
CLIMATE REPORT
NATIONAL WEATHER SERVICE CLEVELAND, OH
159 PM EST SAT DEC 05 2020
...................................
...THE CLEVELAND OH CLIMATE SUMMARY FOR THE SEASON, FROM
9/1/2020 TO 11/30/2020...
CLIMATE NORMAL PERIOD 1981 TO 2010
CLIMATE RECORD PERIOD 1871 TO 2020
WEATHER OBSERVED NORMAL DEPART
VALUE DATE(S) VALUE FROM
NORMAL
................................................
TEMPERATURE (F)
RECORD
HIGH 101 09/03/1953
09/02/1953
09/01/1953
LOW 0 11/22/1880
HIGHEST 84 09/08
LOWEST 27 11/24
AVG. MAXIMUM 63.5 62.4 1.1
AVG. MINIMUM 46.8 46.1 0.7
MEAN 55.2 54.2 1.0
DAYS MAX >= 90 0 0.6
DAYS MAX <= 32 0 0.9
DAYS MIN <= 32 4 10.3
DAYS MIN <= 0 0 0.0
PRECIPITATION (INCHES)
RECORD
MAXIMUM 20.73 1996
MINIMUM 2.37 1908
TOTALS 16.47 10.50 5.97
DAYS >= .01 37 34.9
DAYS >= .10 25 21.8
DAYS >= .50 10 6.9
DAYS >= 1.00 4 2.1
SNOWFALL (INCHES)
RECORDS
TOTAL 23.4 1996
TOTALS 0.8 4.5
DAYS >= TRACE 6
DAYS >= 1.0 0 1.6
DEGREE DAYS
HEATING TOTAL 958 1083 -125
COOLING TOTAL 82 101 -19
................................................
WIND (MPH)
HIGHEST GUST SPEED/DIRECTION 72/270 DATE 11/15
SKY COVER
POSSIBLE SUNSHINE (PERCENT) MM
AVERAGE SKY COVER 0.57
NUMBER OF DAYS FAIR 24
NUMBER OF DAYS PC 37
NUMBER OF DAYS CLOUDY 30
WEATHER CONDITIONS. NUMBER OF DAYS WITH
THUNDERSTORM 6 MIXED PRECIP 0
HEAVY RAIN 7 RAIN 11
LIGHT RAIN 41 FREEZING RAIN 0
LT FREEZING RAIN 0 HAIL 0
HEAVY SNOW 0 SNOW 0
LIGHT SNOW 6 SLEET 0
FOG 35 FOG W/VIS <= 1/4 MILE 2
HAZE 4
- INDICATES NEGATIVE NUMBERS.
R INDICATES RECORD WAS SET OR TIED.
MM INDICATES DATA IS MISSING.
T INDICATES TRACE AMOUNT.
$$