000
CXUS51 KILN 010534
CF6CMH
PRELIMINARY LOCAL CLIMATOLOGICAL DATA (WS FORM: F-6)
STATION: COLUMBUS OH
MONTH: MARCH
YEAR: 2024
LATITUDE: 40 0 N
LONGITUDE: 82 53 W
TEMPERATURE IN F: :PCPN: SNOW: WIND :SUNSHINE: SKY :PK WND
================================================================================
1 2 3 4 5 6A 6B 7 8 9 10 11 12 13 14 15 16 17 18
12Z AVG MX 2MIN
DY MAX MIN AVG DEP HDD CDD WTR SNW DPTH SPD SPD DIR MIN PSBL S-S WX SPD DR
================================================================================
1 46 27 37 1 28 0 0.18 0.0 0 7.4 14 110 M M 6 1 16 110
2 51 42 47 10 18 0 0.14 0.0 0 3.5 8 230 M M 10 1 10 230
3 66 47 57 20 8 0 0.00 0.0 0 6.1 14 170 M M 7 18 140
4 75 46 61 24 4 0 0.00 0.0 0 6.9 15 180 M M 4 22 170
5 69 51 60 22 5 0 0.04 0.0 0 6.8 22 270 M M 7 27 220
6 56 43 50 12 15 0 0.29 0.0 0 8.2 17 350 M M 10 1 21 10
7 51 42 47 9 18 0 0.00 0.0 0 6.5 15 360 M M 9 19 10
8 57 42 50 11 15 0 0.07 0.0 0 7.5 20 150 M M 10 1 25 170
9 55 38 47 8 18 0 0.37 0.0 0 13.4 23 290 M M 10 1 30 290
10 39 30 35 -4 30 0 0.02 0.2 0 18.1 31 290 M M 8 18 40 330
11 54 26 40 0 25 0 0.00 0.0 0 8.1 17 230 M M 0 23 220
12 69 38 54 14 11 0 0.00 0.0 0 8.9 22 220 M M 4 28 250
13 71 42 57 17 8 0 0.00 0.0 0 5.0 18 220 M M 5 22 220
14 74 47 61 20 4 0 0.36 0.0 0 8.3 30 210 M M 8 13 47 220
15 62 39 51 10 14 0 T 0.0 0 8.6 18 10 M M 9 1 22 360
16 62 33 48 7 17 0 T 0.0 0 10.7 28 220 M M 3 1 35 230
17 51 33 42 0 23 0 0.00 0.0 0 15.6 25 290 M M 6 31 270
18 36 30 33 -9 32 0 T T 0 13.2 21 290 M M 9 25 280
19 50 29 40 -2 25 0 0.00 0.0 0 15.2 30 230 M M 7 40 220
20 50 28 39 -4 26 0 0.00 0.0 0 17.1 30 300 M M 5 43 290
21 43 23 33 -10 32 0 0.00 0.0 0 5.1 14 330 M M 1 17 340
22 45 29 37 -7 28 0 0.18 0.0 0 7.4 14 110 M M 7 1 18 110
23 41 27 34 -10 31 0 T 0.0 0 13.1 24 350 M M 8 1 32 10
24 51 23 37 -7 28 0 0.00 0.0 0 8.9 20 110 M M 2 24 90
25 71 40 56 11 9 0 0.00 0.0 0 11.9 20 140 M M 6 27 140
26 60 45 53 8 12 0 0.44 0.0 0 15.0 26 140 M M 10 18 37 140
27 48 31 40 -6 25 0 T 0.0 0 8.5 18 260 M M 7 23 260
28 53 27 40 -6 25 0 T 0.0 0 5.4 18 290 M M 4 22 290
29 61 40 51 5 14 0 T 0.0 0 6.4 18 310 M M 5 24 300
30 71 45 58 11 7 0 0.34 0.0 0 7.0 23 290 M M 9 13 30 300
31 67 46 57 10 8 0 0.23 0.0 0 4.2 10 360 M M 8 13 14 230
================================================================================
SM 1755 1129 563 0 2.66 0.2 288.0 M 204
================================================================================
AV 56.6 36.4 9.3 FASTST M M 7 MAX(MPH)
MISC ----> 31 290 47 220
================================================================================
NOTES:
# LAST OF SEVERAL OCCURRENCES
COLUMN 17 PEAK WIND IN M.P.H.
PRELIMINARY LOCAL CLIMATOLOGICAL DATA (WS FORM: F-6) , PAGE 2
STATION: COLUMBUS OH
MONTH: MARCH
YEAR: 2024
LATITUDE: 40 0 N
LONGITUDE: 82 53 W
[TEMPERATURE DATA] [PRECIPITATION DATA] SYMBOLS USED IN COLUMN 16
AVERAGE MONTHLY: 46.5 TOTAL FOR MONTH: 2.66 1 = FOG OR MIST
DPTR FM NORMAL: 4.9 DPTR FM NORMAL: -0.96 2 = FOG REDUCING VISIBILITY
HIGHEST: 75 ON 4 GRTST 24HR 0.44 ON 8- 9 TO 1/4 MILE OR LESS
LOWEST: 23 ON 24,21 3 = THUNDER
SNOW, ICE PELLETS, HAIL 4 = ICE PELLETS
TOTAL MONTH: 0.2 INCH 5 = HAIL
GRTST 24HR 0.2 ON 10-10 6 = FREEZING RAIN OR DRIZZLE
GRTST DEPTH: 0 7 = DUSTSTORM OR SANDSTORM:
VSBY 1/2 MILE OR LESS
8 = SMOKE OR HAZE
[NO. OF DAYS WITH] [WEATHER - DAYS WITH] 9 = BLOWING SNOW
X = TORNADO
MAX 32 OR BELOW: 0 0.01 INCH OR MORE: 12
MAX 90 OR ABOVE: 0 0.10 INCH OR MORE: 9
MIN 32 OR BELOW: 12 0.50 INCH OR MORE: 0
MIN 0 OR BELOW: 0 1.00 INCH OR MORE: 0
[HDD (BASE 65) ]
TOTAL THIS MO. 563 CLEAR (SCALE 0-3) 3
DPTR FM NORMAL -165 PTCLDY (SCALE 4-7) 18
TOTAL FM JUL 1 3890 CLOUDY (SCALE 8-10) 10
DPTR FM NORMAL -822
[CDD (BASE 65) ]
TOTAL THIS MO. 0
DPTR FM NORMAL -2 [PRESSURE DATA]
TOTAL FM JAN 1 0 HIGHEST SLP M ON M
DPTR FM NORMAL -2 LOWEST SLP 29.67 ON 16
[REMARKS]
#FINAL-03-24#