000
CXUS53 KILX 011000
CF6CMI
PRELIMINARY LOCAL CLIMATOLOGICAL DATA (WS FORM: F-6)
STATION: CHAMPAIGN IL AIRPORT
MONTH: FEBRUARY
YEAR: 2022
LATITUDE: 40 1 N
LONGITUDE: 88 17 W
TEMPERATURE IN F: :PCPN: SNOW: WIND :SUNSHINE: SKY :PK WND
================================================================================
1 2 3 4 5 6A 6B 7 8 9 10 11 12 13 14 15 16 17 18
12Z AVG MX 2MIN
DY MAX MIN AVG DEP HDD CDD WTR SNW DPTH SPD SPD DIR MIN PSBL S-S WX SPD DR
================================================================================
1 56 34 45 18 20 0 0.43 M M 15.9 26 200 M M 6 1 35 190
2 35 18 27 0 38 0 M M M 22.0 32 360 M M 10 1268 42 360
3 22 16 19 -8 46 0 M M M 19.5 30 30 M M 8 18 39 40
4 21 9 15 -12 50 0 T M M 10.2 25 290 M M 6 32 290
5 17 -4 7 -20 58 0 0.00 M M 11.5 23 170 M M 1 29 160
6 32 15 24 -4 41 0 0.00 M M 14.2 20 170 M M 0 24 170
7 24 9 17 -11 48 0 0.00 M M 8.7 17 280 M M 2 22 280
8 40 9 25 -3 40 0 0.00 M M 12.9 23 190 M M 2 28 200
9 38 29 34 6 31 0 T M M 11.3 20 270 M M 6 1 26 270
10 34 25 30 1 35 0 0.00 M M 12.3 21 180 M M 7 25 180
11 39 27 33 4 32 0 0.53 M M 17.7 28 300 M M 9 1 36 300
12 27 15 21 -8 44 0 T M M 13.9 23 310 M M 9 31 280
13 20 4 12 -18 53 0 T M M 7.1 18 330 M M 5 1 23 330
14 28 7 18 -12 47 0 0.00 M M 6.5 13 180 M M 3 16 150
15 43 15 29 -1 36 0 0.00 M M 12.6 20 170 M M 0 26 160
16 53 41 47 17 18 0 0.10 M M 21.5 31 180 M M 5 1 41 190
17 51 15 33 2 32 0 M M M 21.2 33 350 M M 9 146 45 350
18 33 8 21 -10 44 0 0.00 M M 15.0 24 200 M M 0 32 210
19 34 13 24 -8 41 0 0.00 M M 13.0 32 320 M M 1 40 320
20 49 21 35 3 30 0 0.00 M M 18.7 30 180 M M 0 37 170
21 57 35 46 14 19 0 0.05 M M 14.7 33 170 M M 3 13 44 170
22 58 25 42 9 23 0 0.15 M M 20.3 35 270 M M 10 12 46 270
23 25 18 22 -11 43 0 T M M 13.1 23 290 M M 10 18 30 280
24 29 23 26 -7 39 0 M M M 11.4 25 60 M M 10 1268 31 70
25 28 20 24 -10 41 0 0.00 M M 11.8 18 290 M M 10 1 25 290
26 31 11 21 -13 44 0 0.00 M M 6.2 13 220 M M 0 1 15 240
27 44 22 33 -2 32 0 0.00 M M 8.0 16 260 M M 0 1 21 250
28 52 27 40 5 25 0 0.00 M M 10.1 22 190 M M 0 27 190
================================================================================
SM 1020 507 1050 0 1.26 M 381.3 M 132
================================================================================
AV 36.4 18.1 13.6 FASTST M M 5 MAX(MPH)
MISC ----> 35 270 46 270
================================================================================
NOTES:
# LAST OF SEVERAL OCCURRENCES
COLUMN 17 PEAK WIND IN M.P.H.
PRELIMINARY LOCAL CLIMATOLOGICAL DATA (WS FORM: F-6) , PAGE 2
STATION: CHAMPAIGN IL AIRPORT
MONTH: FEBRUARY
YEAR: 2022
LATITUDE: 40 1 N
LONGITUDE: 88 17 W
[TEMPERATURE DATA] [PRECIPITATION DATA] SYMBOLS USED IN COLUMN 16
AVERAGE MONTHLY: 27.3 TOTAL FOR MONTH: 1.26 1 = FOG OR MIST
DPTR FM NORMAL: -3.0 DPTR FM NORMAL: -0.54 2 = FOG REDUCING VISIBILITY
HIGHEST: 58 ON 22 GRTST 24HR 0.67 ON 16-17 TO 1/4 MILE OR LESS
LOWEST: -4 ON 5 3 = THUNDER
SNOW, ICE PELLETS, HAIL 4 = ICE PELLETS
TOTAL MONTH: M 5 = HAIL
GRTST 24HR M ON M 6 = FREEZING RAIN OR DRIZZLE
GRTST DEPTH: M ON M 7 = DUSTSTORM OR SANDSTORM:
VSBY 1/2 MILE OR LESS
8 = SMOKE OR HAZE
[NO. OF DAYS WITH] [WEATHER - DAYS WITH] 9 = BLOWING SNOW
X = TORNADO
MAX 32 OR BELOW: 12 0.01 INCH OR MORE: 5
MAX 90 OR ABOVE: 0 0.10 INCH OR MORE: 4
MIN 32 OR BELOW: 25 0.50 INCH OR MORE: 1
MIN 0 OR BELOW: 1 1.00 INCH OR MORE: 0
[HDD (BASE 65) ]
TOTAL THIS MO. 1050 CLEAR (SCALE 0-3) 13
DPTR FM NORMAL 79 PTCLDY (SCALE 4-7) 7
TOTAL FM JUL 1 4069 CLOUDY (SCALE 8-10) 8
DPTR FM NORMAL -257
[CDD (BASE 65) ]
TOTAL THIS MO. 0
DPTR FM NORMAL 0 [PRESSURE DATA]
TOTAL FM JAN 1 0 HIGHEST SLP 30.61 ON 26
DPTR FM NORMAL 0 LOWEST SLP 29.63 ON 11
[REMARKS]
#FINAL-02-22#