000
CXUS53 KILX 011000
CF6CMI
PRELIMINARY LOCAL CLIMATOLOGICAL DATA (WS FORM: F-6)
STATION: CHAMPAIGN IL AIRPORT
MONTH: FEBRUARY
YEAR: 2024
LATITUDE: 40 1 N
LONGITUDE: 88 17 W
TEMPERATURE IN F: :PCPN: SNOW: WIND :SUNSHINE: SKY :PK WND
================================================================================
1 2 3 4 5 6A 6B 7 8 9 10 11 12 13 14 15 16 17 18
12Z AVG MX 2MIN
DY MAX MIN AVG DEP HDD CDD WTR SNW DPTH SPD SPD DIR MIN PSBL S-S WX SPD DR
================================================================================
1 54 34 44 17 21 0 0.00 M M 9.1 17 230 M M 0 12 21 30
2 46 34 40 13 25 0 0.00 M M 13.2 20 50 M M 7 128 26 50
3 50 30 40 13 25 0 0.00 M M 12.8 21 60 M M 0 1 26 60
4 49 M M M M M 0.00 M M 15.6 21 50 M M 0 29 60
5 45 M M M M M 0.00 M M M M M M M 0 1 M M
6 40 M M M M M 0.00 M M M M M M M M 128 M M
7 49 29 39 11 26 0 0.00 M M 7.8 15 140 M M 0 18 20 140
8 59 41 50 22 15 0 0.00 M M 20.8 33 180 M M 3 46 180
9 66 44 55 27 10 0 0.00 M M 13.2 23 200 M M 3 1 31 200
10 45 32 39 10 26 0 0.00 M M 9.1 17 350 M M 2 22 350
11 47 24 36 7 29 0 0.00 M M 6.6 13 340 M M 0 17 360
12 47 26 37 8 28 0 0.00 M M 8.4 21 360 M M 4 18 26 340
13 45 26 36 6 29 0 0.00 M M 7.6 13 280 M M 6 17 280
14 51 30 41 11 24 0 0.00 M M 10.0 14 130 M M 2 18 60
15 47 34 41 11 24 0 0.01 M M 14.4 28 320 M M 3 33 320
16 35 18 27 -3 38 0 0.14 M M 12.9 20 10 M M 5 1 24 10
17 18 7 13 -18 52 0 0.00 M M 11.8 16 220 M M 0 16 220
18 35 13 24 -7 41 0 0.00 M M 14.3 18 250 M M 0 18 250
19 47 16 32 0 33 0 0.00 M M 6.1 9 170 M M 0 M M
20 58 26 42 10 23 0 0.00 M M 11.8 17 120 M M 0 24 220
21 68 32 50 18 15 0 0.00 M M 13.1 28 200 M M 1 34 190
22 61 41 51 18 14 0 0.25 M M 8.0 22 350 M M 6 13 34 360
23 55 34 45 12 20 0 0.00 M M 13.1 25 350 M M 3 33 350
24 38 25 32 -1 33 0 0.00 M M 11.4 25 360 M M 3 33 10
25 62 30 46 12 19 0 0.00 M M 12.8 23 180 M M 1 29 180
26 76 33 55 21 10 0 0.00 M M 13.8 31 200 M M 0 40 200
27 76 41 59 24 6 0 0.07 M M 17.6 37 270 M M 3 13 50 250
28 41 19 30 -5 35 0 0.14 M M 20.7 37 290 M M 4 13 47 280
29 47 17 32 -3 33 0 0.00 M M 8.9 20 190 M M 0 27 170
================================================================================
SM 1457 736 654 0 0.61 M 324.9 M 56
================================================================================
AV 50.2 28.3 12.0 FASTST M M 2 MAX(MPH)
MISC ----> # 37 270 50 250
================================================================================
NOTES:
# LAST OF SEVERAL OCCURRENCES
COLUMN 17 PEAK WIND IN M.P.H.
PRELIMINARY LOCAL CLIMATOLOGICAL DATA (WS FORM: F-6) , PAGE 2
STATION: CHAMPAIGN IL AIRPORT
MONTH: FEBRUARY
YEAR: 2024
LATITUDE: 40 1 N
LONGITUDE: 88 17 W
[TEMPERATURE DATA] [PRECIPITATION DATA] SYMBOLS USED IN COLUMN 16
AVERAGE MONTHLY: 39.3 TOTAL FOR MONTH: 0.61 1 = FOG OR MIST
DPTR FM NORMAL: 9.0 DPTR FM NORMAL: -1.19 2 = FOG REDUCING VISIBILITY
HIGHEST: 76 ON 27,26 GRTST 24HR 0.25 ON 22-22 TO 1/4 MILE OR LESS
LOWEST: 7 ON 17 3 = THUNDER
SNOW, ICE PELLETS, HAIL 4 = ICE PELLETS
TOTAL MONTH: M 5 = HAIL
GRTST 24HR M ON M 6 = FREEZING RAIN OR DRIZZLE
GRTST DEPTH: M ON M 7 = DUSTSTORM OR SANDSTORM:
VSBY 1/2 MILE OR LESS
8 = SMOKE OR HAZE
[NO. OF DAYS WITH] [WEATHER - DAYS WITH] 9 = BLOWING SNOW
X = TORNADO
MAX 32 OR BELOW: 1 0.01 INCH OR MORE: 5
MAX 90 OR ABOVE: 0 0.10 INCH OR MORE: 3
MIN 32 OR BELOW: 17 0.50 INCH OR MORE: 0
MIN 0 OR BELOW: 0 1.00 INCH OR MORE: 0
[HDD (BASE 65) ]
TOTAL THIS MO. 654 CLEAR (SCALE 0-3) 20
DPTR FM NORMAL -317 PTCLDY (SCALE 4-7) 8
TOTAL FM JUL 1 3551 CLOUDY (SCALE 8-10) 1
DPTR FM NORMAL -835
[CDD (BASE 65) ]
TOTAL THIS MO. 0
DPTR FM NORMAL 0 [PRESSURE DATA]
TOTAL FM JAN 1 0 HIGHEST SLP 30.55 ON 29
DPTR FM NORMAL 0 LOWEST SLP 29.28 ON 27
[REMARKS]
#FINAL-02-24#