000
CXUS53 KILX 010900
CF6CMI
PRELIMINARY LOCAL CLIMATOLOGICAL DATA (WS FORM: F-6)
STATION: CHAMPAIGN IL AIRPORT
MONTH: MARCH
YEAR: 2021
LATITUDE: 40 1 N
LONGITUDE: 88 17 W
TEMPERATURE IN F: :PCPN: SNOW: WIND :SUNSHINE: SKY :PK WND
================================================================================
1 2 3 4 5 6A 6B 7 8 9 10 11 12 13 14 15 16 17 18
12Z AVG MX 2MIN
DY MAX MIN AVG DEP HDD CDD WTR SNW DPTH SPD SPD DIR MIN PSBL S-S WX SPD DR
================================================================================
1 41 26 34 -1 31 0 0.00 M M 11.8 20 320 M M 0 26 290
2 47 20 34 -1 31 0 0.00 M M 10.4 20 170 M M 0 25 190
3 60 33 47 11 18 0 0.00 M M 9.7 17 290 M M 0 21 290
4 50 27 39 3 26 0 0.00 M M 11.3 18 30 M M 1 1 24 20
5 50 23 37 1 28 0 0.00 M M 8.0 15 50 M M 0 21 30
6 53 25 39 2 26 0 0.00 M M 5.4 14 320 M M 1 20 310
7 58 24 41 4 24 0 0.00 M M 9.7 17 130 M M 0 21 120
8 69 35 52 14 13 0 0.00 M M 13.0 25 220 M M 0 32 240
9 70 37 54 16 11 0 0.00 M M 14.5 29 190 M M 0 36 190
10 72 51 62 24 3 0 0.00 M M 25.3 46 190 M M 7 60 200
11 62 39 51 12 14 0 0.41 M M 12.6 25 260 M M 6 13 35 250
12 57 36 47 8 18 0 0.00 M M 8.8 17 20 M M 1 21 10
13 55 36 46 6 19 0 0.00 M M 8.5 17 50 M M 1 23 50
14 53 36 45 5 20 0 0.01 M M 11.8 21 80 M M 7 29 50
15 44 33 39 -1 26 0 0.49 M M 20.4 43 70 M M 10 16 52 60
16 45 37 41 0 24 0 0.02 M M 6.8 15 80 M M 10 12 19 70
17 51 38 45 4 20 0 0.28 M M 13.6 30 70 M M 10 12 37 70
18 47 35 41 -1 24 0 1.36 M M 25.7 46 30 M M 9 1 66 40
19 50 31 41 -1 24 0 0.00 M M 15.3 26 40 M M 0 38 20
20 58 27 43 1 22 0 0.00 M M 8.6 14 120 M M 0 17 130
21 66 30 48 5 17 0 0.00 M M 10.2 20 150 M M 0 30 190
22 68 36 52 9 13 0 0.00 M M 11.6 22 190 M M 1 34 160
23 66 45 56 13 9 0 0.02 M M 16.3 28 150 M M 9 38 160
24 62 42 52 8 13 0 0.06 M M 14.2 28 230 M M 7 1 39 240
25 59 40 50 6 15 0 1.05 M M 11.9 32 10 M M 5 13 43 10
26 52 42 47 3 18 0 0.04 M M 7.6 18 320 M M 8 1 23 300
27 75 42 59 14 6 0 0.41 M M 14.0 24 190 M M 3 13 31 350
28 52 29 41 -4 24 0 0.00 M M 18.7 33 300 M M 6 45 310
29 63 28 46 0 19 0 0.00 M M 16.0 29 180 M M 0 37 180
30 73 45 59 13 6 0 0.01 M M 18.9 31 200 M M 4 42 190
31 49 29 39 -7 26 0 T M M 16.4 31 280 M M 2 39 290
================================================================================
SM 1777 1057 588 0 4.16 M 407.0 M 108
================================================================================
AV 57.3 34.1 13.1 FASTST M M 3 MAX(MPH)
MISC ----> # 46 190 66 40
================================================================================
NOTES:
# LAST OF SEVERAL OCCURRENCES
COLUMN 17 PEAK WIND IN M.P.H.
PRELIMINARY LOCAL CLIMATOLOGICAL DATA (WS FORM: F-6) , PAGE 2
STATION: CHAMPAIGN IL AIRPORT
MONTH: MARCH
YEAR: 2021
LATITUDE: 40 1 N
LONGITUDE: 88 17 W
[TEMPERATURE DATA] [PRECIPITATION DATA] SYMBOLS USED IN COLUMN 16
AVERAGE MONTHLY: 45.7 TOTAL FOR MONTH: 4.16 1 = FOG OR MIST
DPTR FM NORMAL: 5.1 DPTR FM NORMAL: 1.41 2 = FOG REDUCING VISIBILITY
HIGHEST: 75 ON 27 GRTST 24HR 1.45 ON 17-18 TO 1/4 MILE OR LESS
LOWEST: 20 ON 2 3 = THUNDER
SNOW, ICE PELLETS, HAIL 4 = ICE PELLETS
TOTAL MONTH: M 5 = HAIL
GRTST 24HR M ON M 6 = FREEZING RAIN OR DRIZZLE
GRTST DEPTH: M ON M 7 = DUSTSTORM OR SANDSTORM:
VSBY 1/2 MILE OR LESS
8 = SMOKE OR HAZE
[NO. OF DAYS WITH] [WEATHER - DAYS WITH] 9 = BLOWING SNOW
X = TORNADO
MAX 32 OR BELOW: 0 0.01 INCH OR MORE: 12
MAX 90 OR ABOVE: 0 0.10 INCH OR MORE: 6
MIN 32 OR BELOW: 12 0.50 INCH OR MORE: 2
MIN 0 OR BELOW: 0 1.00 INCH OR MORE: 2
[HDD (BASE 65) ]
TOTAL THIS MO. 588 CLEAR (SCALE 0-3) 17
DPTR FM NORMAL -168 PTCLDY (SCALE 4-7) 9
TOTAL FM JUL 1 4906 CLOUDY (SCALE 8-10) 5
DPTR FM NORMAL -352
[CDD (BASE 65) ]
TOTAL THIS MO. 0
DPTR FM NORMAL -1 [PRESSURE DATA]
TOTAL FM JAN 1 0 HIGHEST SLP 30.55 ON 20
DPTR FM NORMAL -1 LOWEST SLP 29.50 ON 25
[REMARKS]
#FINAL-03-21#