118
CXUS53 KILX 020151
CLACMI
CLIMATE REPORT
NATIONAL WEATHER SERVICE LINCOLN IL
808 PM CST FRI JAN 01 2021
...................................
...THE CHAMPAIGN IL AIRPORT CLIMATE SUMMARY FOR THE YEAR OF 2020...
CLIMATE NORMAL PERIOD 1981 TO 2010
CLIMATE RECORD PERIOD 9999 TO 9999
WEATHER OBSERVED NORMAL DEPART LAST YEAR`S
VALUE DATE(S) VALUE FROM VALUE DATE(S)
NORMAL
................................................................
TEMPERATURE (F)
RECORD
HIGH MM MM
LOW MM MM
HIGHEST 94 06/02 MM MM 95
07/07
LOWEST -6 02/14 MM MM -16
AVG. MAXIMUM 63.1 62.0 1.1 61.8
AVG. MINIMUM 42.5 41.3 1.2 41.9
MEAN 52.8 51.6 1.2 51.9
DAYS MAX >= 90 22 15.9 6.1 24
DAYS MAX <= 32 23 34.7 -11.7 38
DAYS MIN <= 32 130 123.5 6.5 135
DAYS MIN <= 0 2 6.1 -4.1 7
PRECIPITATION (INCHES)
RECORD
MAXIMUM MM MM
MINIMUM MM MM
TOTALS 36.28 39.72 -3.44 34.12
DAILY AVG. 0.10 0.10
DAYS >= .01 112 MM MM 121
DAYS >= .10 65 MM MM 77
DAYS >= .50 24 MM MM 25
DAYS >= 1.00 8 MM MM 6
GREATEST
24 HR. TOTAL 2.90 1.92
SNOWFALL (INCHES)
RECORDS
TOTAL MM MM
24 HR TOTAL MM
TOTALS MM MM MM MM
DAYS >= TRACE MM MM MM MM
DAYS >= 1.0 MM MM MM MM
GREATEST
SNOW DEPTH MM MM
24 HR TOTAL MM MM MM
DEGREE DAYS
HEATING TOTAL 5405 5822 -417 5836
COOLING TOTAL 1060 945 115 1168
FREEZE DATES
RECORD
EARLIEST MM
LATEST MM
EARLIEST 10/05
LATEST 05/09
................................................................
SKY COVER
POSSIBLE SUNSHINE (PERCENT) MM
- INDICATES NEGATIVE NUMBERS.
R INDICATES RECORD WAS SET OR TIED.
MM INDICATES DATA IS MISSING.
T INDICATES TRACE AMOUNT.
$$