000
CXUS53 KARX 011000
CF6CMY
PRELIMINARY LOCAL CLIMATOLOGICAL DATA (WS FORM: F-6)
STATION: SPARTA - FORT MCCOY WI
MONTH: JANUARY
YEAR: 2021
LATITUDE: 43 58 N
LONGITUDE: 90 44 W
TEMPERATURE IN F: :PCPN: SNOW: WIND :SUNSHINE: SKY :PK WND
================================================================================
1 2 3 4 5 6A 6B 7 8 9 10 11 12 13 14 15 16 17 18
12Z AVG MX 2MIN
DY MAX MIN AVG DEP HDD CDD WTR SNW DPTH SPD SPD DIR MIN PSBL S-S WX SPD DR
================================================================================
1 25 15 20 M 45 0 M M M 3.3 8 340 M M 0 1 M M
2 28 17 23 M 42 0 M M M 0.6 5 180 M M 0 1 M M
3 26 14 20 M 45 0 M M M 2.0 6 200 M M 0 1 M M
4 28 14 21 M 44 0 M M M 2.2 7 190 M M 0 12 M M
5 32 7 20 M 45 0 M M M 0.6 4 100 M M 0 12 M M
6 26 18 22 M 43 0 0.00 0.0 M 3.5 8 100 M M 0 1 M M
7 30 22 26 M 39 0 0.00 0.0 M 2.0 6 340 M M 0 1 M M
8 27 15 21 M 44 0 0.00 0.0 M 3.0 6 330 M M 0 M M
9 26 14 20 M 45 0 0.00 0.0 M 2.1 7 310 M M 0 1 M M
10 23 18 21 M 44 0 0.00 0.0 M 3.9 6 270 M M 0 1 M M
11 37 20 29 M 36 0 0.00 0.0 M 5.0 12 190 M M 0 1 16 210
12 36 13 25 M 40 0 0.00 0.0 M 1.3 6 270 M M 0 1 M M
13 39 15 27 M 38 0 0.00 0.0 M 0.0 M M M M 0 1 M M
14 37 23 30 M 35 0 M M M 2.6 9 110 M M 0 1 M M
15 36 31 34 M 31 0 M M M 6.5 10 90 M M 0 1 16 90
16 36 28 32 M 33 0 M M M 6.0 8 310 M M 0 21 310
17 30 27 29 M 36 0 0.00 0.0 M 4.5 7 310 M M 0 1 M M
18 27 20 24 M 41 0 M M M 6.1 10 280 M M 0 17 310
19 24 6 15 M 50 0 M M M 5.8 16 300 M M 0 22 300
20 36 -4 16 M 49 0 0.00 0.0 M 6.1 15 270 M M 0 27 200
21 37 13 25 M 40 0 0.00 0.0 M 11.6 17 320 M M 0 30 320
22 18 -3 8 M 57 0 0.00 0.0 M 6.1 14 320 M M 0 17 310
23 22 -8 7 M 58 0 M M M 2.4 8 160 M M 0 M M
24 29 0 15 M 50 0 M M M 2.0 8 330 M M 0 M M
25 22 -7 8 M 57 0 M M M 4.9 14 40 M M 0 20 40
26 25 3 14 M 51 0 M M M 6.0 12 30 M M 0 18 40
27 21 -4 9 M 56 0 0.00 0.0 M 2.2 10 300 M M 0 M M
28 24 -6 9 M 56 0 0.00 0.0 M 0.5 5 110 M M 0 M M
29 26 5 16 M 49 0 0.00 0.0 M 5.0 13 120 M M 0 17 120
30 34 23 29 M 36 0 M M M 11.0 20 100 M M 0 28 90
31 32 19 26 M 39 0 M M M 5.8 10 50 M M 0 1 M M
================================================================================
SM 899 368 1374 0 0.00 0.0 124.5 M 0
================================================================================
AV 29.0 11.9 4.0 FASTST M M 0 MAX(MPH)
MISC ----> 20 100 30 320
================================================================================
NOTES:
# LAST OF SEVERAL OCCURRENCES
COLUMN 17 PEAK WIND IN M.P.H.
PRELIMINARY LOCAL CLIMATOLOGICAL DATA (WS FORM: F-6) , PAGE 2
STATION: SPARTA - FORT MCCOY WI
MONTH: JANUARY
YEAR: 2021
LATITUDE: 43 58 N
LONGITUDE: 90 44 W
[TEMPERATURE DATA] [PRECIPITATION DATA] SYMBOLS USED IN COLUMN 16
AVERAGE MONTHLY: 20.4 TOTAL FOR MONTH: 0.00 1 = FOG OR MIST
DPTR FM NORMAL: 0.0 DPTR FM NORMAL: M 2 = FOG REDUCING VISIBILITY
HIGHEST: 39 ON 13 GRTST 24HR 0.33 ON 14-15 TO 1/4 MILE OR LESS
LOWEST: -8 ON 23 3 = THUNDER
SNOW, ICE PELLETS, HAIL 4 = ICE PELLETS
TOTAL MONTH: 0.0 INCH 5 = HAIL
GRTST 24HR 0.0 6 = FREEZING RAIN OR DRIZZLE
GRTST DEPTH: M ON M 7 = DUSTSTORM OR SANDSTORM:
VSBY 1/2 MILE OR LESS
8 = SMOKE OR HAZE
[NO. OF DAYS WITH] [WEATHER - DAYS WITH] 9 = BLOWING SNOW
X = TORNADO
MAX 32 OR BELOW: 22 0.01 INCH OR MORE: 0
MAX 90 OR ABOVE: 0 0.10 INCH OR MORE: 0
MIN 32 OR BELOW: 31 0.50 INCH OR MORE: 0
MIN 0 OR BELOW: 7 1.00 INCH OR MORE: 0
[HDD (BASE 65) ]
TOTAL THIS MO. 1374 CLEAR (SCALE 0-3) 31
DPTR FM NORMAL M PTCLDY (SCALE 4-7) 0
TOTAL FM JUL 1 4564 CLOUDY (SCALE 8-10) 0
DPTR FM NORMAL M
[CDD (BASE 65) ]
TOTAL THIS MO. 0
DPTR FM NORMAL M [PRESSURE DATA]
TOTAL FM JAN 1 0 HIGHEST SLP M ON M
DPTR FM NORMAL M LOWEST SLP M ON M
[REMARKS]
#FINAL-01-21#