000
CXUS53 KTOP 010800
CF6CNK
PRELIMINARY LOCAL CLIMATOLOGICAL DATA (WS FORM: F-6)
STATION: Concordia KS
MONTH: OCTOBER
YEAR: 2020
LATITUDE: 39 32 N
LONGITUDE: 97 39 W
TEMPERATURE IN F: :PCPN: SNOW: WIND :SUNSHINE: SKY :PK WND
================================================================================
1 2 3 4 5 6A 6B 7 8 9 10 11 12 13 14 15 16 17 18
12Z AVG MX 2MIN
DY MAX MIN AVG DEP HDD CDD WTR SNW DPTH SPD SPD DIR MIN PSBL S-S WX SPD DR
================================================================================
1 68 46 57 -4 8 0 0.00 0.0 0 9.4 23 340 M M 0 34 340
2 75 36 56 -5 9 0 0.00 0.0 0 7.7 20 180 M M 0 8 27 130
3 69 47 58 -2 7 0 0.00 0.0 0 8.5 20 340 M M 0 27 360
4 74 39 57 -3 8 0 0.00 0.0 0 9.0 21 160 M M 0 27 140
5 85 54 70 10 0 5 0.00 0.0 0 13.7 28 210 M M 0 38 210
6 87 50 69 10 0 4 0.00 0.0 0 7.6 20 210 M M 0 8 25 200
7 94 62 78 19 0 13 0.00 0.0 0 5.9 17 210 M M 0 8 25 210
8 90 56 73 15 0 8 0.00 0.0 0 10.9 25 160 M M 0 8 35 160
9 91 65 78 20 0 13 0.00 0.0 0 16.3 25 190 M M 0 8 37 180
10 85 55 70 12 0 5 0.00 0.0 0 5.9 14 170 M M 0 18 20 160
11 92 60 76 19 0 11 T 0.0 0 19.1 44 330 M M 0 38 61 340
12 76 47 62 5 3 0 0.00 0.0 0 11.4 21 180 M M 1 8 31 10
13 78 53 66 9 0 1 0.00 0.0 0 9.2 20 20 M M 0 8 25 10
14 80 56 68 12 0 3 0.00 0.0 0 14.3 23 350 M M 0 8 31 340
15 62 41 52 -4 13 0 0.00 0.0 0 9.0 20 340 M M 1 8 27 340
16 64 39 52 -4 13 0 0.00 0.0 0 10.7 28 190 M M 2 8 40 180
17 73 49 61 6 4 0 0.00 0.0 0 14.2 28 210 M M 0 38 190
18 53 39 46 -9 19 0 T 0.0 0 13.8 26 20 M M 3 37 20
19 52 40 46 -8 19 0 0.00 0.0 0 6.5 13 150 M M 9 8 17 110
20 55 43 49 -5 16 0 0.00 0.0 0 6.1 14 160 M M 8 8 18 150
21 49 38 44 -10 21 0 0.02 0.0 0 6.8 13 100 M M 7 128 18 100
22 69 39 54 1 11 0 T 0.0 0 13.5 24 360 M M 10 1238 37 360
23 44 34 39 -14 26 0 T 0.0 0 16.5 28 350 M M 9 42 350
24 39 31 35 -17 30 0 0.00 0.0 0 6.4 13 130 M M 10 17 120
25 37 28 33 -19 32 0 0.01 T 0 13.0 23 20 M M 10 18 32 20
26 31 22 27 -25 38 0 0.09 1.2 1 10.9 22 360 M M 9 18 31 360
27 39 23 31 -20 34 0 0.00 0.0 1 5.6 13 310 M M 3 17 320
28 54 30 42 -9 23 0 0.00 0.0 0 6.6 20 10 M M 0 8 28 20
29 53 37 45 -5 20 0 0.00 0.0 0 11.6 24 20 M M 0 8 34 10
30 76 41 59 9 6 0 0.00 0.0 0 7.9 21 180 M M 0 8 29 180
31 73 47 60 10 5 0 0.00 0.0 0 14.8 25 210 M M 0 33 200
================================================================================
SM 2067 1347 365 63 0.12 1.2 322.8 M 82
================================================================================
AV 66.7 43.5 10.4 FASTST M M 3 MAX(MPH)
MISC ----> # 44 330 # 61 340
================================================================================
NOTES:
# LAST OF SEVERAL OCCURRENCES
COLUMN 17 PEAK WIND IN M.P.H.
PRELIMINARY LOCAL CLIMATOLOGICAL DATA (WS FORM: F-6) , PAGE 2
STATION: Concordia KS
MONTH: OCTOBER
YEAR: 2020
LATITUDE: 39 32 N
LONGITUDE: 97 39 W
[TEMPERATURE DATA] [PRECIPITATION DATA] SYMBOLS USED IN COLUMN 16
AVERAGE MONTHLY: 55.1 TOTAL FOR MONTH: 0.12 1 = FOG OR MIST
DPTR FM NORMAL: -0.3 DPTR FM NORMAL: -1.80 2 = FOG REDUCING VISIBILITY
HIGHEST: 94 ON 7 GRTST 24HR 0.09 ON 26-26 TO 1/4 MILE OR LESS
LOWEST: 22 ON 26 3 = THUNDER
SNOW, ICE PELLETS, HAIL 4 = ICE PELLETS
TOTAL MONTH: 1.2 INCHES 5 = HAIL
GRTST 24HR 1.2 ON 26-26 6 = FREEZING RAIN OR DRIZZLE
GRTST DEPTH: 1 ON 27,26 7 = DUSTSTORM OR SANDSTORM:
VSBY 1/2 MILE OR LESS
8 = SMOKE OR HAZE
[NO. OF DAYS WITH] [WEATHER - DAYS WITH] 9 = BLOWING SNOW
X = TORNADO
MAX 32 OR BELOW: 1 0.01 INCH OR MORE: 3
MAX 90 OR ABOVE: 4 0.10 INCH OR MORE: 0
MIN 32 OR BELOW: 5 0.50 INCH OR MORE: 0
MIN 0 OR BELOW: 0 1.00 INCH OR MORE: 0
[HDD (BASE 65) ]
TOTAL THIS MO. 365 CLEAR (SCALE 0-3) 22
DPTR FM NORMAL 47 PTCLDY (SCALE 4-7) 3
TOTAL FM JUL 1 419 CLOUDY (SCALE 8-10) 6
DPTR FM NORMAL 28
[CDD (BASE 65) ]
TOTAL THIS MO. 63
DPTR FM NORMAL 41 [PRESSURE DATA]
TOTAL FM JAN 1 1712 HIGHEST SLP M ON M
DPTR FM NORMAL 364 LOWEST SLP 29.52 ON 11
[REMARKS]
#FINAL-10-20#