000
CXUS54 KMAF 011542
CF6CNM
PRELIMINARY LOCAL CLIMATOLOGICAL DATA (WS FORM: F-6)
STATION: CARLSBAD
MONTH: FEBRUARY
YEAR: 2024
LATITUDE: 32 20 N
LONGITUDE: 104 15 W
TEMPERATURE IN F: :PCPN: SNOW: WIND :SUNSHINE: SKY :PK WND
================================================================================
1 2 3 4 5 6A 6B 7 8 9 10 11 12 13 14 15 16 17 18
12Z AVG MX 2MIN
DY MAX MIN AVG DEP HDD CDD WTR SNW DPTH SPD SPD DIR MIN PSBL S-S WX SPD DR
================================================================================
1 74 36 55 9 10 0 0.00 M M 4.4 18 250 M M 0 23 250
2 68 35 52 6 13 0 0.00 M M 16.1 46 260 M M 1 8 62 250
3 60 43 52 6 13 0 0.00 M M 29.9 52 270 M M 0 63 260
4 65 38 52 5 13 0 0.00 M M 14.1 30 330 M M 0 40 340
5 59 33 46 -1 19 0 0.00 M M 7.0 15 150 M M 0 20 160
6 60 35 48 1 17 0 0.00 M M 8.0 18 170 M M 0 25 170
7 63 45 54 7 11 0 0.00 M M 13.4 44 270 M M 3 55 260
8 62 38 50 3 15 0 0.00 M M 8.8 30 270 M M 0 37 270
9 58 39 49 2 16 0 0.00 M M 5.4 24 270 M M 0 31 270
10 65 34 50 2 15 0 0.00 M M 11.8 33 220 M M 3 41 220
11 45 30 38 -10 27 0 0.01 M M 17.4 40 320 M M 8 12 56 330
12 58 24 41 -7 24 0 0.00 M M 5.0 10 260 M M 0 1 12 170
13 66 26 46 -2 19 0 0.00 M M 5.8 14 120 M M 0 19 120
14 71 28 50 2 15 0 0.00 M M 11.6 31 260 M M 0 40 250
15 73 38 56 8 9 0 0.00 M M 9.1 22 260 M M 0 27 260
16 68 38 53 4 12 0 0.00 M M 11.2 21 350 M M 0 27 270
17 40 30 35 -14 30 0 0.00 M M 8.0 16 80 M M 10 20 80
18 58 25 42 -7 23 0 0.00 M M 7.5 18 150 M M 1 26 140
19 75 27 51 2 14 0 0.00 M M 4.4 15 240 M M 0 20 280
20 81 42 62 13 3 0 0.00 M M 7.3 20 280 M M 0 26 250
21 86 37 62 12 3 0 0.00 M M 14.0 40 250 M M 0 8 55 250
22 72 41 57 7 8 0 0.00 M M 7.3 18 10 M M 0 27 290
23 66 38 52 2 13 0 0.00 M M 6.5 12 190 M M 0 15 350
24 76 37 57 7 8 0 0.00 M M 7.5 23 260 M M 0 29 260
25 87 48 68 18 0 3 0.00 M M 9.2 32 260 M M 0 46 270
26 83 53 68 17 0 3 0.00 M M 11.3 26 260 M M 0 35 260
27 75 56 66 15 0 1 0.00 M M 21.4 43 260 M M 0 8 56 270
28 65 39 52 1 13 0 T M M 10.2 24 290 M M 3 8 31 300
29 56 34 45 -6 20 0 0.21 M M 6.7 17 150 M M 6 1 23 140
================================================================================
SM 1935 1067 383 7 0.22 M 300.3 M 35
================================================================================
AV 66.7 36.8 10.4 FASTST M M 1 MAX(MPH)
MISC ----> 52 270 63 260
================================================================================
NOTES:
# LAST OF SEVERAL OCCURRENCES
COLUMN 17 PEAK WIND IN M.P.H.
PRELIMINARY LOCAL CLIMATOLOGICAL DATA (WS FORM: F-6) , PAGE 2
STATION: CARLSBAD
MONTH: FEBRUARY
YEAR: 2024
LATITUDE: 32 20 N
LONGITUDE: 104 15 W
[TEMPERATURE DATA] [PRECIPITATION DATA] SYMBOLS USED IN COLUMN 16
AVERAGE MONTHLY: 51.8 TOTAL FOR MONTH: 0.22 1 = FOG OR MIST
DPTR FM NORMAL: 3.4 DPTR FM NORMAL: -0.20 2 = FOG REDUCING VISIBILITY
HIGHEST: 87 ON 25 GRTST 24HR 0.21 ON 28-29 TO 1/4 MILE OR LESS
LOWEST: 24 ON 12 3 = THUNDER
SNOW, ICE PELLETS, HAIL 4 = ICE PELLETS
TOTAL MONTH: M 5 = HAIL
GRTST 24HR M ON M 6 = FREEZING RAIN OR DRIZZLE
GRTST DEPTH: M ON M 7 = DUSTSTORM OR SANDSTORM:
VSBY 1/2 MILE OR LESS
8 = SMOKE OR HAZE
[NO. OF DAYS WITH] [WEATHER - DAYS WITH] 9 = BLOWING SNOW
X = TORNADO
MAX 32 OR BELOW: 0 0.01 INCH OR MORE: 2
MAX 90 OR ABOVE: 0 0.10 INCH OR MORE: 1
MIN 32 OR BELOW: 7 0.50 INCH OR MORE: 0
MIN 0 OR BELOW: 0 1.00 INCH OR MORE: 0
[HDD (BASE 65) ]
TOTAL THIS MO. 383 CLEAR (SCALE 0-3) 26
DPTR FM NORMAL -81 PTCLDY (SCALE 4-7) 2
TOTAL FM JUL 1 2050 CLOUDY (SCALE 8-10) 1
DPTR FM NORMAL -303
[CDD (BASE 65) ]
TOTAL THIS MO. 7
DPTR FM NORMAL 6 [PRESSURE DATA]
TOTAL FM JAN 1 7 HIGHEST SLP 30.38 ON 17
DPTR FM NORMAL 6 LOWEST SLP 29.44 ON 3
[REMARKS]
#FINAL-02-24#