000
CXUS56 KSGX 011045
CF6CNO
PRELIMINARY LOCAL CLIMATOLOGICAL DATA (WS FORM: F-6)
STATION: CHINO AIRPORT CA
MONTH: JUNE
YEAR: 2022
LATITUDE: 33 58 N
LONGITUDE: 117 38 W
TEMPERATURE IN F: :PCPN: SNOW: WIND :SUNSHINE: SKY :PK WND
================================================================================
1 2 3 4 5 6A 6B 7 8 9 10 11 12 13 14 15 16 17 18
12Z AVG MX 2MIN
DY MAX MIN AVG DEP HDD CDD WTR SNW DPTH SPD SPD DIR MIN PSBL S-S WX SPD DR
================================================================================
1 96 54 75 5 0 10 0.00 M M 6.4 20 240 M M 0 8 23 240
2 92 57 75 5 0 10 0.00 M M 6.1 21 270 M M 3 18 24 270
3 85 59 72 2 0 7 0.00 M M 7.5 20 240 M M 6 18 23 260
4 83 60 72 1 0 7 0.00 M M 8.0 17 260 M M 6 8 21 260
5 86 63 75 4 0 10 0.00 M M 7.2 17 240 M M 5 8 21 230
6 89 58 74 3 0 9 0.00 M M 5.9 18 240 M M 0 8 23 250
7 92 62 77 6 0 12 0.00 M M 6.7 17 250 M M 2 18 22 270
8 93 62 78 7 0 13 0.00 M M 7.2 17 240 M M 2 18 23 250
9 98 61 80 8 0 15 0.00 M M 7.0 17 280 M M 4 18 24 250
10 99 62 81 9 0 16 0.00 M M 6.9 20 230 M M 2 18 22 230
11 97 61 79 7 0 14 0.00 M M 6.2 20 240 M M 0 18 24 240
12 93 61 77 5 0 12 0.00 M M 7.3 18 280 M M 0 8 25 260
13 85 61 73 1 0 8 0.00 M M 8.0 20 240 M M 5 8 24 240
14 91 62 77 4 0 12 0.00 M M 7.5 20 240 M M 3 8 24 260
15 98 60 79 6 0 14 0.00 M M 7.3 20 240 M M 0 18 23 260
16 95 61 78 5 0 13 0.00 M M 8.7 20 250 M M 1 18 24 250
17 86 60 73 0 0 8 0.00 M M 8.5 21 240 M M 5 8 26 260
18 83 57 70 -4 0 5 0.00 M M 7.4 21 240 M M 3 25 240
19 88 53 71 -3 0 6 0.00 M M 5.4 18 260 M M 0 23 270
20 103 56 80 6 0 15 0.00 M M 6.0 20 240 M M 0 8 27 250
21 98 58 78 4 0 13 0.00 M M 5.5 20 250 M M 1 8 23 250
22 100 66 83 9 0 18 T M M 6.2 17 250 M M 5 38 21 250
23 101 64 83 8 0 18 0.00 M M 6.7 18 250 M M 1 8 25 250
24 104 58 81 6 0 16 0.00 M M 5.5 18 250 M M 0 8 24 250
25 102 55 79 4 0 14 0.00 M M 5.2 18 230 M M 0 8 23 260
26 102 58 80 5 0 15 0.00 M M 6.2 17 260 M M 0 8 21 260
27 107 63 85 9 0 20 0.00 M M 5.5 21 260 M M 1 8 24 260
28 103 64 84 8 0 19 0.00 M M 6.7 22 250 M M 1 8 25 250
29 101 62 82 6 0 17 0.00 M M 6.1 18 250 M M 1 18 22 250
30 97 63 80 4 0 15 0.00 M M 6.7 18 250 M M 1 18 22 260
================================================================================
SM 2847 1801 0 381 T M 201.5 M 58
================================================================================
AV 94.9 60.0 6.7 FASTST M M 2 MAX(MPH)
MISC ----> 22 250 27 250
================================================================================
NOTES:
# LAST OF SEVERAL OCCURRENCES
COLUMN 17 PEAK WIND IN M.P.H.
PRELIMINARY LOCAL CLIMATOLOGICAL DATA (WS FORM: F-6) , PAGE 2
STATION: CHINO AIRPORT CA
MONTH: JUNE
YEAR: 2022
LATITUDE: 33 58 N
LONGITUDE: 117 38 W
[TEMPERATURE DATA] [PRECIPITATION DATA] SYMBOLS USED IN COLUMN 16
AVERAGE MONTHLY: 77.5 TOTAL FOR MONTH: T 1 = FOG OR MIST
DPTR FM NORMAL: 4.5 DPTR FM NORMAL: -0.02 2 = FOG REDUCING VISIBILITY
HIGHEST: 107 ON 27 GRTST 24HR T ON 22-22 TO 1/4 MILE OR LESS
LOWEST: 53 ON 19 3 = THUNDER
SNOW, ICE PELLETS, HAIL 4 = ICE PELLETS
TOTAL MONTH: M 5 = HAIL
GRTST 24HR M ON M 6 = FREEZING RAIN OR DRIZZLE
GRTST DEPTH: M ON M 7 = DUSTSTORM OR SANDSTORM:
VSBY 1/2 MILE OR LESS
8 = SMOKE OR HAZE
[NO. OF DAYS WITH] [WEATHER - DAYS WITH] 9 = BLOWING SNOW
X = TORNADO
MAX 32 OR BELOW: 0 0.01 INCH OR MORE: 0
MAX 90 OR ABOVE: 22 0.10 INCH OR MORE: 0
MIN 32 OR BELOW: 0 0.50 INCH OR MORE: 0
MIN 0 OR BELOW: 0 1.00 INCH OR MORE: 0
[HDD (BASE 65) ]
TOTAL THIS MO. 0 CLEAR (SCALE 0-3) 23
DPTR FM NORMAL -2 PTCLDY (SCALE 4-7) 7
TOTAL FM JUL 1 1133 CLOUDY (SCALE 8-10) 0
DPTR FM NORMAL -252
[CDD (BASE 65) ]
TOTAL THIS MO. 381
DPTR FM NORMAL 137 [PRESSURE DATA]
TOTAL FM JAN 1 614 HIGHEST SLP 30.03 ON 29
DPTR FM NORMAL 190 LOWEST SLP 29.72 ON 16
[REMARKS]
#FINAL-06-22#