000
CXUS53 KICT 041519
CF6CNU
PRELIMINARY LOCAL CLIMATOLOGICAL DATA (WS FORM: F-6)
STATION: CHANUTE KS
MONTH: MARCH
YEAR: 2022
LATITUDE: 37 40 N
LONGITUDE: 95 29 W
TEMPERATURE IN F: :PCPN: SNOW: WIND :SUNSHINE: SKY :PK WND
================================================================================
1 2 3 4 5 6A 6B 7 8 9 10 11 12 13 14 15 16 17 18
12Z AVG MX 2MIN
DY MAX MIN AVG DEP HDD CDD WTR SNW DPTH SPD SPD DIR MIN PSBL S-S WX SPD DR
================================================================================
1 79 36 58 15 7 0 0.00 M M 7.5 16 230 M M 0 21 210
2 83 38 61 18 4 0 0.00 M M 8.1 20 190 M M 0 23 200
3 76 35 56 12 9 0 0.00 M M 6.3 13 70 M M 0 18 70
4 72 41 57 13 8 0 0.00 M M 11.6 26 190 M M 0 8 35 180
5 80 38 59 15 6 0 0.00 M M 19.9 33 200 M M 5 8 48 190
6 45 30 38 -7 27 0 0.22 M M 10.5 21 340 M M 6 13 28 320
7 39 23 31 -14 34 0 0.01 M M 10.4 24 330 M M 7 1 33 310
8 43 18 31 -15 34 0 0.00 M M 1.6 12 220 M M 3 1 14 220
9 50 25 38 -8 27 0 0.00 M M 5.5 15 40 M M 4 8 24 50
10 36 23 30 -16 35 0 0.14 M M 12.6 20 350 M M 10 1 28 50
11 35 21 28 -19 37 0 0.07 M M 8.3 17 350 M M 4 1 26 340
12 42 12 27 -20 38 0 0.00 M M 9.7 21 190 M M 1 27 170
13 69 37 53 6 12 0 0.00 M M 16.4 26 200 M M 0 37 190
14 59 45 52 4 13 0 0.00 M M 12.4 28 180 M M 6 37 200
15 68 41 55 7 10 0 0.00 M M 4.9 14 350 M M 2 1 20 340
16 76 39 58 10 7 0 0.00 M M 11.7 25 200 M M 0 1 34 190
17 80 51 66 17 0 1 0.13 M M 12.3 25 190 M M 2 3 34 190
18 51 40 46 -3 19 0 0.14 M M 14.5 26 320 M M 9 1 38 330
19 71 35 53 4 12 0 0.00 M M 4.6 15 270 M M 0 23 240
20 79 38 59 9 6 0 0.00 M M 12.9 25 190 M M 0 35 180
21 59 50 55 5 10 0 1.79 M M 10.5 20 80 M M 7 13 29 90
22 59 40 50 0 15 0 0.19 M M 12.7 23 330 M M 10 1 34 340
23 42 39 41 -10 24 0 0.01 M M 17.1 26 330 M M 10 42 330
24 45 33 39 -12 26 0 0.00 M M 8.0 16 290 M M 9 21 290
25 57 30 44 -7 21 0 T M M 8.4 23 360 M M 3 31 350
26 63 35 49 -3 16 0 0.00 M M 5.8 16 50 M M 0 21 50
27 58 40 49 -3 16 0 0.00 M M 11.6 20 80 M M 0 27 60
28 70 39 55 3 10 0 0.00 M M 11.9 18 110 M M 0 28 120
29 82 52 67 14 0 2 0.50 M M 20.5 36 180 M M 2 13 48 170
30 65 40 53 0 12 0 0.06 M M 15.4 38 200 M M 9 13 53 200
31 48 34 41 -12 24 0 0.01 M M 10.6 21 310 M M 7 1 28 330
================================================================================
SM 1881 1098 519 3 3.27 M 334.2 M 116
================================================================================
AV 60.7 35.4 10.8 FASTST M M 4 MAX(MPH)
MISC ----> 38 200 53 200
================================================================================
NOTES:
# LAST OF SEVERAL OCCURRENCES
COLUMN 17 PEAK WIND IN M.P.H.
PRELIMINARY LOCAL CLIMATOLOGICAL DATA (WS FORM: F-6) , PAGE 2
STATION: CHANUTE KS
MONTH: MARCH
YEAR: 2022
LATITUDE: 37 40 N
LONGITUDE: 95 29 W
[TEMPERATURE DATA] [PRECIPITATION DATA] SYMBOLS USED IN COLUMN 16
AVERAGE MONTHLY: 48.0 TOTAL FOR MONTH: 3.27 1 = FOG OR MIST
DPTR FM NORMAL: -0.3 DPTR FM NORMAL: 0.77 2 = FOG REDUCING VISIBILITY
HIGHEST: 83 ON 2 GRTST 24HR 1.79 ON 21-21 TO 1/4 MILE OR LESS
LOWEST: 12 ON 12 3 = THUNDER
SNOW, ICE PELLETS, HAIL 4 = ICE PELLETS
TOTAL MONTH: M 5 = HAIL
GRTST 24HR M ON M 6 = FREEZING RAIN OR DRIZZLE
GRTST DEPTH: M ON M 7 = DUSTSTORM OR SANDSTORM:
VSBY 1/2 MILE OR LESS
8 = SMOKE OR HAZE
[NO. OF DAYS WITH] [WEATHER - DAYS WITH] 9 = BLOWING SNOW
X = TORNADO
MAX 32 OR BELOW: 0 0.01 INCH OR MORE: 12
MAX 90 OR ABOVE: 0 0.10 INCH OR MORE: 7
MIN 32 OR BELOW: 8 0.50 INCH OR MORE: 2
MIN 0 OR BELOW: 0 1.00 INCH OR MORE: 1
[HDD (BASE 65) ]
TOTAL THIS MO. 519 CLEAR (SCALE 0-3) 17
DPTR FM NORMAL -6 PTCLDY (SCALE 4-7) 8
TOTAL FM JUL 1 3381 CLOUDY (SCALE 8-10) 6
DPTR FM NORMAL -523
[CDD (BASE 65) ]
TOTAL THIS MO. 3
DPTR FM NORMAL -4 [PRESSURE DATA]
TOTAL FM JAN 1 3 HIGHEST SLP 30.49 ON 12
DPTR FM NORMAL -4 LOWEST SLP 29.35 ON 29
[REMARKS]
#FINAL-03-22#