000
CXUS55 KGJT 011010
CF6CNY
PRELIMINARY LOCAL CLIMATOLOGICAL DATA (WS FORM: F-6)
STATION: CANYONLANDS AIRPORT UT
MONTH: NOVEMBER
YEAR: 2022
LATITUDE: 38 46 N
LONGITUDE: 109 45 W
TEMPERATURE IN F: :PCPN: SNOW: WIND :SUNSHINE: SKY :PK WND
================================================================================
1 2 3 4 5 6A 6B 7 8 9 10 11 12 13 14 15 16 17 18
12Z AVG MX 2MIN
DY MAX MIN AVG DEP HDD CDD WTR SNW DPTH SPD SPD DIR MIN PSBL S-S WX SPD DR
================================================================================
1 57 35 46 0 19 0 0.00 M M 3.8 14 130 M M 0 15 130
2 65 44 55 9 10 0 0.04 M M 14.0 31 220 M M 3 45 220
3 48 33 41 -5 24 0 0.36 M M 6.6 30 250 M M 9 1 39 250
4 44 32 38 -7 27 0 0.00 M M 5.8 15 290 M M 2 19 320
5 52 34 43 -1 22 0 0.00 M M 3.3 10 120 M M 3 17 50
6 57 40 49 5 16 0 0.00 M M 5.3 10 130 M M 6 14 80
7 67 44 56 12 9 0 0.00 M M 11.5 26 190 M M 1 38 170
8 65 44 55 12 10 0 0.00 M M 12.3 31 190 M M 0 46 190
9 58 32 45 2 20 0 0.21 M M 15.3 39 190 M M 4 12 50 220
10 43 26 35 -7 30 0 0.00 M M 5.3 16 290 M M 0 20 290
11 39 22 31 -11 34 0 0.00 M M 2.6 8 330 M M 0 11 310
12 42 23 33 -8 32 0 0.00 M M 2.3 10 330 M M 0 14 50
13 43 22 33 -8 32 0 0.00 M M 4.0 13 280 M M 2 18 280
14 43 24 34 -6 31 0 0.00 M M 4.2 12 270 M M 3 15 250
15 40 22 31 -9 34 0 0.00 M M 5.0 18 70 M M 2 22 90
16 41 18 30 -9 35 0 0.00 M M 3.7 14 310 M M 0 17 300
17 43 16 30 -9 35 0 0.00 M M 2.9 8 150 M M 0 11 150
18 43 21 32 -6 33 0 0.00 M M 7.8 21 60 M M 0 26 70
19 40 13 27 -11 38 0 0.00 M M 3.6 16 70 M M 0 20 70
20 42 14 28 -9 37 0 0.00 M M 1.2 7 330 M M 0 9 310
21 43 13 28 -9 37 0 0.00 M M 2.8 9 310 M M 0 13 300
22 43 15 29 -7 36 0 0.00 M M 2.4 8 320 M M 0 10 330
23 46 15 31 -5 34 0 0.00 M M 3.2 13 340 M M 3 15 340
24 49 20 35 0 30 0 0.00 M M 6.9 21 60 M M 0 26 70
25 50 20 35 0 30 0 0.00 M M 3.5 16 320 M M 0 17 320
26 46 17 32 -2 33 0 0.00 M M 2.3 12 330 M M 3 14 320
27 47 23 35 1 30 0 0.00 M M 3.9 10 250 M M 4 16 200
28 50 19 35 1 30 0 0.00 M M 8.2 25 240 M M 2 33 250
29 38 16 27 -6 38 0 T M M 11.1 30 290 M M 3 44 290
30 40 14 27 -6 38 0 0.00 M M 4.6 12 140 M M 0 14 140
================================================================================
SM 1424 731 864 0 0.61 M 169.4 M 50
================================================================================
AV 47.5 24.4 5.6 FASTST M M 2 MAX(MPH)
MISC ----> 39 190 50 220
================================================================================
NOTES:
# LAST OF SEVERAL OCCURRENCES
COLUMN 17 PEAK WIND IN M.P.H.
PRELIMINARY LOCAL CLIMATOLOGICAL DATA (WS FORM: F-6) , PAGE 2
STATION: CANYONLANDS AIRPORT UT
MONTH: NOVEMBER
YEAR: 2022
LATITUDE: 38 46 N
LONGITUDE: 109 45 W
[TEMPERATURE DATA] [PRECIPITATION DATA] SYMBOLS USED IN COLUMN 16
AVERAGE MONTHLY: 35.9 TOTAL FOR MONTH: 0.61 1 = FOG OR MIST
DPTR FM NORMAL: -3.6 DPTR FM NORMAL: 0.21 2 = FOG REDUCING VISIBILITY
HIGHEST: 67 ON 7 GRTST 24HR 0.38 ON 2- 3 TO 1/4 MILE OR LESS
LOWEST: 13 ON 21,19 3 = THUNDER
SNOW, ICE PELLETS, HAIL 4 = ICE PELLETS
TOTAL MONTH: M 5 = HAIL
GRTST 24HR M ON M 6 = FREEZING RAIN OR DRIZZLE
GRTST DEPTH: M ON M 7 = DUSTSTORM OR SANDSTORM:
VSBY 1/2 MILE OR LESS
8 = SMOKE OR HAZE
[NO. OF DAYS WITH] [WEATHER - DAYS WITH] 9 = BLOWING SNOW
X = TORNADO
MAX 32 OR BELOW: 0 0.01 INCH OR MORE: 3
MAX 90 OR ABOVE: 0 0.10 INCH OR MORE: 2
MIN 32 OR BELOW: 23 0.50 INCH OR MORE: 0
MIN 0 OR BELOW: 0 1.00 INCH OR MORE: 0
[HDD (BASE 65) ]
TOTAL THIS MO. 864 CLEAR (SCALE 0-3) 23
DPTR FM NORMAL 99 PTCLDY (SCALE 4-7) 6
TOTAL FM JUL 1 1191 CLOUDY (SCALE 8-10) 1
DPTR FM NORMAL 36
[CDD (BASE 65) ]
TOTAL THIS MO. 0
DPTR FM NORMAL 0 [PRESSURE DATA]
TOTAL FM JAN 1 1614 HIGHEST SLP 30.63 ON 16
DPTR FM NORMAL 200 LOWEST SLP 29.48 ON 28
[REMARKS]
#FINAL-11-22#