000
CXUS55 KGJT 010910
CF6CNY
PRELIMINARY LOCAL CLIMATOLOGICAL DATA (WS FORM: F-6)
STATION: CANYONLANDS AIRPORT UT
MONTH: OCTOBER
YEAR: 2022
LATITUDE: 38 46 N
LONGITUDE: 109 45 W
TEMPERATURE IN F: :PCPN: SNOW: WIND :SUNSHINE: SKY :PK WND
================================================================================
1 2 3 4 5 6A 6B 7 8 9 10 11 12 13 14 15 16 17 18
12Z AVG MX 2MIN
DY MAX MIN AVG DEP HDD CDD WTR SNW DPTH SPD SPD DIR MIN PSBL S-S WX SPD DR
================================================================================
1 74 51 63 1 2 0 0.24 M M 8.6 29 210 M M 2 13 40 200
2 73 53 63 2 2 0 0.19 M M 9.2 40 320 M M 3 138 53 320
3 71 49 60 -1 5 0 0.00 M M 4.2 13 80 M M 1 16 90
4 74 52 63 3 2 0 0.00 M M 3.5 10 290 M M 1 14 260
5 76 45 61 1 4 0 0.00 M M 4.7 17 50 M M 0 24 50
6 76 44 60 1 5 0 0.00 M M 3.0 9 140 M M 0 13 140
7 77 47 62 3 3 0 0.00 M M 2.2 10 290 M M 0 8 15 330
8 78 47 63 5 2 0 0.00 M M 2.9 10 120 M M 0 16 270
9 77 51 64 6 1 0 0.00 M M 3.6 9 360 M M 0 14 320
10 77 50 64 7 1 0 0.00 M M 3.3 13 280 M M 1 17 270
11 79 43 61 4 4 0 0.00 M M 4.9 18 300 M M 0 26 280
12 78 43 61 5 4 0 0.00 M M 1.3 8 280 M M 0 8 14 310
13 77 41 59 3 6 0 0.00 M M 3.1 10 40 M M 0 16 330
14 76 45 61 6 4 0 0.00 M M 3.5 9 120 M M 0 12 120
15 77 41 59 4 6 0 0.00 M M 3.3 10 360 M M 0 8 15 150
16 70 45 58 4 7 0 0.00 M M 7.0 22 70 M M 0 27 80
17 71 36 54 0 11 0 0.00 M M 2.6 12 330 M M 0 15 340
18 73 38 56 3 9 0 0.00 M M 3.1 10 270 M M 0 17 270
19 74 37 56 3 9 0 0.00 M M 2.7 9 290 M M 0 8 13 70
20 74 36 55 3 10 0 0.00 M M 2.7 10 320 M M 0 8 14 140
21 75 34 55 3 10 0 0.00 M M 6.4 21 210 M M 0 24 210
22 71 48 60 9 5 0 0.38 M M 14.6 31 210 M M 2 13 47 210
23 49 33 41 -10 24 0 0.43 M M 11.1 37 290 M M 7 13 51 310
24 48 30 39 -11 26 0 0.00 M M 4.7 15 290 M M 0 18 290
25 51 30 41 -9 24 0 T M M 3.9 13 110 M M 5 16 120
26 52 38 45 -4 20 0 0.17 M M 4.9 25 300 M M 7 43 280
27 50 32 41 -8 24 0 T M M 6.8 23 60 M M 3 1 31 50
28 51 30 41 -7 24 0 0.00 M M 3.8 14 60 M M 0 20 70
29 50 28 39 -9 26 0 0.00 M M 2.6 8 320 M M 0 9 330
30 58 28 43 -4 22 0 0.00 M M 2.8 10 320 M M 0 12 330
31 59 30 45 -2 20 0 0.00 M M 2.6 9 150 M M 0 13 100
================================================================================
SM 2116 1255 322 0 1.41 M 143.6 M 32
================================================================================
AV 68.3 40.5 4.6 FASTST M M 1 MAX(MPH)
MISC ----> 40 320 53 320
================================================================================
NOTES:
# LAST OF SEVERAL OCCURRENCES
COLUMN 17 PEAK WIND IN M.P.H.
PRELIMINARY LOCAL CLIMATOLOGICAL DATA (WS FORM: F-6) , PAGE 2
STATION: CANYONLANDS AIRPORT UT
MONTH: OCTOBER
YEAR: 2022
LATITUDE: 38 46 N
LONGITUDE: 109 45 W
[TEMPERATURE DATA] [PRECIPITATION DATA] SYMBOLS USED IN COLUMN 16
AVERAGE MONTHLY: 54.4 TOTAL FOR MONTH: 1.41 1 = FOG OR MIST
DPTR FM NORMAL: 0.2 DPTR FM NORMAL: 0.57 2 = FOG REDUCING VISIBILITY
HIGHEST: 79 ON 11 GRTST 24HR 0.81 ON 22-23 TO 1/4 MILE OR LESS
LOWEST: 28 ON 30,29 3 = THUNDER
SNOW, ICE PELLETS, HAIL 4 = ICE PELLETS
TOTAL MONTH: M 5 = HAIL
GRTST 24HR M ON M 6 = FREEZING RAIN OR DRIZZLE
GRTST DEPTH: M ON M 7 = DUSTSTORM OR SANDSTORM:
VSBY 1/2 MILE OR LESS
8 = SMOKE OR HAZE
[NO. OF DAYS WITH] [WEATHER - DAYS WITH] 9 = BLOWING SNOW
X = TORNADO
MAX 32 OR BELOW: 0 0.01 INCH OR MORE: 5
MAX 90 OR ABOVE: 0 0.10 INCH OR MORE: 5
MIN 32 OR BELOW: 7 0.50 INCH OR MORE: 0
MIN 0 OR BELOW: 0 1.00 INCH OR MORE: 0
[HDD (BASE 65) ]
TOTAL THIS MO. 322 CLEAR (SCALE 0-3) 27
DPTR FM NORMAL -22 PTCLDY (SCALE 4-7) 4
TOTAL FM JUL 1 327 CLOUDY (SCALE 8-10) 0
DPTR FM NORMAL -63
[CDD (BASE 65) ]
TOTAL THIS MO. 0
DPTR FM NORMAL -7 [PRESSURE DATA]
TOTAL FM JAN 1 1614 HIGHEST SLP M ON M
DPTR FM NORMAL 200 LOWEST SLP 29.23 ON 23
[REMARKS]
#FINAL-10-22#