000
CXUS51 KGYX 021504
CF6CON
PRELIMINARY LOCAL CLIMATOLOGICAL DATA (WS FORM: F-6)
STATION: CONCORD NH
MONTH: AUGUST
YEAR: 2022
LATITUDE: 43 12 N
LONGITUDE: 71 30 W
TEMPERATURE IN F: :PCPN: SNOW: WIND :SUNSHINE: SKY :PK WND
================================================================================
1 2 3 4 5 6A 6B 7 8 9 10 11 12 13 14 15 16 17 18
12Z AVG MX 2MIN
DY MAX MIN AVG DEP HDD CDD WTR SNW DPTH SPD SPD DIR MIN PSBL S-S WX SPD DR
================================================================================
1 87 62 75 4 0 10 0.00 0.0 0 4.6 13 220 M M 1 18 180
2 91 62 77 6 0 12 T 0.0 0 5.5 17 280 M M 4 1 23 240
3 90 63 77 6 0 12 0.00 0.0 0 4.2 12 240 M M 1 16 150
4 98 60 79 8 0 14 0.00 0.0 0 3.5 20 300 M M 0 3 26 300
5 92 71 82 11 0 17 T 0.0 0 3.1 10 310 M M 1 3 17 260
6 94 68 81 10 0 16 T 0.0 0 4.0 13 250 M M 2 3 18 200
7 93 72 83 12 0 18 0.19 0.0 0 5.8 24 290 M M 3 13 37 290
8 96 69 83 12 0 18 0.25 0.0 0 5.8 25 260 M M 3 13 36 250
9 92 67 80 10 0 15 T 0.0 0 7.0 16 220 M M 5 25 230
10 80 64 72 2 0 7 T 0.0 0 3.5 10 340 M M 9 1 15 40
11 82 61 72 2 0 7 0.00 0.0 0 3.3 13 330 M M 5 19 330
12 77 56 67 -3 0 2 0.00 0.0 0 8.5 17 340 M M 1 25 290
13 78 52 65 -5 0 0 0.00 0.0 0 4.1 14 300 M M 3 23 330
14 84 50 67 -3 0 2 0.00 0.0 0 2.2 9 320 M M 1 17 300
15 85 50 68 -2 0 3 0.00 0.0 0 1.8 12 130 M M 3 15 150
16 85 49 67 -3 0 2 0.00 0.0 0 5.0 17 90 M M 1 22 100
17 78 60 69 -1 0 4 0.06 0.0 0 6.7 20 50 M M 6 1 29 360
18 77 59 68 -1 0 3 0.87 0.0 0 7.8 21 300 M M 9 1 32 290
19 90 55 73 4 0 8 0.00 0.0 0 5.8 17 320 M M 1 24 360
20 92 55 74 5 0 9 0.00 0.0 0 3.7 12 100 M M 2 17 330
21 90 61 76 7 0 11 0.00 0.0 0 6.4 16 160 M M 0 24 110
22 76 61 69 0 0 4 0.96 0.0 0 3.3 14 130 M M 7 1 50 360
23 80 67 74 5 0 9 T 0.0 0 4.0 12 180 M M 8 1 18 190
24 86 64 75 7 0 10 T 0.0 0 3.3 15 330 M M 7 1 21 330
25 90 59 75 7 0 10 0.00 0.0 0 2.3 13 360 M M 1 21 10
26 86 63 75 7 0 10 0.46 0.0 0 3.4 17 350 M M 4 13 26 10
27 82 59 71 3 0 6 0.00 0.0 0 4.6 15 360 M M 6 1 21 330
28 81 57 69 1 0 4 0.00 0.0 0 3.4 12 100 M M 5 12 20 340
29 91 60 76 9 0 11 0.00 0.0 0 5.9 13 190 M M 1 27 210
30 93 68 81 14 0 16 0.00 0.0 0 9.2 17 170 M M 2 27 260
31 82 55 69 2 0 4 0.75 0.0 0 7.5 18 280 M M 3 1 27 270
================================================================================
SM 2678 1879 0 274 3.54 0.0 149.2 M 105
================================================================================
AV 86.4 60.6 4.8 FASTST M M 3 MAX(MPH)
MISC ----> 25 260 50 360
================================================================================
NOTES:
# LAST OF SEVERAL OCCURRENCES
COLUMN 17 PEAK WIND IN M.P.H.
PRELIMINARY LOCAL CLIMATOLOGICAL DATA (WS FORM: F-6) , PAGE 2
STATION: CONCORD NH
MONTH: AUGUST
YEAR: 2022
LATITUDE: 43 12 N
LONGITUDE: 71 30 W
[TEMPERATURE DATA] [PRECIPITATION DATA] SYMBOLS USED IN COLUMN 16
AVERAGE MONTHLY: 73.5 TOTAL FOR MONTH: 3.54 1 = FOG OR MIST
DPTR FM NORMAL: 4.0 DPTR FM NORMAL: -0.09 2 = FOG REDUCING VISIBILITY
HIGHEST: 98 ON 4 GRTST 24HR 0.96 ON 22-22 TO 1/4 MILE OR LESS
LOWEST: 49 ON 16 3 = THUNDER
SNOW, ICE PELLETS, HAIL 4 = ICE PELLETS
TOTAL MONTH: 0.0 INCH 5 = HAIL
GRTST 24HR 0.0 6 = FREEZING RAIN OR DRIZZLE
GRTST DEPTH: 0 7 = DUSTSTORM OR SANDSTORM:
VSBY 1/2 MILE OR LESS
8 = SMOKE OR HAZE
[NO. OF DAYS WITH] [WEATHER - DAYS WITH] 9 = BLOWING SNOW
X = TORNADO
MAX 32 OR BELOW: 0 0.01 INCH OR MORE: 7
MAX 90 OR ABOVE: 14 0.10 INCH OR MORE: 6
MIN 32 OR BELOW: 0 0.50 INCH OR MORE: 3
MIN 0 OR BELOW: 0 1.00 INCH OR MORE: 0
[HDD (BASE 65) ]
TOTAL THIS MO. 0 CLEAR (SCALE 0-3) 18
DPTR FM NORMAL -21 PTCLDY (SCALE 4-7) 10
TOTAL FM JUL 1 2 CLOUDY (SCALE 8-10) 3
DPTR FM NORMAL -27
[CDD (BASE 65) ]
TOTAL THIS MO. 274
DPTR FM NORMAL 115 [PRESSURE DATA]
TOTAL FM JAN 1 617 HIGHEST SLP 30.25 ON 28
DPTR FM NORMAL 142 LOWEST SLP 29.68 ON 31
[REMARKS]
#FINAL-08-22#