000
CXUS55 KPUB 012052
CF6COS
PRELIMINARY LOCAL CLIMATOLOGICAL DATA (WS FORM: F-6)
STATION: COLORADO SPRINGS CO
MONTH: JULY
YEAR: 2023
LATITUDE: 38 49 N
LONGITUDE: 104 43 W
TEMPERATURE IN F: :PCPN: SNOW: WIND :SUNSHINE: SKY :PK WND
================================================================================
1 2 3 4 5 6A 6B 7 8 9 10 11 12 13 14 15 16 17 18
12Z AVG MX 2MIN
DY MAX MIN AVG DEP HDD CDD WTR SNW DPTH SPD SPD DIR MIN PSBL S-S WX SPD DR
================================================================================
1 82 51 67 -4 0 2 0.00 0.0 0 8.4 25 10 M M 2 33 10
2 84 53 69 -2 0 4 0.06 0.0 0 5.6 25 80 M M 3 3 34 230
3 89 55 72 1 0 7 0.00 0.0 0 5.7 18 70 M M 3 25 60
4 83 60 72 0 0 7 0.10 T 0 8.6 26 360 M M 7 35 38 360
5 66 56 61 -11 4 0 0.21 T 0 8.9 20 140 M M 10 135 24 130
6 73 57 65 -7 0 0 0.03 0.0 0 8.5 18 80 M M 9 12 23 70
7 75 58 67 -5 0 2 1.24 T 0 6.5 20 90 M M 7 135 25 50
8 77 56 67 -5 0 2 0.37 0.0 0 9.6 21 70 M M 8 13 29 140
9 79 56 68 -4 0 3 T 0.0 0 6.0 16 130 M M 7 123 28 130
10 86 57 72 0 0 7 T 0.0 0 7.6 44 280 M M 5 123 63 290
11 92 59 76 4 0 11 0.00 0.0 0 5.9 16 100 M M 2 23 130
12 90 65 78 6 0 13 T 0.0 0 10.8 23 60 M M 3 3 29 60
13 90 61 76 3 0 11 0.01 0.0 0 6.2 28 80 M M 3 13 33 90
14 84 61 73 0 0 8 0.11 0.0 0 10.7 29 20 M M 4 13 36 20
15 80 59 70 -3 0 5 T 0.0 0 8.2 22 150 M M 3 3 29 160
16 89 57 73 0 0 8 0.00 0.0 0 7.4 17 350 M M 1 22 340
17 95 58 77 4 0 12 0.00 0.0 0 5.8 16 250 M M 3 28 360
18 94 63 79 6 0 14 0.00 0.0 0 9.4 23 160 M M 5 8 35 310
19 87 62 75 2 0 10 0.39 0.0 0 6.4 38 330 M M 7 138 52 320
20 79 60 70 -3 0 5 0.11 0.0 0 9.6 29 40 M M 6 3 44 20
21 80 57 69 -4 0 4 T 0.0 0 6.1 15 20 M M 6 3 19 30
22 88 58 73 0 0 8 0.00 0.0 0 6.7 20 30 M M 2 27 20
23 93 59 76 3 0 11 T 0.0 0 8.1 35 340 M M 4 3 49 350
24 96 60 78 5 0 13 T 0.0 0 7.8 18 180 M M 5 3 25 10
25 96 64 80 7 0 15 0.08 0.0 0 9.4 26 60 M M 5 3 34 40
26 94 62 78 5 0 13 0.04 0.0 0 8.4 32 20 M M 5 3 38 20
27 92 62 77 5 0 12 T 0.0 0 6.9 36 280 M M 5 3 50 280
28 90 60 75 3 0 10 0.09 0.0 0 8.4 32 360 M M 4 3 41 360
29 86 58 72 0 0 7 T 0.0 0 10.2 25 190 M M 5 3 33 180
30 91 59 75 3 0 10 T 0.0 0 5.8 13 20 M M 5 3 16 140
31 92 64 78 6 0 13 0.02 0.0 0 12.0 31 320 M M 6 3 43 350
================================================================================
SM 2672 1827 4 247 2.86 T 245.6 M 150
================================================================================
AV 86.2 58.9 7.9 FASTST M M 5 MAX(MPH)
MISC ----> 44 280 63 290
================================================================================
NOTES:
COLUMN 17 PEAK WIND IN M.P.H.
PRELIMINARY LOCAL CLIMATOLOGICAL DATA (WS FORM: F-6) , PAGE 2
STATION: COLORADO SPRINGS CO
MONTH: JULY
YEAR: 2023
LATITUDE: 38 49 N
LONGITUDE: 104 43 W
[TEMPERATURE DATA] [PRECIPITATION DATA] SYMBOLS USED IN COLUMN 16
AVERAGE MONTHLY: 72.6 TOTAL FOR MONTH: 2.86 1 = FOG OR MIST
DPTR FM NORMAL: 0.2 DPTR FM NORMAL: -0.26 2 = FOG REDUCING VISIBILITY
HIGHEST: 96 ON 25,24 GRTST 24HR 1.24 ON 7 TO 1/4 MILE OR LESS
LOWEST: 51 ON 1 3 = THUNDER
SNOW, ICE PELLETS, HAIL 4 = ICE PELLETS
TOTAL MONTH: T 5 = HAIL
GRTST 24HR T ON 4,5,7 6 = FREEZING RAIN OR DRIZZLE
GRTST DEPTH: 0 7 = DUSTSTORM OR SANDSTORM:
VSBY 1/2 MILE OR LESS
8 = SMOKE OR HAZE
[NO. OF DAYS WITH] [WEATHER - DAYS WITH] 9 = BLOWING SNOW
X = TORNADO
MAX 32 OR BELOW: 0 0.01 INCH OR MORE: 14
MAX 90 OR ABOVE: 13 0.10 INCH OR MORE: 7
MIN 32 OR BELOW: 0 0.50 INCH OR MORE: 1
MIN 0 OR BELOW: 0 1.00 INCH OR MORE: 1
[HDD (BASE 65) ]
TOTAL THIS MO. 4 CLEAR (SCALE 0-3) 10
DPTR FM NORMAL -2 PTCLDY (SCALE 4-7) 18
TOTAL FM JUL 1 4 CLOUDY (SCALE 8-10) 3
DPTR FM NORMAL 4
[CDD (BASE 65) ]
TOTAL THIS MO. 247
DPTR FM NORMAL 13 [PRESSURE DATA]
TOTAL FM JAN 1 309 HIGHEST SLP 30.22 ON 21
DPTR FM NORMAL -62 LOWEST SLP 29.77 ON 8
[REMARKS]
#FINAL-07-23#