000
CXUS55 KPUB 011559
CF6COS
PRELIMINARY LOCAL CLIMATOLOGICAL DATA (WS FORM: F-6)
STATION: COLORADO SPRINGS CO
MONTH: NOVEMBER
YEAR: 2022
LATITUDE: 38 49 N
LONGITUDE: 104 43 W
TEMPERATURE IN F: :PCPN: SNOW: WIND :SUNSHINE: SKY :PK WND
================================================================================
1 2 3 4 5 6A 6B 7 8 9 10 11 12 13 14 15 16 17 18
12Z AVG MX 2MIN
DY MAX MIN AVG DEP HDD CDD WTR SNW DPTH SPD SPD DIR MIN PSBL S-S WX SPD DR
================================================================================
1 70 36 53 8 12 0 0.00 0.0 0 10.6 28 170 M M 4 35 170
2 71 51 61 17 4 0 0.00 0.0 0 17.7 30 190 M M 5 40 200
3 54 30 42 -2 23 0 T T 0 13.1 23 350 M M 6 1 29 340
4 45 24 35 -9 30 0 0.00 0.0 0 5.8 13 190 M M 4 16 30
5 64 22 43 0 22 0 0.00 0.0 0 11.3 30 300 M M 7 47 270
6 49 34 42 -1 23 0 0.00 0.0 0 11.5 24 170 M M 6 29 150
7 54 29 42 0 23 0 0.00 0.0 0 9.5 17 150 M M 6 12 26 170
8 73 35 54 12 11 0 0.00 0.0 0 10.4 26 190 M M 4 36 180
9 74 38 56 14 9 0 0.00 0.0 0 16.5 37 220 M M 4 49 220
10 52 28 40 -2 25 0 0.02 0.4 0 11.8 36 290 M M 3 47 290
11 33 17 25 -16 40 0 0.01 0.3 1 6.0 16 150 M M 6 1 20 190
12 49 13 31 -10 34 0 0.00 0.0 0 6.2 14 150 M M 4 17 150
13 57 17 37 -3 28 0 0.00 0.0 0 11.7 29 340 M M 5 35 350
14 39 23 31 -9 34 0 0.00 0.0 0 8.5 25 330 M M 7 36 330
15 35 15 25 -15 40 0 T T 0 6.2 14 70 M M 6 19 230
16 42 16 29 -10 36 0 0.00 0.0 0 7.2 16 190 M M 3 22 190
17 36 18 27 -12 38 0 0.03 0.8 0 10.7 22 30 M M 7 29 60
18 20 7 14 -24 51 0 0.09 4.3 3 7.7 16 120 M M 7 1 19 120
19 38 8 23 -15 42 0 0.00 0.0 2 7.1 14 160 M M 1 17 160
20 53 16 35 -3 30 0 0.00 0.0 T 7.2 17 160 M M 0 22 170
21 55 20 38 1 27 0 0.00 0.0 0 7.2 14 160 M M 1 17 140
22 57 24 41 4 24 0 0.00 0.0 0 8.2 17 340 M M 4 21 340
23 59 21 40 3 25 0 0.00 0.0 0 13.9 31 10 M M 5 40 30
24 41 26 34 -2 31 0 T T 0 16.5 32 350 M M 6 45 340
25 55 21 38 2 27 0 0.00 0.0 0 6.1 13 350 M M 1 14 360
26 64 27 46 10 19 0 0.00 0.0 0 14.0 31 20 M M 3 38 20
27 45 29 37 2 28 0 0.01 0.3 0 7.4 15 120 M M 6 1 22 170
28 63 26 45 10 20 0 0.00 0.0 0 9.5 26 250 M M 5 36 240
29 28 7 18 -17 47 0 0.08 1.3 0 7.8 28 340 M M 6 35 340
30 33 8 21 -13 44 0 0.00 0.0 1 4.1 12 90 M M 3 12 13 90
================================================================================
SM 1508 686 847 0 0.24 7.4 291.4 M 135
================================================================================
AV 50.3 22.9 9.7 FASTST M M 5 MAX(MPH)
MISC ----> 37 220 49 220
================================================================================
NOTES:
# LAST OF SEVERAL OCCURRENCES
COLUMN 17 PEAK WIND IN M.P.H.
PRELIMINARY LOCAL CLIMATOLOGICAL DATA (WS FORM: F-6) , PAGE 2
STATION: COLORADO SPRINGS CO
MONTH: NOVEMBER
YEAR: 2022
LATITUDE: 38 49 N
LONGITUDE: 104 43 W
[TEMPERATURE DATA] [PRECIPITATION DATA] SYMBOLS USED IN COLUMN 16
AVERAGE MONTHLY: 36.6 TOTAL FOR MONTH: 0.24 1 = FOG OR MIST
DPTR FM NORMAL: -2.9 DPTR FM NORMAL: -0.13 2 = FOG REDUCING VISIBILITY
HIGHEST: 74 ON 9 GRTST 24HR 0.12 ON 17-18 TO 1/4 MILE OR LESS
LOWEST: 7 ON 29,18 3 = THUNDER
SNOW, ICE PELLETS, HAIL 4 = ICE PELLETS
TOTAL MONTH: 7.4 INCHES 5 = HAIL
GRTST 24HR 5.1 ON 17-18 6 = FREEZING RAIN OR DRIZZLE
GRTST DEPTH: 3 ON 18 7 = DUSTSTORM OR SANDSTORM:
VSBY 1/2 MILE OR LESS
8 = SMOKE OR HAZE
[NO. OF DAYS WITH] [WEATHER - DAYS WITH] 9 = BLOWING SNOW
X = TORNADO
MAX 32 OR BELOW: 2 0.01 INCH OR MORE: 6
MAX 90 OR ABOVE: 0 0.10 INCH OR MORE: 0
MIN 32 OR BELOW: 25 0.50 INCH OR MORE: 0
MIN 0 OR BELOW: 0 1.00 INCH OR MORE: 0
[HDD (BASE 65) ]
TOTAL THIS MO. 847 CLEAR (SCALE 0-3) 8
DPTR FM NORMAL 80 PTCLDY (SCALE 4-7) 22
TOTAL FM JUL 1 1278 CLOUDY (SCALE 8-10) 0
DPTR FM NORMAL -78
[CDD (BASE 65) ]
TOTAL THIS MO. 0
DPTR FM NORMAL 0 [PRESSURE DATA]
TOTAL FM JAN 1 841 HIGHEST SLP 30.58 ON 16
DPTR FM NORMAL 233 LOWEST SLP 29.38 ON 28
[REMARKS]
#FINAL-11-22#