000
CXUS55 KRIW 251838
CF6CPR
PRELIMINARY LOCAL CLIMATOLOGICAL DATA (WS FORM: F-6)
STATION: CASPER WY
MONTH: DECEMBER
YEAR: 2023
LATITUDE: 42 55 N
LONGITUDE: 106 28 W
TEMPERATURE IN F: :PCPN: SNOW: WIND :SUNSHINE: SKY :PK WND
================================================================================
1 2 3 4 5 6A 6B 7 8 9 10 11 12 13 14 15 16 17 18
12Z AVG MX 2MIN
DY MAX MIN AVG DEP HDD CDD WTR SNW DPTH SPD SPD DIR MIN PSBL S-S WX SPD DR
================================================================================
1 32 3 18 -10 47 0 0.00 0.0 0 13.2 29 210 M M 2 36 210
2 33 22 28 1 37 0 0.00 0.0 0 18.7 31 210 M M 3 42 220
3 34 15 25 -2 40 0 0.00 0.0 0 12.7 28 300 M M 2 36 300
4 43 20 32 5 33 0 0.00 0.0 0 12.2 32 210 M M 2 41 220
5 52 35 44 18 21 0 0.00 0.0 0 19.9 29 220 M M 1 38 220
6 56 39 48 22 17 0 0.00 0.0 0 19.2 33 220 M M 0 47 230
7 50 32 41 15 24 0 T 0.0 0 23.3 49 250 M M 3 66 250
8 39 23 31 5 34 0 T T 0 9.7 20 220 M M 4 29 220
9 34 20 27 2 38 0 0.01 0.3 0 10.2 32 210 M M 7 1 43 210
10 44 25 35 10 30 0 0.00 0.0 0 22.1 41 220 M M 3 56 220
11 44 25 35 10 30 0 0.01 T 0 11.5 22 210 M M 4 1 27 210
12 33 20 27 2 38 0 0.00 0.0 T 5.2 13 90 M M 8 1 16 100
13 38 16 27 3 38 0 0.00 0.0 0 4.3 14 90 M M 5 12 18 90
14 43 14 29 5 36 0 0.00 0.0 0 11.7 30 200 M M 2 12 38 200
15 47 23 35 11 30 0 0.00 0.0 0 11.8 20 210 M M 0 25 230
16 51 31 41 17 24 0 0.00 0.0 0 18.4 32 220 M M 0 40 220
17 51 16 34 10 31 0 0.00 0.0 0 10.0 25 220 M M 0 33 220
18 50 16 33 9 32 0 0.00 0.0 0 18.4 31 210 M M 0 38 230
19 55 34 45 21 20 0 0.00 0.0 0 15.2 26 210 M M 1 35 220
20 54 34 44 20 21 0 0.00 0.0 0 12.8 26 220 M M 2 34 220
21 53 29 41 17 24 0 0.00 0.0 0 12.8 24 210 M M 0 31 210
22 49 30 40 16 25 0 0.00 0.0 0 16.2 24 230 M M 0 33 220
23 49 23 36 12 29 0 0.03 0.6 0 14.4 32 10 M M 4 1 41 20
24 25 7 16 -8 49 0 0.01 T T 8.1 17 30 M M 7 18 24 20
25 22 0 11 -13 54 0 0.00 0.0 T 9.9 18 230 M M 3 22 230
26 35 17 26 2 39 0 T 0.1 T 10.9 16 250 M M 9 22 250
27 34 21 28 4 37 0 0.00 0.0 T 15.0 24 210 M M 1 31 210
28 37 23 30 6 35 0 0.00 0.0 0 18.4 28 220 M M 0 37 230
29 42 23 33 9 32 0 0.00 0.0 0 16.8 30 220 M M 0 41 210
30 45 20 33 9 32 0 0.00 0.0 0 14.1 25 210 M M 0 31 210
31 46 10 28 4 37 0 0.00 0.0 0 7.1 20 210 M M 0 24 210
================================================================================
SM 1320 666 1014 0 0.06 1.0 424.2 M 73
================================================================================
AV 42.6 21.5 13.7 FASTST M M 2 MAX(MPH)
MISC ----> 49 250 66 250
================================================================================
NOTES:
# LAST OF SEVERAL OCCURRENCES
COLUMN 17 PEAK WIND IN M.P.H.
PRELIMINARY LOCAL CLIMATOLOGICAL DATA (WS FORM: F-6) , PAGE 2
STATION: CASPER WY
MONTH: DECEMBER
YEAR: 2023
LATITUDE: 42 55 N
LONGITUDE: 106 28 W
[TEMPERATURE DATA] [PRECIPITATION DATA] SYMBOLS USED IN COLUMN 16
AVERAGE MONTHLY: 32.0 TOTAL FOR MONTH: 0.06 1 = FOG OR MIST
DPTR FM NORMAL: 7.2 DPTR FM NORMAL: -0.55 2 = FOG REDUCING VISIBILITY
HIGHEST: 56 ON 6 GRTST 24HR 0.04 ON 23-24 TO 1/4 MILE OR LESS
LOWEST: 0 ON 25 3 = THUNDER
SNOW, ICE PELLETS, HAIL 4 = ICE PELLETS
TOTAL MONTH: 1.0 INCH 5 = HAIL
GRTST 24HR 0.6 ON 23-23 6 = FREEZING RAIN OR DRIZZLE
GRTST DEPTH: T 7 = DUSTSTORM OR SANDSTORM:
VSBY 1/2 MILE OR LESS
8 = SMOKE OR HAZE
[NO. OF DAYS WITH] [WEATHER - DAYS WITH] 9 = BLOWING SNOW
X = TORNADO
MAX 32 OR BELOW: 3 0.01 INCH OR MORE: 4
MAX 90 OR ABOVE: 0 0.10 INCH OR MORE: 0
MIN 32 OR BELOW: 27 0.50 INCH OR MORE: 0
MIN 0 OR BELOW: 1 1.00 INCH OR MORE: 0
[HDD (BASE 65) ]
TOTAL THIS MO. 1014 CLEAR (SCALE 0-3) 22
DPTR FM NORMAL -234 PTCLDY (SCALE 4-7) 8
TOTAL FM JUL 1 2679 CLOUDY (SCALE 8-10) 1
DPTR FM NORMAL -369
[CDD (BASE 65) ]
TOTAL THIS MO. 0
DPTR FM NORMAL 0 [PRESSURE DATA]
TOTAL FM JAN 1 342 HIGHEST SLP 30.49 ON 13
DPTR FM NORMAL -101 LOWEST SLP 29.47 ON 7
[REMARKS]
#FINAL-12-23#