000
CXUS56 KLOX 011155
CF6CQT
PRELIMINARY LOCAL CLIMATOLOGICAL DATA (WS FORM: F-6)
STATION: DOWNTOWN LOS ANGELES (USC) CA
MONTH: JUNE
YEAR: 2023
LATITUDE: 34 1 N
LONGITUDE: 118 17 W
TEMPERATURE IN F: :PCPN: SNOW: WIND :SUNSHINE: SKY :PK WND
================================================================================
1 2 3 4 5 6A 6B 7 8 9 10 11 12 13 14 15 16 17 18
12Z AVG MX 2MIN
DY MAX MIN AVG DEP HDD CDD WTR SNW DPTH SPD SPD DIR MIN PSBL S-S WX SPD DR
================================================================================
1 67 61 64 -3 1 0 0.00 M M 0.6 6 270 M M 10 8 9 260
2 72 60 66 -1 0 1 0.00 M M 1.5 10 260 M M 6 17 270
3 73 58 66 -1 0 1 0.00 M M 1.7 10 260 M M 3 15 270
4 73 61 67 -1 0 2 0.00 M M 1.0 10 260 M M 8 8 17 260
5 68 60 64 -4 1 0 T M M 0.6 7 260 M M 10 18 11 270
6 68 61 65 -3 0 0 T M M 2.4 9 260 M M 9 14 270
7 71 60 66 -2 0 1 T M M 1.4 10 260 M M 7 14 270
8 72 58 65 -3 0 0 0.00 M M 2.3 9 260 M M 3 8 17 260
9 69 60 65 -3 0 0 0.00 M M 2.4 9 260 M M M 1 14 260
10 69 61 65 -3 0 0 0.00 M M 1.6 8 260 M M 9 8 14 260
11 69 62 66 -2 0 1 0.00 M M 1.7 7 270 M M 10 12 260
12 73 62 68 -1 0 3 0.00 M M 1.3 9 260 M M 9 14 270
13 71 61 66 -3 0 1 0.00 M M 1.4 8 270 M M 7 16 270
14 67 60 64 -5 1 0 0.00 M M 1.0 7 260 M M 8 11 270
15 71 63 67 -2 0 2 0.00 M M 1.3 8 260 M M 10 13 270
16 74 63 69 0 0 4 0.00 M M 1.8 9 260 M M 6 15 260
17 79 63 71 1 0 6 0.00 M M 2.2 12 270 M M 6 18 17 270
18 72 63 68 -2 0 3 0.00 M M 1.6 9 260 M M 8 15 260
19 73 62 68 -2 0 3 0.00 M M 1.9 8 270 M M 7 8 14 280
20 76 60 68 -2 0 3 0.00 M M 1.8 10 270 M M 1 16 270
21 79 60 70 0 0 5 0.00 M M 2.3 10 270 M M 0 16 270
22 74 60 67 -3 0 2 0.00 M M 1.6 9 270 M M 3 17 260
23 75 59 67 -3 0 2 0.00 M M 2.4 10 270 M M 3 8 16 260
24 78 58 68 -3 0 3 0.00 M M 0.9 12 260 M M 0 17 260
25 76 60 68 -3 0 3 0.00 M M 1.5 9 270 M M 3 15 270
26 75 59 67 -4 0 2 0.00 M M 1.9 10 260 M M 0 8 15 270
27 77 60 69 -2 0 4 0.00 M M 1.4 8 260 M M 0 14 270
28 76 61 69 -2 0 4 0.00 M M 1.0 9 260 M M 5 8 14 260
29 78 61 70 -2 0 5 0.00 M M 1.5 9 260 M M 3 8 13 270
30 77 59 68 -4 0 3 0.00 M M 1.4 8 280 M M 2 18 13 260
================================================================================
SM 2192 1816 3 64 T M 47.4 M 156
================================================================================
AV 73.1 60.5 1.6 FASTST M M 5 MAX(MPH)
MISC ----> # 12 270 # 17 270
================================================================================
NOTES:
# LAST OF SEVERAL OCCURRENCES
COLUMN 17 PEAK WIND IN M.P.H.
PRELIMINARY LOCAL CLIMATOLOGICAL DATA (WS FORM: F-6) , PAGE 2
STATION: DOWNTOWN LOS ANGELES (USC) CA
MONTH: JUNE
YEAR: 2023
LATITUDE: 34 1 N
LONGITUDE: 118 17 W
[TEMPERATURE DATA] [PRECIPITATION DATA] SYMBOLS USED IN COLUMN 16
AVERAGE MONTHLY: 66.8 TOTAL FOR MONTH: T 1 = FOG OR MIST
DPTR FM NORMAL: -2.5 DPTR FM NORMAL: -0.09 2 = FOG REDUCING VISIBILITY
HIGHEST: 79 ON 21,17 GRTST 24HR T ON 5- 5 TO 1/4 MILE OR LESS
LOWEST: 58 ON 24, 8 3 = THUNDER
SNOW, ICE PELLETS, HAIL 4 = ICE PELLETS
TOTAL MONTH: M 5 = HAIL
GRTST 24HR M ON M 6 = FREEZING RAIN OR DRIZZLE
GRTST DEPTH: M ON M 7 = DUSTSTORM OR SANDSTORM:
VSBY 1/2 MILE OR LESS
8 = SMOKE OR HAZE
[NO. OF DAYS WITH] [WEATHER - DAYS WITH] 9 = BLOWING SNOW
X = TORNADO
MAX 32 OR BELOW: 0 0.01 INCH OR MORE: 0
MAX 90 OR ABOVE: 0 0.10 INCH OR MORE: 0
MIN 32 OR BELOW: 0 0.50 INCH OR MORE: 0
MIN 0 OR BELOW: 0 1.00 INCH OR MORE: 0
[HDD (BASE 65) ]
TOTAL THIS MO. 3 CLEAR (SCALE 0-3) 10
DPTR FM NORMAL -1 PTCLDY (SCALE 4-7) 10
TOTAL FM JUL 1 1273 CLOUDY (SCALE 8-10) 10
DPTR FM NORMAL 272
[CDD (BASE 65) ]
TOTAL THIS MO. 64
DPTR FM NORMAL -70 [PRESSURE DATA]
TOTAL FM JAN 1 105 HIGHEST SLP M ON M
DPTR FM NORMAL -183 LOWEST SLP 29.82 ON 4
[REMARKS]
#FINAL-06-23#