000
CXUS56 KLOX 011155
CF6CQT
PRELIMINARY LOCAL CLIMATOLOGICAL DATA (WS FORM: F-6)
STATION: DOWNTOWN LOS ANGELES (USC) CA
MONTH: OCTOBER
YEAR: 2021
LATITUDE: 34 1 N
LONGITUDE: 118 17 W
TEMPERATURE IN F: :PCPN: SNOW: WIND :SUNSHINE: SKY :PK WND
================================================================================
1 2 3 4 5 6A 6B 7 8 9 10 11 12 13 14 15 16 17 18
12Z AVG MX 2MIN
DY MAX MIN AVG DEP HDD CDD WTR SNW DPTH SPD SPD DIR MIN PSBL S-S WX SPD DR
================================================================================
1 90 59 75 3 0 10 0.00 M M 1.1 8 260 M M 0 8 13 260
2 91 58 75 4 0 10 0.00 M M 1.2 8 260 M M 0 13 270
3 93 61 77 6 0 12 0.00 M M 0.8 10 260 M M 0 14 260
4 86 66 76 5 0 11 0.10 M M 0.8 13 140 M M 2 8 22 130
5 81 64 73 2 0 8 0.02 M M 2.1 10 260 M M 2 18 270
6 74 62 68 -3 0 3 0.00 M M 1.3 8 270 M M 4 18 14 270
7 71 64 68 -3 0 3 T M M 0.3 7 270 M M 9 8 11 270
8 69 60 65 -5 0 0 0.01 M M 1.9 8 260 M M 7 13 270
9 71 55 63 -7 2 0 0.00 M M 0.9 10 260 M M 0 16 260
10 79 55 67 -3 0 2 0.00 M M 0.9 9 270 M M 0 13 270
11 73 57 65 -5 0 0 0.00 M M 3.1 14 320 M M 6 18 27 330
12 70 56 63 -7 2 0 0.00 M M 3.5 10 260 M M 0 19 270
13 73 51 62 -8 3 0 0.00 M M 1.6 9 270 M M 0 8 15 260
14 76 52 64 -6 1 0 0.00 M M 1.1 8 260 M M 0 12 260
15 88 55 72 3 0 7 0.00 M M 0.8 9 260 M M 0 15 270
16 87 58 73 4 0 8 0.00 M M 1.5 8 270 M M 0 16 260
17 75 54 65 -4 0 0 0.00 M M 1.9 12 270 M M 1 19 250
18 67 58 63 -6 2 0 0.04 M M 2.0 9 270 M M 4 1 15 260
19 69 53 61 -8 4 0 0.00 M M 1.5 9 270 M M 0 8 13 270
20 71 53 62 -7 3 0 0.00 M M 1.2 9 260 M M 0 14 270
21 76 52 64 -4 1 0 0.00 M M 1.0 9 260 M M 2 1 14 260
22 68 57 63 -5 2 0 0.00 M M 1.5 9 270 M M 7 18 14 260
23 69 60 65 -3 0 0 0.05 M M 1.5 9 260 M M 8 18 14 260
24 71 59 65 -3 0 0 0.00 M M 0.7 8 260 M M 3 15 260
25 61 54 58 -10 7 0 0.49 M M 2.7 8 270 M M 6 1 16 270
26 70 50 60 -8 5 0 0.00 M M 0.3 9 270 M M 0 1 15 270
27 82 52 67 -1 0 2 0.00 M M 0.8 7 270 M M 0 11 270
28 88 58 73 6 0 8 0.00 M M 0.9 8 270 M M 0 8 13 260
29 85 59 72 5 0 7 0.00 M M 1.2 7 260 M M 0 1 11 270
30 71 58 65 -2 0 0 0.00 M M 0.9 7 260 M M 7 128 12 270
31 68 57 63 -4 2 0 0.00 M M 0.5 7 260 M M 5 18 12 270
================================================================================
SM 2363 1767 34 91 0.71 M 41.5 M 73
================================================================================
AV 76.2 57.0 1.3 FASTST M M 2 MAX(MPH)
MISC ----> 14 320 27 330
================================================================================
NOTES:
# LAST OF SEVERAL OCCURRENCES
COLUMN 17 PEAK WIND IN M.P.H.
PRELIMINARY LOCAL CLIMATOLOGICAL DATA (WS FORM: F-6) , PAGE 2
STATION: DOWNTOWN LOS ANGELES (USC) CA
MONTH: OCTOBER
YEAR: 2021
LATITUDE: 34 1 N
LONGITUDE: 118 17 W
[TEMPERATURE DATA] [PRECIPITATION DATA] SYMBOLS USED IN COLUMN 16
AVERAGE MONTHLY: 66.6 TOTAL FOR MONTH: 0.71 1 = FOG OR MIST
DPTR FM NORMAL: -2.7 DPTR FM NORMAL: 0.13 2 = FOG REDUCING VISIBILITY
HIGHEST: 93 ON 3 GRTST 24HR 0.49 ON 25-25 TO 1/4 MILE OR LESS
LOWEST: 50 ON 26 3 = THUNDER
SNOW, ICE PELLETS, HAIL 4 = ICE PELLETS
TOTAL MONTH: M 5 = HAIL
GRTST 24HR M ON M 6 = FREEZING RAIN OR DRIZZLE
GRTST DEPTH: M ON M 7 = DUSTSTORM OR SANDSTORM:
VSBY 1/2 MILE OR LESS
8 = SMOKE OR HAZE
[NO. OF DAYS WITH] [WEATHER - DAYS WITH] 9 = BLOWING SNOW
X = TORNADO
MAX 32 OR BELOW: 0 0.01 INCH OR MORE: 6
MAX 90 OR ABOVE: 3 0.10 INCH OR MORE: 2
MIN 32 OR BELOW: 0 0.50 INCH OR MORE: 0
MIN 0 OR BELOW: 0 1.00 INCH OR MORE: 0
[HDD (BASE 65) ]
TOTAL THIS MO. 34 CLEAR (SCALE 0-3) 21
DPTR FM NORMAL 19 PTCLDY (SCALE 4-7) 8
TOTAL FM JUL 1 34 CLOUDY (SCALE 8-10) 2
DPTR FM NORMAL 22
[CDD (BASE 65) ]
TOTAL THIS MO. 91
DPTR FM NORMAL -56 [PRESSURE DATA]
TOTAL FM JAN 1 1230 HIGHEST SLP M ON M
DPTR FM NORMAL -24 LOWEST SLP 29.60 ON 11
[REMARKS]
#FINAL-10-21#