000
CXUS56 KLOX 011155
CF6CQT
PRELIMINARY LOCAL CLIMATOLOGICAL DATA (WS FORM: F-6)
STATION: DOWNTOWN LOS ANGELES (USC) CA
MONTH: MAY
YEAR: 2021
LATITUDE: 34 1 N
LONGITUDE: 118 17 W
TEMPERATURE IN F: :PCPN: SNOW: WIND :SUNSHINE: SKY :PK WND
================================================================================
1 2 3 4 5 6A 6B 7 8 9 10 11 12 13 14 15 16 17 18
12Z AVG MX 2MIN
DY MAX MIN AVG DEP HDD CDD WTR SNW DPTH SPD SPD DIR MIN PSBL S-S WX SPD DR
================================================================================
1 76 58 67 2 0 2 0.00 M M 1.3 7 120 M M 2 8 14 270
2 71 60 66 1 0 1 0.00 M M 1.4 9 260 M M 6 16 270
3 72 60 66 1 0 1 0.00 M M 1.8 6 260 M M 3 M M
4 79 60 70 5 0 5 0.00 M M 1.2 7 270 M M 2 8 M M
5 80 59 70 5 0 5 0.00 M M 1.8 9 270 M M 3 18 16 270
6 72 59 66 1 0 1 0.00 M M 1.5 10 280 M M 7 8 17 270
7 69 59 64 -1 1 0 0.00 M M 1.5 8 270 M M 7 15 270
8 72 60 66 1 0 1 0.00 M M 1.9 10 260 M M 4 14 270
9 71 60 66 0 0 1 0.00 M M 1.4 9 260 M M 7 17 270
10 69 61 65 -1 0 0 0.00 M M 1.3 7 260 M M 8 12 270
11 72 62 67 1 0 2 0.00 M M 1.2 9 270 M M 7 16 260
12 73 61 67 1 0 2 0.00 M M 1.9 10 270 M M 7 M M
13 67 61 64 -2 1 0 0.00 M M 1.9 6 99 M M 10 M M
14 73 60 67 1 0 2 0.00 M M 1.9 8 270 M M 6 M M
15 70 61 66 0 0 1 0.00 M M 1.9 9 260 M M 9 M M
16 66 58 62 -4 3 0 0.00 M M 1.0 6 250 M M 10 M M
17 68 60 64 -2 1 0 0.00 M M 1.9 6 260 M M 8 M M
18 72 59 66 0 0 1 0.00 M M 1.4 7 99 M M 4 M M
19 75 60 68 2 0 3 0.00 M M 2.0 6 250 M M 3 M M
20 71 58 65 -1 0 0 0.00 M M 0.6 8 260 M M 8 M M
21 75 56 66 0 0 1 0.00 M M 2.3 9 260 M M 3 17 99
22 70 54 62 -4 3 0 0.00 M M 2.3 10 270 M M 3 16 270
23 72 54 63 -3 2 0 0.00 M M 1.9 9 270 M M 0 16 270
24 84 55 70 4 0 5 0.00 M M 1.6 9 270 M M 0 8 16 260
25 85 62 74 8 0 9 0.00 M M 1.2 6 250 M M 0 M M
26 79 63 71 4 0 6 0.00 M M 1.2 8 260 M M 2 8 13 110
27 74 62 68 1 0 3 0.00 M M 2.0 8 270 M M 4 15 270
28 73 59 66 -1 0 1 0.00 M M 1.6 10 260 M M 3 8 17 250
29 71 60 66 -1 0 1 0.00 M M 0.9 8 260 M M 7 13 270
30 71 61 66 -1 0 1 0.00 M M 1.2 6 250 M M 7 14 270
31 74 62 68 1 0 3 0.00 M M 1.4 9 260 M M 5 14 260
================================================================================
SM 2266 1844 11 58 0.00 M 48.3 M 155
================================================================================
AV 73.1 59.5 1.6 FASTST M M 5 MAX(MPH)
MISC ----> # 10 270 17 99
================================================================================
NOTES:
# LAST OF SEVERAL OCCURRENCES
COLUMN 17 PEAK WIND IN M.P.H.
PRELIMINARY LOCAL CLIMATOLOGICAL DATA (WS FORM: F-6) , PAGE 2
STATION: DOWNTOWN LOS ANGELES (USC) CA
MONTH: MAY
YEAR: 2021
LATITUDE: 34 1 N
LONGITUDE: 118 17 W
[TEMPERATURE DATA] [PRECIPITATION DATA] SYMBOLS USED IN COLUMN 16
AVERAGE MONTHLY: 66.3 TOTAL FOR MONTH: 0.00 1 = FOG OR MIST
DPTR FM NORMAL: 0.4 DPTR FM NORMAL: -0.32 2 = FOG REDUCING VISIBILITY
HIGHEST: 85 ON 25 GRTST 24HR 0.00 ON 1- 1 TO 1/4 MILE OR LESS
LOWEST: 54 ON 23,22 3 = THUNDER
SNOW, ICE PELLETS, HAIL 4 = ICE PELLETS
TOTAL MONTH: M 5 = HAIL
GRTST 24HR M ON M 6 = FREEZING RAIN OR DRIZZLE
GRTST DEPTH: M ON M 7 = DUSTSTORM OR SANDSTORM:
VSBY 1/2 MILE OR LESS
8 = SMOKE OR HAZE
[NO. OF DAYS WITH] [WEATHER - DAYS WITH] 9 = BLOWING SNOW
X = TORNADO
MAX 32 OR BELOW: 0 0.01 INCH OR MORE: 0
MAX 90 OR ABOVE: 0 0.10 INCH OR MORE: 0
MIN 32 OR BELOW: 0 0.50 INCH OR MORE: 0
MIN 0 OR BELOW: 0 1.00 INCH OR MORE: 0
[HDD (BASE 65) ]
TOTAL THIS MO. 11 CLEAR (SCALE 0-3) 11
DPTR FM NORMAL -28 PTCLDY (SCALE 4-7) 15
TOTAL FM JUL 1 819 CLOUDY (SCALE 8-10) 5
DPTR FM NORMAL -183
[CDD (BASE 65) ]
TOTAL THIS MO. 58
DPTR FM NORMAL -9 [PRESSURE DATA]
TOTAL FM JAN 1 142 HIGHEST SLP M ON M
DPTR FM NORMAL -12 LOWEST SLP 29.79 ON 2
[REMARKS]
#FINAL-05-21#