000
CXUS56 KLOX 011155
CF6CQT
PRELIMINARY LOCAL CLIMATOLOGICAL DATA (WS FORM: F-6)
STATION: DOWNTOWN LOS ANGELES (USC) CA
MONTH: MARCH
YEAR: 2021
LATITUDE: 34 1 N
LONGITUDE: 118 17 W
TEMPERATURE IN F: :PCPN: SNOW: WIND :SUNSHINE: SKY :PK WND
================================================================================
1 2 3 4 5 6A 6B 7 8 9 10 11 12 13 14 15 16 17 18
12Z AVG MX 2MIN
DY MAX MIN AVG DEP HDD CDD WTR SNW DPTH SPD SPD DIR MIN PSBL S-S WX SPD DR
================================================================================
1 76 50 63 3 2 0 0.00 M M 2.3 9 270 M M 0 16 260
2 76 49 63 3 2 0 0.00 M M 1.8 9 260 M M 0 15 280
3 58 48 53 -7 12 0 0.16 M M 4.2 17 90 M M 4 30 90
4 67 46 57 -3 8 0 0.00 M M 1.6 9 260 M M 0 8 17 270
5 78 49 64 4 1 0 0.00 M M 1.1 8 270 M M 0 14 260
6 69 51 60 0 5 0 0.00 M M 2.3 8 260 M M 2 14 260
7 64 55 60 0 5 0 0.00 M M 0.9 8 260 M M 8 13 260
8 66 54 60 0 5 0 0.00 M M 2.2 12 260 M M 4 18 260
9 63 48 56 -4 9 0 0.00 M M 2.6 15 260 M M 2 30 260
10 59 47 53 -7 12 0 0.83 M M 2.2 12 90 M M 7 1 18 270
11 58 46 52 -8 13 0 0.12 M M 2.8 10 260 M M 5 1 17 250
12 60 44 52 -8 13 0 T M M 1.8 10 260 M M 1 18 270
13 64 46 55 -5 10 0 0.00 M M 1.4 9 260 M M 2 16 270
14 64 53 59 -1 6 0 0.00 M M 2.1 8 260 M M 9 14 270
15 58 47 53 -7 12 0 0.30 M M 3.1 10 260 M M 6 1 23 99
16 61 45 53 -8 12 0 0.00 M M 2.0 8 270 M M 0 M M
17 67 45 56 -5 9 0 0.00 M M 1.4 7 260 M M 0 M M
18 66 51 59 -2 6 0 0.00 M M 1.1 9 260 M M 0 M M
19 72 50 61 0 4 0 0.00 M M 2.1 9 250 M M 0 M M
20 68 55 62 1 3 0 0.00 M M 1.9 10 270 M M 5 18 260
21 69 49 59 -2 6 0 0.00 M M 1.3 8 340 M M 0 16 330
22 69 53 61 0 4 0 0.00 M M 2.3 9 280 M M 0 14 270
23 71 52 62 1 3 0 0.00 M M 4.1 13 260 M M 3 28 270
24 73 55 64 3 1 0 0.00 M M 4.3 12 260 M M 0 24 250
25 64 52 58 -3 7 0 0.00 M M 3.8 9 260 M M 6 M M
26 65 51 58 -3 7 0 0.00 M M 2.5 12 260 M M 2 19 270
27 76 49 63 2 2 0 0.00 M M 1.1 7 260 M M 0 M M
28 86 53 70 9 0 5 0.00 M M 1.5 10 270 M M 0 16 270
29 80 54 67 6 0 2 0.00 M M 1.1 7 260 M M 0 12 260
30 75 56 66 5 0 1 0.00 M M 2.3 8 260 M M 3 8 13 270
31 88 54 71 9 0 6 0.00 M M 0.6 10 270 M M 0 15 260
================================================================================
SM 2130 1557 179 14 1.41 M 65.7 M 69
================================================================================
AV 68.7 50.2 2.1 FASTST M M 2 MAX(MPH)
MISC ----> 17 90 # 30 90
================================================================================
NOTES:
# LAST OF SEVERAL OCCURRENCES
COLUMN 17 PEAK WIND IN M.P.H.
PRELIMINARY LOCAL CLIMATOLOGICAL DATA (WS FORM: F-6) , PAGE 2
STATION: DOWNTOWN LOS ANGELES (USC) CA
MONTH: MARCH
YEAR: 2021
LATITUDE: 34 1 N
LONGITUDE: 118 17 W
[TEMPERATURE DATA] [PRECIPITATION DATA] SYMBOLS USED IN COLUMN 16
AVERAGE MONTHLY: 59.5 TOTAL FOR MONTH: 1.41 1 = FOG OR MIST
DPTR FM NORMAL: -1.1 DPTR FM NORMAL: -1.02 2 = FOG REDUCING VISIBILITY
HIGHEST: 88 ON 31 GRTST 24HR 0.94 ON 10-11 TO 1/4 MILE OR LESS
LOWEST: 44 ON 12 3 = THUNDER
SNOW, ICE PELLETS, HAIL 4 = ICE PELLETS
TOTAL MONTH: M 5 = HAIL
GRTST 24HR M ON M 6 = FREEZING RAIN OR DRIZZLE
GRTST DEPTH: M ON M 7 = DUSTSTORM OR SANDSTORM:
VSBY 1/2 MILE OR LESS
8 = SMOKE OR HAZE
[NO. OF DAYS WITH] [WEATHER - DAYS WITH] 9 = BLOWING SNOW
X = TORNADO
MAX 32 OR BELOW: 0 0.01 INCH OR MORE: 4
MAX 90 OR ABOVE: 0 0.10 INCH OR MORE: 4
MIN 32 OR BELOW: 0 0.50 INCH OR MORE: 1
MIN 0 OR BELOW: 0 1.00 INCH OR MORE: 0
[HDD (BASE 65) ]
TOTAL THIS MO. 179 CLEAR (SCALE 0-3) 22
DPTR FM NORMAL 22 PTCLDY (SCALE 4-7) 8
TOTAL FM JUL 1 755 CLOUDY (SCALE 8-10) 1
DPTR FM NORMAL -179
[CDD (BASE 65) ]
TOTAL THIS MO. 14
DPTR FM NORMAL -6 [PRESSURE DATA]
TOTAL FM JAN 1 35 HIGHEST SLP M ON M
DPTR FM NORMAL -8 LOWEST SLP 29.76 ON 23
[REMARKS]
#FINAL-03-21#